000
CXUS53 KIND 010600
CF6MIE
PRELIMINARY LOCAL CLIMATOLOGICAL DATA (WS FORM: F-6)
STATION: MUNCIE IN
MONTH: SEPTEMBER
YEAR: 2021
LATITUDE: 40 13 N
LONGITUDE: 85 23 W
TEMPERATURE IN F: :PCPN: SNOW: WIND :SUNSHINE: SKY :PK WND
================================================================================
1 2 3 4 5 6A 6B 7 8 9 10 11 12 13 14 15 16 17 18
12Z AVG MX 2MIN
DY MAX MIN AVG DEP HDD CDD WTR SNW DPTH SPD SPD DIR MIN PSBL S-S WX SPD DR
================================================================================
1 80 59 70 -2 0 5 0.00 M M 11.1 20 20 M M 3 29 60
2 79 54 67 -4 0 2 0.00 M M 3.7 12 60 M M 0 15 60
3 80 54 67 -4 0 2 T M M 4.2 12 130 M M 1 16 120
4 76 66 71 0 0 6 0.97 M M 7.0 20 250 M M 9 18 30 220
5 80 61 71 0 0 6 0.04 M M 6.4 13 320 M M 5 1 20 330
6 84 62 73 3 0 8 0.01 M M 6.4 16 280 M M 3 22 260
7 86 66 76 6 0 11 0.05 M M 10.8 22 300 M M 2 36 250
8 81 61 71 1 0 6 0.00 M M 8.3 18 290 M M 3 28 240
9 77 55 66 -4 0 1 0.00 M M 4.7 15 310 M M 2 20 340
10 80 51 66 -3 0 1 0.00 M M 2.3 9 250 M M 0 18 13 250
11 84 63 74 5 0 9 0.00 M M 10.4 20 220 M M 2 34 230
12 90 70 80 11 0 15 0.00 M M 11.4 18 230 M M 0 30 240
13 88 70 79 11 0 14 0.00 M M 7.4 15 240 M M 0 23 230
14 90 67 79 11 0 14 1.29 M M 10.7 29 320 M M 2 13 43 330
15 79 58 69 1 0 4 T M M 4.0 12 180 M M 4 18 17 340
16 83 54 69 2 0 4 0.00 M M 3.5 12 90 M M 1 18 15 70
17 88 64 76 9 0 11 0.00 M M 2.9 8 260 M M 1 18 13 250
18 91 65 78 11 0 13 0.00 M M 2.0 10 100 M M 1 1 15 80
19 89 62 76 10 0 11 0.00 M M 4.8 10 150 M M 0 18 18 170
20 75 70 73 7 0 8 0.14 M M 9.6 17 180 M M 7 1 27 190
21 79 61 70 4 0 5 0.25 M M 8.9 23 350 M M 8 1 32 360
22 60 54 57 -8 8 0 2.06 M M 13.4 23 10 M M 10 1 35 10
23 64 50 57 -8 8 0 0.08 M M 8.4 20 270 M M 8 28 290
24 76 49 63 -1 2 0 0.00 M M 8.2 17 240 M M 0 22 250
25 71 56 64 0 1 0 0.28 M M 9.4 25 270 M M 5 1 26 290
26 78 52 65 1 0 0 0.00 M M 8.9 18 240 M M 0 24 240
27 87 65 76 13 0 11 0.00 M M 12.4 20 240 M M 0 33 190
28 81 59 70 7 0 5 0.00 M M 5.1 13 30 M M 0 16 10
29 85 52 69 7 0 4 0.00 M M 3.2 9 100 M M 0 14 150
30 85 52 69 7 0 4 0.00 M M 4.1 10 70 M M 0 13 30
================================================================================
SM 2426 1782 19 180 5.17 M 213.6 M 77
================================================================================
AV 80.9 59.4 7.1 FASTST M M 3 MAX(MPH)
MISC ----> 29 320 43 330
================================================================================
NOTES:
# LAST OF SEVERAL OCCURRENCES
COLUMN 17 PEAK WIND IN M.P.H.
PRELIMINARY LOCAL CLIMATOLOGICAL DATA (WS FORM: F-6) , PAGE 2
STATION: MUNCIE IN
MONTH: SEPTEMBER
YEAR: 2021
LATITUDE: 40 13 N
LONGITUDE: 85 23 W
[TEMPERATURE DATA] [PRECIPITATION DATA] SYMBOLS USED IN COLUMN 16
AVERAGE MONTHLY: 70.1 TOTAL FOR MONTH: 5.17 1 = FOG OR MIST
DPTR FM NORMAL: 2.9 DPTR FM NORMAL: 2.08 2 = FOG REDUCING VISIBILITY
HIGHEST: 91 ON 18 GRTST 24HR 2.15 ON 21-22 TO 1/4 MILE OR LESS
LOWEST: 49 ON 24 3 = THUNDER
SNOW, ICE PELLETS, HAIL 4 = ICE PELLETS
TOTAL MONTH: M 5 = HAIL
GRTST 24HR M ON M 6 = FREEZING RAIN OR DRIZZLE
GRTST DEPTH: M ON M 7 = DUSTSTORM OR SANDSTORM:
VSBY 1/2 MILE OR LESS
8 = SMOKE OR HAZE
[NO. OF DAYS WITH] [WEATHER - DAYS WITH] 9 = BLOWING SNOW
X = TORNADO
MAX 32 OR BELOW: 0 0.01 INCH OR MORE: 10
MAX 90 OR ABOVE: 3 0.10 INCH OR MORE: 6
MIN 32 OR BELOW: 0 0.50 INCH OR MORE: 3
MIN 0 OR BELOW: 0 1.00 INCH OR MORE: 2
[HDD (BASE 65) ]
TOTAL THIS MO. 19 CLEAR (SCALE 0-3) 22
DPTR FM NORMAL -47 PTCLDY (SCALE 4-7) 4
TOTAL FM JUL 1 19 CLOUDY (SCALE 8-10) 4
DPTR FM NORMAL -52
[CDD (BASE 65) ]
TOTAL THIS MO. 180
DPTR FM NORMAL 46 [PRESSURE DATA]
TOTAL FM JAN 1 1353 HIGHEST SLP M ON M
DPTR FM NORMAL 210 LOWEST SLP 29.70 ON 7
[REMARKS]
#FINAL-09-21#