879
CXHW52 PHFO 011250
CF6MKK
PRELIMINARY LOCAL CLIMATOLOGICAL DATA (WS FORM: F-6)
STATION: MOLOKAI HI
MONTH: MAY
YEAR: 2020
LATITUDE: 21 8 N
LONGITUDE: 157 6 W
TEMPERATURE IN F: :PCPN: SNOW: WIND :SUNSHINE: SKY :PK WND
================================================================================
1 2 3 4 5 6A 6B 7 8 9 10 11 12 13 14 15 16 17 18
12Z AVG MX 2MIN
DY MAX MIN AVG DEP HDD CDD WTR SNW DPTH SPD SPD DIR MIN PSBL S-S WX SPD DR
================================================================================
1 78 71 75 2 0 10 0.09 0.0 M 15.0 25 50 M M M 18 36 40
2 82 71 77 4 0 12 0.04 0.0 M 14.4 23 30 M M M 1 34 40
3 80 70 75 2 0 10 0.01 0.0 M 15.3 25 50 M M M 1 38 50
4 81 73 77 4 0 12 T 0.0 M 15.2 25 50 M M M 37 50
5 83 71 77 4 0 12 0.00 0.0 M 12.5 23 50 M M M 31 50
6 81 64 73 0 0 8 0.00 0.0 M 9.7 18 40 M M M 28 30
7 80 70 75 2 0 10 T 0.0 M 11.8 22 30 M M M 30 40
8 80 71 76 2 0 11 T 0.0 M 12.8 23 30 M M M 31 30
9 81 71 76 2 0 11 0.00 0.0 M 13.3 21 30 M M M 30 40
10 83 69 76 2 0 11 0.00 0.0 M 11.1 21 50 M M M 31 50
11 84 67 76 2 0 11 T 0.0 M 11.5 23 50 M M M 31 40
12 80 69 75 1 0 10 T 0.0 M 10.5 21 50 M M M 8 28 60
13 87 67 77 3 0 12 0.00 0.0 M 5.1 14 30 M M M 19 280
14 84 63 74 0 0 9 0.60 0.0 M 5.1 13 360 M M M 1 17 10
15 85 64 75 1 0 10 0.00 0.0 M 8.1 20 50 M M M 26 50
16 85 68 77 3 0 12 0.00 0.0 M 10.1 20 40 M M M 30 30
17 86 71 79 5 0 14 0.00 0.0 M 11.8 21 50 M M M 28 30
18 83 72 78 4 0 13 T 0.0 M 11.7 25 50 M M M 18 33 50
19 83 70 77 3 0 12 T 0.0 M 12.5 26 50 M M M 36 50
20 84 72 78 4 0 13 0.00 0.0 M 14.3 25 50 M M M 35 60
21 84 73 79 5 0 14 T 0.0 M 12.3 24 40 M M M 35 50
22 83 72 78 3 0 13 0.01 0.0 M 13.0 25 50 M M M 36 70
23 85 69 77 2 0 12 0.02 0.0 M 6.6 20 50 M M M 1 27 40
24 86 67 77 2 0 12 0.00 0.0 M 7.8 20 50 M M M 27 50
25 84 62 73 -2 0 8 0.00 0.0 M 5.4 16 160 M M M 21 130
26 84 66 75 0 0 10 0.00 0.0 M 5.3 14 170 M M M 20 190
27 86 66 76 1 0 11 0.03 0.0 M 8.3 25 70 M M M 30 70
28 84 71 78 3 0 13 0.00 0.0 M 12.7 24 50 M M M 32 50
29 86 73 80 5 0 15 0.00 0.0 M 11.4 22 50 M M M 32 50
30 84 72 78 3 0 13 0.00 0.0 M 11.7 22 60 M M M 30 60
31 83 68 76 0 0 11 0.03 0.0 M 11.1 22 50 M M M 8 31 40
================================================================================
SM 2579 2143 0 355 0.83 0.0 337.4 M M
================================================================================
AV 83.2 69.1 10.9 FASTST M M 0 MAX(MPH)
MISC ----> # 26 50 # 38 50
================================================================================
NOTES:
# LAST OF SEVERAL OCCURRENCES
COLUMN 17 PEAK WIND IN M.P.H.
PRELIMINARY LOCAL CLIMATOLOGICAL DATA (WS FORM: F-6) , PAGE 2
STATION: MOLOKAI HI
MONTH: MAY
YEAR: 2020
LATITUDE: 21 8 N
LONGITUDE: 157 6 W
[TEMPERATURE DATA] [PRECIPITATION DATA] SYMBOLS USED IN COLUMN 16
AVERAGE MONTHLY: 76.2 TOTAL FOR MONTH: 0.83 1 = FOG OR MIST
DPTR FM NORMAL: 2.0 DPTR FM NORMAL: -0.28 2 = FOG REDUCING VISIBILITY
HIGHEST: 87 ON 13 GRTST 24HR 0.60 ON 14-14 TO 1/4 MILE OR LESS
LOWEST: 62 ON 25 3 = THUNDER
SNOW, ICE PELLETS, HAIL 4 = ICE PELLETS
TOTAL MONTH: 0.0 INCH 5 = HAIL
GRTST 24HR 0.0 6 = FREEZING RAIN OR DRIZZLE
GRTST DEPTH: M ON M 7 = DUSTSTORM OR SANDSTORM:
VSBY 1/2 MILE OR LESS
8 = SMOKE OR HAZE
[NO. OF DAYS WITH] [WEATHER - DAYS WITH] 9 = BLOWING SNOW
X = TORNADO
MAX 32 OR BELOW: 0 0.01 INCH OR MORE: 8
MAX 90 OR ABOVE: 0 0.10 INCH OR MORE: 1
MIN 32 OR BELOW: 0 0.50 INCH OR MORE: 1
MIN 0 OR BELOW: 0 1.00 INCH OR MORE: 0
[HDD (BASE 65) ]
TOTAL THIS MO. 0 CLEAR (SCALE 0-3) 0
DPTR FM NORMAL 0 PTCLDY (SCALE 4-7) 0
TOTAL FM JUL 1 0 CLOUDY (SCALE 8-10) 0
DPTR FM NORMAL -3
[CDD (BASE 65) ]
TOTAL THIS MO. 355
DPTR FM NORMAL 71 [PRESSURE DATA]
TOTAL FM JAN 1 1334 HIGHEST SLP 30.24 ON 2
DPTR FM NORMAL 312 LOWEST SLP 29.98 ON 13
[REMARKS]
#FINAL-05-20#