000
CXUS54 KMEG 131001
CF6MKL
PRELIMINARY LOCAL CLIMATOLOGICAL DATA (WS FORM: F-6)
STATION: JACKSON
MONTH: FEBRUARY
YEAR: 2023
LATITUDE: 35 35 N
LONGITUDE: 88 55 W
TEMPERATURE IN F: :PCPN: SNOW: WIND :SUNSHINE: SKY :PK WND
================================================================================
1 2 3 4 5 6A 6B 7 8 9 10 11 12 13 14 15 16 17 18
12Z AVG MX 2MIN
DY MAX MIN AVG DEP HDD CDD WTR SNW DPTH SPD SPD DIR MIN PSBL S-S WX SPD DR
================================================================================
1 31 24 28 -12 37 0 0.05 M M 7.1 14 360 M M 10 146 17 10
2 33 29 31 -9 34 0 0.04 M M 3.8 9 360 M M 8 146 11 340
3 36 22 29 -11 36 0 0.00 M M 6.5 17 10 M M 0 1 22 30
4 47 20 34 -6 31 0 0.00 M M 4.9 15 180 M M 0 1 22 180
5 61 32 47 7 18 0 0.00 M M 8.3 23 230 M M 0 1 29 230
6 67 27 47 6 18 0 0.00 M M 4.9 15 190 M M 0 1 21 170
7 70 50 60 19 5 0 0.00 M M 7.3 15 210 M M 3 22 240
8 69 53 61 20 4 0 0.20 M M 9.0 24 180 M M 9 1 38 180
9 66 36 51 10 14 0 0.12 M M 13.4 30 240 M M 6 1 42 230
10 54 30 42 0 23 0 0.00 M M 9.0 18 350 M M 4 22 30
11 53 37 45 3 20 0 0.00 M M 12.4 18 30 M M 4 23 20
12 57 28 43 1 22 0 0.00 M M 6.9 15 330 M M 0 20 320
13 66 27 47 5 18 0 0.00 M M 6.9 16 290 M M 0 8 22 280
14 65 34 50 8 15 0 0.10 M M 9.2 24 170 M M 3 36 190
15 72 56 64 21 1 0 0.38 M M 8.6 16 190 M M 4 13 26 200
16 70 38 54 11 11 0 0.56 M M 14.1 23 190 M M 10 13 32 210
17 44 24 34 -9 31 0 0.00 M M 12.0 23 320 M M 5 30 310
18 54 19 37 -7 28 0 0.00 M M 3.1 9 120 M M 0 14 110
19 65 33 49 5 16 0 0.00 M M 10.4 22 200 M M 1 30 200
20 69 48 59 15 6 0 0.03 M M 9.6 22 240 M M 3 29 250
21 67 40 54 10 11 0 0.00 M M 4.6 15 190 M M 4 12 20 200
22 78 60 69 25 0 4 0.54 M M 12.8 30 200 M M 7 13 40 230
23 78 53 66 21 0 1 0.00 M M 10.9 23 250 M M 7 26 250
24 53 39 46 1 19 0 0.34 M M 9.8 21 30 M M 9 1 25 30
25 47 42 45 0 20 0 0.40 M M 3.0 12 340 M M 10 1 14 330
26 61 46 54 8 11 0 0.04 M M 3.9 12 300 M M 8 1 14 290
27 75 55 65 19 0 0 0.06 M M 16.6 36 240 M M 3 1 48 230
28 77 41 59 13 6 0 0.00 M M 6.0 15 230 M M 0 20 200
================================================================================
SM 1685 1043 455 5 2.86 M 235.0 M 118
================================================================================
AV 60.2 37.3 8.4 FASTST M M 4 MAX(MPH)
MISC ----> 36 240 48 230
================================================================================
NOTES:
# LAST OF SEVERAL OCCURRENCES
COLUMN 17 PEAK WIND IN M.P.H.
PRELIMINARY LOCAL CLIMATOLOGICAL DATA (WS FORM: F-6) , PAGE 2
STATION: JACKSON
MONTH: FEBRUARY
YEAR: 2023
LATITUDE: 35 35 N
LONGITUDE: 88 55 W
[TEMPERATURE DATA] [PRECIPITATION DATA] SYMBOLS USED IN COLUMN 16
AVERAGE MONTHLY: 48.7 TOTAL FOR MONTH: 2.86 1 = FOG OR MIST
DPTR FM NORMAL: 6.0 DPTR FM NORMAL: -1.54 2 = FOG REDUCING VISIBILITY
HIGHEST: 78 ON 23,22 GRTST 24HR 0.94 ON 15-16 TO 1/4 MILE OR LESS
LOWEST: 19 ON 18 3 = THUNDER
SNOW, ICE PELLETS, HAIL 4 = ICE PELLETS
TOTAL MONTH: M 5 = HAIL
GRTST 24HR M ON M 6 = FREEZING RAIN OR DRIZZLE
GRTST DEPTH: M ON M 7 = DUSTSTORM OR SANDSTORM:
VSBY 1/2 MILE OR LESS
8 = SMOKE OR HAZE
[NO. OF DAYS WITH] [WEATHER - DAYS WITH] 9 = BLOWING SNOW
X = TORNADO
MAX 32 OR BELOW: 1 0.01 INCH OR MORE: 13
MAX 90 OR ABOVE: 0 0.10 INCH OR MORE: 8
MIN 32 OR BELOW: 11 0.50 INCH OR MORE: 2
MIN 0 OR BELOW: 0 1.00 INCH OR MORE: 0
[HDD (BASE 65) ]
TOTAL THIS MO. 455 CLEAR (SCALE 0-3) 13
DPTR FM NORMAL -169 PTCLDY (SCALE 4-7) 9
TOTAL FM JUL 1 2483 CLOUDY (SCALE 8-10) 6
DPTR FM NORMAL -352
[CDD (BASE 65) ]
TOTAL THIS MO. 5
DPTR FM NORMAL 4 [PRESSURE DATA]
TOTAL FM JAN 1 6 HIGHEST SLP 30.60 ON 3
DPTR FM NORMAL 6 LOWEST SLP 29.53 ON 27
[REMARKS]
#FINAL-02-23#