000
CXUS54 KMEG 010900
CF6MKL
PRELIMINARY LOCAL CLIMATOLOGICAL DATA (WS FORM: F-6)
STATION: JACKSON
MONTH: AUGUST
YEAR: 2022
LATITUDE: 35 35 N
LONGITUDE: 88 55 W
TEMPERATURE IN F: :PCPN: SNOW: WIND :SUNSHINE: SKY :PK WND
================================================================================
1 2 3 4 5 6A 6B 7 8 9 10 11 12 13 14 15 16 17 18
12Z AVG MX 2MIN
DY MAX MIN AVG DEP HDD CDD WTR SNW DPTH SPD SPD DIR MIN PSBL S-S WX SPD DR
================================================================================
1 92 71 82 2 0 17 T M M 8.1 17 240 M M 3 1 24 240
2 94 70 82 2 0 17 0.16 M M 5.1 26 110 M M 2 38 40 120
3 92 71 82 3 0 17 0.00 M M 5.1 13 210 M M 0 18 16 210
4 89 74 82 3 0 17 0.00 M M 5.1 16 260 M M 3 13 19 260
5 82 74 78 -1 0 13 1.02 M M 2.5 15 260 M M 5 13 20 270
6 93 72 83 4 0 18 0.00 M M 4.0 13 200 M M 1 1 16 190
7 94 73 84 5 0 19 0.00 M M 5.9 13 200 M M 1 8 16 250
8 92 72 82 3 0 17 0.24 M M 6.7 18 350 M M 2 13 24 350
9 91 71 81 2 0 16 2.20 M M 4.5 25 190 M M 4 123 34 200
10 88 69 79 0 0 14 0.65 M M 3.1 12 180 M M 4 13 16 150
11 89 72 81 2 0 16 0.01 M M 3.7 14 360 M M 7 1 17 10
12 87 67 77 -2 0 12 0.00 M M 5.6 16 20 M M 0 1 25 20
13 86 60 73 -6 0 8 0.00 M M 2.2 8 340 M M 0 18 11 30
14 89 60 75 -4 0 10 0.00 M M 4.1 15 260 M M 0 1 19 260
15 87 69 78 -1 0 13 0.00 M M 6.1 13 360 M M 2 16 340
16 76 65 71 -8 0 6 0.16 M M 3.6 15 360 M M 4 13 16 10
17 79 64 72 -6 0 7 0.05 M M 2.7 8 300 M M 5 1 9 300
18 86 61 74 -4 0 9 0.00 M M 2.7 10 10 M M 1 12 12 10
19 89 63 76 -2 0 11 0.00 M M 1.5 8 360 M M 4 1 10 360
20 84 67 76 -2 0 11 0.50 M M 3.5 14 160 M M 4 13 24 160
21 82 69 76 -2 0 11 1.09 M M 6.8 25 300 M M 2 13 34 310
22 87 67 77 -1 0 12 0.00 M M 2.8 12 340 M M 5 1 14 330
23 85 64 75 -3 0 10 0.00 M M 2.2 9 90 M M 2 12 12 40
24 86 66 76 -2 0 11 0.00 M M 2.5 8 150 M M 7 128 12 110
25 89 67 78 1 0 13 0.00 M M 1.9 7 150 M M 1 1 9 150
26 91 68 80 3 0 15 0.00 M M 2.6 10 270 M M 1 18 16 10
27 93 68 81 4 0 16 0.00 M M 0.4 7 110 M M 0 1 8 110
28 92 70 81 4 0 16 0.16 M M 4.6 16 190 M M 2 13 25 200
29 89 73 81 4 0 16 0.08 M M 4.6 20 360 M M 3 13 24 10
30 88 68 78 2 0 13 0.99 M M 4.1 17 360 M M 3 13 19 300
31 87 62 75 -1 0 10 0.00 M M 3.1 12 30 M M 0 18 16 10
================================================================================
SM 2728 2107 0 411 7.31 M 121.4 M 78
================================================================================
AV 88.0 68.0 3.9 FASTST M M 3 MAX(MPH)
MISC ----> 26 110 40 120
================================================================================
NOTES:
# LAST OF SEVERAL OCCURRENCES
COLUMN 17 PEAK WIND IN M.P.H.
PRELIMINARY LOCAL CLIMATOLOGICAL DATA (WS FORM: F-6) , PAGE 2
STATION: JACKSON
MONTH: AUGUST
YEAR: 2022
LATITUDE: 35 35 N
LONGITUDE: 88 55 W
[TEMPERATURE DATA] [PRECIPITATION DATA] SYMBOLS USED IN COLUMN 16
AVERAGE MONTHLY: 78.0 TOTAL FOR MONTH: 7.31 1 = FOG OR MIST
DPTR FM NORMAL: -0.3 DPTR FM NORMAL: 3.78 2 = FOG REDUCING VISIBILITY
HIGHEST: 94 ON 7, 2 GRTST 24HR 2.43 ON 8- 9 TO 1/4 MILE OR LESS
LOWEST: 60 ON 14,13 3 = THUNDER
SNOW, ICE PELLETS, HAIL 4 = ICE PELLETS
TOTAL MONTH: M 5 = HAIL
GRTST 24HR M ON M 6 = FREEZING RAIN OR DRIZZLE
GRTST DEPTH: M ON M 7 = DUSTSTORM OR SANDSTORM:
VSBY 1/2 MILE OR LESS
8 = SMOKE OR HAZE
[NO. OF DAYS WITH] [WEATHER - DAYS WITH] 9 = BLOWING SNOW
X = TORNADO
MAX 32 OR BELOW: 0 0.01 INCH OR MORE: 13
MAX 90 OR ABOVE: 10 0.10 INCH OR MORE: 10
MIN 32 OR BELOW: 0 0.50 INCH OR MORE: 6
MIN 0 OR BELOW: 0 1.00 INCH OR MORE: 3
[HDD (BASE 65) ]
TOTAL THIS MO. 0 CLEAR (SCALE 0-3) 20
DPTR FM NORMAL 0 PTCLDY (SCALE 4-7) 11
TOTAL FM JUL 1 0 CLOUDY (SCALE 8-10) 0
DPTR FM NORMAL 0
[CDD (BASE 65) ]
TOTAL THIS MO. 411
DPTR FM NORMAL -1 [PRESSURE DATA]
TOTAL FM JAN 1 1589 HIGHEST SLP 30.20 ON 7
DPTR FM NORMAL 156 LOWEST SLP 29.87 ON 28
[REMARKS]
#FINAL-08-22#