000
CXUS54 KFWD 010730
CF6MKN
PRELIMINARY LOCAL CLIMATOLOGICAL DATA (WS FORM: F-6)
STATION: COMANCHE
MONTH: SEPTEMBER
YEAR: 2022
LATITUDE: 31 55 N
LONGITUDE: 98 36 W
TEMPERATURE IN F: :PCPN: SNOW: WIND :SUNSHINE: SKY :PK WND
================================================================================
1 2 3 4 5 6A 6B 7 8 9 10 11 12 13 14 15 16 17 18
12Z AVG MX 2MIN
DY MAX MIN AVG DEP HDD CDD WTR SNW DPTH SPD SPD DIR MIN PSBL S-S WX SPD DR
================================================================================
1 86 71 79 M 0 14 0.31 M M 3.2 10 140 M M 4 M M
2 89 72 81 M 0 16 0.52 M M 4.1 15 120 M M 4 3 25 120
3 94 69 82 M 0 17 0.20 M M 4.4 13 200 M M 3 29 0
4 99 66 83 M 0 18 0.11 M M 4.7 16 60 M M 3 3 36 60
5 93 69 81 M 0 16 0.06 M M 4.7 10 180 M M 2 3 23 170
6 99 70 85 M 0 20 T M M 4.7 10 280 M M 1 3 29 280
7 98 69 84 M 0 19 0.00 M M 3.5 9 40 M M 1 17 60
8 98 69 84 M 0 19 0.00 M M 4.9 8 360 M M 1 M M
9 98 66 82 M 0 17 0.00 M M 3.9 8 120 M M 1 M M
10 96 66 81 M 0 16 0.00 M M 3.6 13 30 M M 2 17 30
11 84 64 74 M 0 9 0.00 M M 6.6 14 360 M M 1 20 360
12 94 64 79 M 0 14 0.00 M M 3.2 9 130 M M 2 M M
13 99 65 82 M 0 17 0.00 M M 5.9 9 190 M M 2 M M
14 95 66 81 M 0 16 0.00 M M 6.9 13 150 M M 1 8 16 140
15 94 61 78 M 0 13 0.00 M M 7.3 13 130 M M 0 18 130
16 96 69 83 M 0 18 0.00 M M 8.3 14 150 M M 1 20 190
17 97 74 86 M 0 21 0.00 M M 10.6 17 190 M M 1 22 190
18 98 73 86 M 0 21 0.00 M M 9.4 15 210 M M 0 20 210
19 100 69 85 M 0 20 0.00 M M 5.8 9 150 M M 1 17 160
20 100 73 87 M 0 22 0.00 M M 6.8 13 180 M M 1 17 140
21 101 72 87 M 0 22 0.00 M M 5.8 12 130 M M 1 18 110
22 102 74 88 M 0 23 0.00 M M 4.7 10 220 M M 4 M M
23 100 67 84 M 0 19 0.00 M M 5.6 15 210 M M 2 20 160
24 98 72 85 M 0 20 0.00 M M 7.6 12 190 M M 0 18 190
25 101 71 86 M 0 21 0.02 M M 5.3 14 200 M M 2 18 200
26 88 63 76 M 0 11 0.00 M M 6.6 14 10 M M 0 22 30
27 96 61 79 M 0 14 0.00 M M 3.5 8 190 M M 0 M M
28 96 61 79 M 0 14 0.00 M M 5.6 9 210 M M 0 M M
29 98 60 79 M 0 14 0.00 M M 6.7 13 200 M M 0 20 350
30 91 56 74 M 0 9 0.00 M M 6.4 12 150 M M 0 17 100
================================================================================
SM 2878 2022 0 510 1.22 M 170.4 M 41
================================================================================
AV 95.9 67.4 5.7 FASTST M M 1 MAX(MPH)
MISC ----> 17 190 36 60
================================================================================
NOTES:
# LAST OF SEVERAL OCCURRENCES
COLUMN 17 PEAK WIND IN M.P.H.
PRELIMINARY LOCAL CLIMATOLOGICAL DATA (WS FORM: F-6) , PAGE 2
STATION: COMANCHE
MONTH: SEPTEMBER
YEAR: 2022
LATITUDE: 31 55 N
LONGITUDE: 98 36 W
[TEMPERATURE DATA] [PRECIPITATION DATA] SYMBOLS USED IN COLUMN 16
AVERAGE MONTHLY: 81.7 TOTAL FOR MONTH: 1.22 1 = FOG OR MIST
DPTR FM NORMAL: 0.0 DPTR FM NORMAL: -1.67 2 = FOG REDUCING VISIBILITY
HIGHEST: 102 ON 22 GRTST 24HR 0.52 ON 2- 2 TO 1/4 MILE OR LESS
LOWEST: 56 ON 30 3 = THUNDER
SNOW, ICE PELLETS, HAIL 4 = ICE PELLETS
TOTAL MONTH: M 5 = HAIL
GRTST 24HR M ON M 6 = FREEZING RAIN OR DRIZZLE
GRTST DEPTH: M ON M 7 = DUSTSTORM OR SANDSTORM:
VSBY 1/2 MILE OR LESS
8 = SMOKE OR HAZE
[NO. OF DAYS WITH] [WEATHER - DAYS WITH] 9 = BLOWING SNOW
X = TORNADO
MAX 32 OR BELOW: 0 0.01 INCH OR MORE: 6
MAX 90 OR ABOVE: 26 0.10 INCH OR MORE: 4
MIN 32 OR BELOW: 0 0.50 INCH OR MORE: 1
MIN 0 OR BELOW: 0 1.00 INCH OR MORE: 0
[HDD (BASE 65) ]
TOTAL THIS MO. 0 CLEAR (SCALE 0-3) 27
DPTR FM NORMAL M PTCLDY (SCALE 4-7) 3
TOTAL FM JUL 1 0 CLOUDY (SCALE 8-10) 0
DPTR FM NORMAL M
[CDD (BASE 65) ]
TOTAL THIS MO. 510
DPTR FM NORMAL M [PRESSURE DATA]
TOTAL FM JAN 1 2819 HIGHEST SLP M ON M
DPTR FM NORMAL M LOWEST SLP M ON M
[REMARKS]
#FINAL-09-22#