000
CXUS54 KTSA 011113
CF6MLC
PRELIMINARY LOCAL CLIMATOLOGICAL DATA (WS FORM: F-6)
STATION: MCALESTER OKLAHOMA
MONTH: MARCH
YEAR: 2020
LATITUDE: 34 52 N
LONGITUDE: 95 47 W
TEMPERATURE IN F: :PCPN: SNOW: WIND :SUNSHINE: SKY :PK WND
================================================================================
1 2 3 4 5 6A 6B 7 8 9 10 11 12 13 14 15 16 17 18
12Z AVG MX 2MIN
DY MAX MIN AVG DEP HDD CDD WTR SNW DPTH SPD SPD DIR MIN PSBL S-S WX SPD DR
================================================================================
1 74 57 66 17 0 1 0.00 0.0 0 13.0 22 190 M M 5 44 190
2 69 46 58 9 7 0 0.00 0.0 0 5.8 14 190 M M 4 25 200
3 69 41 55 6 10 0 0.00 0.0 0 3.8 13 60 M M 3 20 80
4 60 41 51 1 14 0 0.00 0.0 0 6.0 16 20 M M 4 27 30
5 71 30 51 1 14 0 0.00 0.0 0 6.5 22 350 M M 2 1 32 350
6 64 29 47 -3 18 0 0.00 0.0 0 4.6 16 20 M M 2 23 30
7 67 34 51 0 14 0 0.00 0.0 0 8.4 17 190 M M 2 30 170
8 62 48 55 4 10 0 0.00 0.0 0 9.8 17 190 M M 4 31 190
9 75 46 61 10 4 0 0.16 0.0 0 11.5 23 210 M M 7 13 37 150
10 75 44 60 8 5 0 0.00 0.0 0 4.8 12 20 M M 6 17 20
11 79 63 71 19 0 6 0.00 0.0 0 6.2 17 210 M M 2 30 210
12 88 62 75 23 0 10 0.00 0.0 0 12.0 28 220 M M 3 38 210
13 63 47 55 3 10 0 1.22 0.0 0 9.0 20 350 M M 8 13 29 90
14 51 46 49 -4 16 0 0.63 0.0 0 7.7 20 330 M M 10 13 28 30
15 53 46 50 -3 15 0 T 0.0 0 7.5 16 10 M M 10 1 21 10
16 55 48 52 -1 13 0 0.57 0.0 0 3.8 23 130 M M 10 13 42 130
17 57 51 54 0 11 0 0.96 0.0 0 5.7 15 300 M M 10 13 19 290
18 76 55 66 12 0 1 0.84 0.0 0 9.6 21 210 M M 5 13 33 300
19 76 61 69 15 0 4 0.82 0.0 0 10.2 22 250 M M 6 13 34 210
20 62 37 50 -4 15 0 0.00 0.0 0 11.7 22 350 M M 7 31 310
21 60 37 49 -6 16 0 0.00 0.0 0 5.9 14 20 M M 1 19 20
22 58 46 52 -3 13 0 T 0.0 0 4.0 12 140 M M 10 1 22 140
23 68 53 61 6 4 0 T 0.0 0 3.5 13 150 M M 8 1 23 120
24 79 52 66 10 0 1 T 0.0 0 6.4 16 350 M M 7 1 29 190
25 83 47 65 9 0 0 0.00 0.0 0 6.6 20 210 M M 2 28 200
26 94 68 81 25 0 16 0.00 0.0 0 11.6 21 210 M M 1 31 210
27 76 71 74 18 0 9 T 0.0 0 10.0 20 220 M M 4 28 190
28 77 55 66 10 0 1 0.03 0.0 0 11.1 24 260 M M 1 3 33 260
29 75 39 57 0 8 0 0.00 0.0 0 1.9 15 330 M M 2 19 320
30 62 51 57 0 8 0 0.98 0.0 0 4.5 14 90 M M 8 13 25 110
31 66 45 56 -1 9 0 0.04 0.0 0 5.9 14 20 M M 7 1 20 360
================================================================================
SM 2144 1496 234 49 6.25 0.0 229.0 M 161
================================================================================
AV 69.2 48.3 7.4 FASTST M M 5 MAX(MPH)
MISC ----> # 28 220 # 44 190
================================================================================
NOTES:
# LAST OF SEVERAL OCCURRENCES
COLUMN 17 PEAK WIND IN M.P.H.
PRELIMINARY LOCAL CLIMATOLOGICAL DATA (WS FORM: F-6) , PAGE 2
STATION: MCALESTER OKLAHOMA
MONTH: MARCH
YEAR: 2020
LATITUDE: 34 52 N
LONGITUDE: 95 47 W
[TEMPERATURE DATA] [PRECIPITATION DATA] SYMBOLS USED IN COLUMN 16
AVERAGE MONTHLY: 58.7 TOTAL FOR MONTH: 6.25 1 = FOG OR MIST
DPTR FM NORMAL: 5.5 DPTR FM NORMAL: 2.70 2 = FOG REDUCING VISIBILITY
HIGHEST: 94 ON 26 GRTST 24HR 1.22 ON 13-13 TO 1/4 MILE OR LESS
LOWEST: 29 ON 6 3 = THUNDER
SNOW, ICE PELLETS, HAIL 4 = ICE PELLETS
TOTAL MONTH: 0.0 INCH 5 = HAIL
GRTST 24HR 0.0 6 = FREEZING RAIN OR DRIZZLE
GRTST DEPTH: 0 7 = DUSTSTORM OR SANDSTORM:
VSBY 1/2 MILE OR LESS
8 = SMOKE OR HAZE
[NO. OF DAYS WITH] [WEATHER - DAYS WITH] 9 = BLOWING SNOW
X = TORNADO
MAX 32 OR BELOW: 0 0.01 INCH OR MORE: 10
MAX 90 OR ABOVE: 1 0.10 INCH OR MORE: 8
MIN 32 OR BELOW: 2 0.50 INCH OR MORE: 7
MIN 0 OR BELOW: 0 1.00 INCH OR MORE: 1
[HDD (BASE 65) ]
TOTAL THIS MO. 234 CLEAR (SCALE 0-3) 10
DPTR FM NORMAL -147 PTCLDY (SCALE 4-7) 14
TOTAL FM JUL 1 2704 CLOUDY (SCALE 8-10) 7
DPTR FM NORMAL -286
[CDD (BASE 65) ]
TOTAL THIS MO. 49
DPTR FM NORMAL 34 [PRESSURE DATA]
TOTAL FM JAN 1 49 HIGHEST SLP 30.58 ON 6
DPTR FM NORMAL 31 LOWEST SLP 29.58 ON 27
[REMARKS]
#FINAL-03-20#