000
CXUS53 KDVN 011100
CF6MLI
PRELIMINARY LOCAL CLIMATOLOGICAL DATA (WS FORM: F-6)
STATION: MOLINE IL
MONTH: DECEMBER
YEAR: 2020
LATITUDE: 41 27 N
LONGITUDE: 90 31 W
TEMPERATURE IN F: :PCPN: SNOW: WIND :SUNSHINE: SKY :PK WND
================================================================================
1 2 3 4 5 6A 6B 7 8 9 10 11 12 13 14 15 16 17 18
12Z AVG MX 2MIN
DY MAX MIN AVG DEP HDD CDD WTR SNW DPTH SPD SPD DIR MIN PSBL S-S WX SPD DR
================================================================================
1 39 16 28 -4 37 0 0.00 0.0 0 4.4 12 310 M M 0 8 16 280
2 47 16 32 1 33 0 0.00 0.0 0 1.0 6 240 M M 0 9 250
3 45 21 33 2 32 0 0.00 0.0 0 6.8 15 250 M M 0 20 270
4 47 25 36 6 29 0 0.00 0.0 0 6.7 13 300 M M 0 17 280
5 47 19 33 3 32 0 0.00 0.0 0 2.0 8 170 M M 1 18 11 140
6 44 31 38 8 27 0 T T T 4.0 9 270 M M 7 18 13 270
7 36 33 35 6 30 0 0.00 0.0 0 4.3 12 310 M M 10 13 310
8 37 32 35 6 30 0 0.00 0.0 0 7.1 15 250 M M 8 18 22 250
9 58 29 44 16 21 0 0.00 0.0 0 3.6 10 250 M M 0 18 14 250
10 62 23 43 15 22 0 0.00 0.0 0 2.8 12 230 M M 0 18 16 160
11 43 31 37 9 28 0 0.70 0.0 0 12.0 26 60 M M 7 18 36 60
12 37 31 34 7 31 0 0.58 3.2 0 8.1 20 50 M M 10 128 29 50
13 35 27 31 4 34 0 0.00 0.0 3 7.1 21 280 M M 7 28 280
14 29 22 26 -1 39 0 0.00 0.0 2 8.6 16 310 M M 2 20 300
15 30 22 26 0 39 0 0.00 0.0 2 8.1 14 90 M M 0 19 40
16 32 21 27 1 38 0 0.00 0.0 2 4.6 10 310 M M 7 18 14 310
17 34 17 26 0 39 0 0.00 0.0 1 3.1 9 170 M M 4 18 12 250
18 42 29 36 10 29 0 0.00 0.0 1 11.7 21 190 M M 5 8 31 180
19 43 32 38 13 27 0 0.00 0.0 0 8.9 20 190 M M 10 18 29 200
20 41 26 34 9 31 0 0.00 0.0 0 6.2 16 240 M M 3 18 20 240
21 49 32 41 16 24 0 0.00 0.0 0 16.4 32 280 M M 4 47 310
22 48 20 34 9 31 0 0.00 0.0 0 9.1 26 170 M M 2 41 180
23 63 17 40 16 25 0 T T 0 22.6 36 210 M M 7 8 52 210
24 17 8 13 -11 52 0 T T 0 18.3 36 270 M M 5 8 52 280
25 23 6 15 -9 50 0 0.01 0.1 T 10.0 18 310 M M 1 8 26 310
26 40 17 29 5 36 0 0.00 0.0 0 4.5 12 250 M M 0 14 260
27 50 21 36 12 29 0 0.06 0.8 0 9.5 21 300 M M 2 1 31 300
28 28 11 20 -4 45 0 0.00 0.0 1 8.6 21 310 M M 4 27 320
29 34 11 23 -1 42 0 1.34 6.2 T 10.1 24 120 M M 6 1268 33 120
30 35 22 29 6 36 0 0.12 0.0 4 14.7 25 270 M M 9 168 35 270
31 28 20 24 1 41 0 0.00 0.0 4 5.1 15 80 M M 10 18 18 70
================================================================================
SM 1243 688 1039 0 2.81 10.3 250.0 M 131
================================================================================
AV 40.1 22.2 8.1 FASTST M M 4 MAX(MPH)
MISC ----> # 36 210 # 52 210
================================================================================
NOTES:
# LAST OF SEVERAL OCCURRENCES
COLUMN 17 PEAK WIND IN M.P.H.
PRELIMINARY LOCAL CLIMATOLOGICAL DATA (WS FORM: F-6) , PAGE 2
STATION: MOLINE IL
MONTH: DECEMBER
YEAR: 2020
LATITUDE: 41 27 N
LONGITUDE: 90 31 W
[TEMPERATURE DATA] [PRECIPITATION DATA] SYMBOLS USED IN COLUMN 16
AVERAGE MONTHLY: 31.1 TOTAL FOR MONTH: 2.81 1 = FOG OR MIST
DPTR FM NORMAL: 4.5 DPTR FM NORMAL: 0.63 2 = FOG REDUCING VISIBILITY
HIGHEST: 63 ON 23 GRTST 24HR 1.42 ON 29-30 TO 1/4 MILE OR LESS
LOWEST: 6 ON 25 3 = THUNDER
SNOW, ICE PELLETS, HAIL 4 = ICE PELLETS
TOTAL MONTH: 10.3 INCHES 5 = HAIL
GRTST 24HR 6.2 ON 29-29 6 = FREEZING RAIN OR DRIZZLE
GRTST DEPTH: 4 ON 31,30 7 = DUSTSTORM OR SANDSTORM:
VSBY 1/2 MILE OR LESS
8 = SMOKE OR HAZE
[NO. OF DAYS WITH] [WEATHER - DAYS WITH] 9 = BLOWING SNOW
X = TORNADO
MAX 32 OR BELOW: 7 0.01 INCH OR MORE: 6
MAX 90 OR ABOVE: 0 0.10 INCH OR MORE: 4
MIN 32 OR BELOW: 30 0.50 INCH OR MORE: 3
MIN 0 OR BELOW: 0 1.00 INCH OR MORE: 1
[HDD (BASE 65) ]
TOTAL THIS MO. 1039 CLEAR (SCALE 0-3) 14
DPTR FM NORMAL -151 PTCLDY (SCALE 4-7) 12
TOTAL FM JUL 1 2154 CLOUDY (SCALE 8-10) 5
DPTR FM NORMAL -267
[CDD (BASE 65) ]
TOTAL THIS MO. 0
DPTR FM NORMAL 0 [PRESSURE DATA]
TOTAL FM JAN 1 1044 HIGHEST SLP 30.56 ON 29
DPTR FM NORMAL 40 LOWEST SLP 29.33 ON 23
[REMARKS]
#FINAL-12-20#