000
CXUS53 KDVN 011100
CF6MLI
PRELIMINARY LOCAL CLIMATOLOGICAL DATA (WS FORM: F-6)
STATION: MOLINE IL
MONTH: MARCH
YEAR: 2020
LATITUDE: 41 27 N
LONGITUDE: 90 31 W
TEMPERATURE IN F: :PCPN: SNOW: WIND :SUNSHINE: SKY :PK WND
================================================================================
1 2 3 4 5 6A 6B 7 8 9 10 11 12 13 14 15 16 17 18
12Z AVG MX 2MIN
DY MAX MIN AVG DEP HDD CDD WTR SNW DPTH SPD SPD DIR MIN PSBL S-S WX SPD DR
================================================================================
1 65 37 51 19 14 0 0.00 0.0 0 9.7 21 220 M M 2 29 210
2 43 28 36 3 29 0 0.00 0.0 0 6.7 16 310 M M 4 20 300
3 51 28 40 7 25 0 T 0.0 0 11.5 33 300 M M 3 47 300
4 52 29 41 7 24 0 0.01 0.0 0 7.3 18 320 M M 2 27 10
5 55 34 45 11 20 0 T 0.0 0 19.0 38 270 M M 5 50 270
6 49 22 36 1 29 0 0.00 0.0 0 9.2 25 320 M M 1 39 310
7 60 25 43 8 22 0 0.00 0.0 0 12.3 23 180 M M 0 33 190
8 71 43 57 21 8 0 0.00 0.0 0 14.4 28 220 M M 0 38 200
9 58 40 49 13 16 0 1.06 0.0 0 9.8 23 220 M M 9 1 34 230
10 51 36 44 8 21 0 T 0.0 0 8.9 20 310 M M 7 27 300
11 50 37 44 7 21 0 0.00 0.0 0 5.5 12 250 M M 8 18 16 160
12 61 38 50 13 15 0 0.04 0.0 0 11.6 31 300 M M 6 1 41 300
13 51 33 42 4 23 0 0.00 0.0 0 12.3 23 300 M M 1 31 310
14 41 32 37 -1 28 0 0.17 1.3 0 9.3 17 60 M M 10 18 23 40
15 37 31 34 -5 31 0 0.00 0.0 T 7.8 16 60 M M 9 21 70
16 42 34 38 -1 27 0 T 0.0 0 4.3 9 270 M M 10 18 12 230
17 50 33 42 2 23 0 0.00 0.0 0 7.4 20 320 M M 2 29 310
18 48 40 44 4 21 0 0.34 0.0 0 7.8 14 80 M M 10 1 17 90
19 64 44 54 14 11 0 0.20 0.0 0 9.9 25 300 M M 10 13 34 310
20 47 34 41 0 24 0 0.13 0.0 0 11.7 22 330 M M 10 13 36 340
21 39 27 33 -8 32 0 T T 0 6.9 17 100 M M 7 22 90
22 36 25 31 -11 34 0 0.35 2.9 0 9.3 17 120 M M 6 18 22 120
23 40 26 33 -9 32 0 0.00 0.0 2 2.9 10 210 M M 10 1 13 140
24 49 31 40 -3 25 0 0.00 0.0 0 7.0 17 130 M M 7 18 21 110
25 57 30 44 1 21 0 0.00 0.0 0 7.3 18 170 M M 4 12 26 180
26 53 39 46 3 19 0 T 0.0 0 9.2 18 60 M M 8 1 23 60
27 53 41 47 3 18 0 0.61 0.0 0 11.2 20 100 M M 8 138 28 80
28 69 50 60 16 5 0 0.60 0.0 0 11.6 26 230 M M 6 123 44 240
29 56 41 49 4 16 0 T 0.0 0 22.1 36 270 M M 9 18 50 280
30 62 33 48 3 17 0 0.00 0.0 0 6.6 18 300 M M 0 28 310
31 49 35 42 -4 23 0 0.00 0.0 0 8.6 15 70 M M 6 1 21 40
================================================================================
SM 1609 1056 674 0 3.51 4.2 299.1 M 180
================================================================================
AV 51.9 34.1 9.6 FASTST M M 6 MAX(MPH)
MISC ----> # 38 270 # 50 270
================================================================================
NOTES:
# LAST OF SEVERAL OCCURRENCES
COLUMN 17 PEAK WIND IN M.P.H.
PRELIMINARY LOCAL CLIMATOLOGICAL DATA (WS FORM: F-6) , PAGE 2
STATION: MOLINE IL
MONTH: MARCH
YEAR: 2020
LATITUDE: 41 27 N
LONGITUDE: 90 31 W
[TEMPERATURE DATA] [PRECIPITATION DATA] SYMBOLS USED IN COLUMN 16
AVERAGE MONTHLY: 43.0 TOTAL FOR MONTH: 3.51 1 = FOG OR MIST
DPTR FM NORMAL: 3.9 DPTR FM NORMAL: 0.65 2 = FOG REDUCING VISIBILITY
HIGHEST: 71 ON 8 GRTST 24HR 1.06 ON 9- 9 TO 1/4 MILE OR LESS
LOWEST: 22 ON 6 3 = THUNDER
SNOW, ICE PELLETS, HAIL 4 = ICE PELLETS
TOTAL MONTH: 4.2 INCHES 5 = HAIL
GRTST 24HR 2.9 ON 22-22 6 = FREEZING RAIN OR DRIZZLE
GRTST DEPTH: 2 ON 23 7 = DUSTSTORM OR SANDSTORM:
VSBY 1/2 MILE OR LESS
8 = SMOKE OR HAZE
[NO. OF DAYS WITH] [WEATHER - DAYS WITH] 9 = BLOWING SNOW
X = TORNADO
MAX 32 OR BELOW: 0 0.01 INCH OR MORE: 10
MAX 90 OR ABOVE: 0 0.10 INCH OR MORE: 8
MIN 32 OR BELOW: 12 0.50 INCH OR MORE: 3
MIN 0 OR BELOW: 0 1.00 INCH OR MORE: 1
[HDD (BASE 65) ]
TOTAL THIS MO. 674 CLEAR (SCALE 0-3) 8
DPTR FM NORMAL -130 PTCLDY (SCALE 4-7) 14
TOTAL FM JUL 1 5123 CLOUDY (SCALE 8-10) 9
DPTR FM NORMAL -479
[CDD (BASE 65) ]
TOTAL THIS MO. 0
DPTR FM NORMAL -1 [PRESSURE DATA]
TOTAL FM JAN 1 0 HIGHEST SLP 30.69 ON 15
DPTR FM NORMAL -1 LOWEST SLP 29.37 ON 28
[REMARKS]
#FINAL-03-20#