824
CXUS51 KCAR 010600
CF6MLT
PRELIMINARY LOCAL CLIMATOLOGICAL DATA (WS FORM: F-6)
STATION: MILLINOCKET ME
MONTH: MAY
YEAR: 2020
LATITUDE: 45 39 N
LONGITUDE: 68 41 W
TEMPERATURE IN F: :PCPN: SNOW: WIND :SUNSHINE: SKY :PK WND
================================================================================
1 2 3 4 5 6A 6B 7 8 9 10 11 12 13 14 15 16 17 18
12Z AVG MX 2MIN
DY MAX MIN AVG DEP HDD CDD WTR SNW DPTH SPD SPD DIR MIN PSBL S-S WX SPD DR
================================================================================
1 53 40 47 -1 18 0 0.55 M M 5.4 12 310 M M 10 1 17 280
2 61 37 49 0 16 0 0.00 M M 9.4 25 330 M M 3 34 330
3 65 33 49 0 16 0 0.08 M M 3.0 13 140 M M 5 13 18 160
4 59 40 50 0 15 0 0.12 M M 7.7 23 320 M M 9 123 32 320
5 50 34 42 -8 23 0 0.02 M M 10.4 23 360 M M 8 34 20
6 59 33 46 -4 19 0 0.00 M M 5.7 16 300 M M 4 23 310
7 58 31 45 -6 20 0 0.00 M M 3.7 14 290 M M 7 22 290
8 52 30 41 -10 24 0 0.05 M M 7.9 21 310 M M 4 1 32 310
9 38 31 35 -16 30 0 0.12 M M 12.7 26 310 M M 10 12 44 310
10 46 31 39 -13 26 0 0.01 M M 11.9 24 300 M M 8 36 290
11 63 32 48 -4 17 0 0.15 M M 4.7 15 270 M M 4 1 24 290
12 45 30 38 -14 27 0 0.45 M M 9.0 25 310 M M 10 1 36 300
13 52 31 42 -10 23 0 0.00 M M 11.7 24 310 M M 1 35 300
14 62 36 49 -4 16 0 0.00 M M 9.7 24 320 M M 0 33 310
15 61 33 47 -6 18 0 0.07 M M 3.9 9 130 M M 9 1 14 180
16 61 42 52 -1 13 0 0.33 M M 5.4 14 50 M M 7 1 20 30
17 70 37 54 0 11 0 0.00 M M 5.7 20 310 M M 0 27 300
18 67 36 52 -2 13 0 0.00 M M 5.0 13 310 M M 0 19 40
19 68 45 57 3 8 0 0.00 M M 6.1 16 30 M M 2 24 350
20 76 36 56 1 9 0 0.00 M M 2.0 9 290 M M 0 14 290
21 82 43 63 8 2 0 0.00 M M 5.0 16 270 M M 0 23 270
22 85 48 67 12 0 2 0.00 M M 9.1 23 310 M M 2 32 290
23 65 44 55 0 10 0 0.00 M M 6.9 17 30 M M 1 25 50
24 69 36 53 -3 12 0 0.00 M M 4.6 13 160 M M 0 21 160
25 71 40 56 0 9 0 0.00 M M 5.6 14 240 M M 3 25 240
26 85 57 71 15 0 6 0.00 M M 4.0 13 160 M M 4 19 180
27 92 60 76 19 0 11 0.00 M M 3.6 9 200 M M 4 16 230
28 88 61 75 18 0 10 0.00 M M 4.1 12 250 M M 0 18 190
29 88 67 78 21 0 13 T M M 5.9 14 180 M M 2 22 160
30 75 49 62 4 3 0 0.09 M M 6.1 22 300 M M 5 1 30 270
31 58 38 48 -10 17 0 0.10 M M 9.6 25 310 M M 6 1 35 310
================================================================================
SM 2024 1241 415 42 2.14 M 205.5 M 128
================================================================================
AV 65.3 40.0 6.6 FASTST M M 4 MAX(MPH)
MISC ----> # 26 310 # 44 310
================================================================================
NOTES:
# LAST OF SEVERAL OCCURRENCES
COLUMN 17 PEAK WIND IN M.P.H.
PRELIMINARY LOCAL CLIMATOLOGICAL DATA (WS FORM: F-6) , PAGE 2
STATION: MILLINOCKET ME
MONTH: MAY
YEAR: 2020
LATITUDE: 45 39 N
LONGITUDE: 68 41 W
[TEMPERATURE DATA] [PRECIPITATION DATA] SYMBOLS USED IN COLUMN 16
AVERAGE MONTHLY: 52.7 TOTAL FOR MONTH: 2.14 1 = FOG OR MIST
DPTR FM NORMAL: -0.6 DPTR FM NORMAL: -1.20 2 = FOG REDUCING VISIBILITY
HIGHEST: 92 ON 27 GRTST 24HR 0.55 ON 1- 1 TO 1/4 MILE OR LESS
LOWEST: 30 ON 12, 8 3 = THUNDER
SNOW, ICE PELLETS, HAIL 4 = ICE PELLETS
TOTAL MONTH: M 5 = HAIL
GRTST 24HR M ON M 6 = FREEZING RAIN OR DRIZZLE
GRTST DEPTH: M ON M 7 = DUSTSTORM OR SANDSTORM:
VSBY 1/2 MILE OR LESS
8 = SMOKE OR HAZE
[NO. OF DAYS WITH] [WEATHER - DAYS WITH] 9 = BLOWING SNOW
X = TORNADO
MAX 32 OR BELOW: 0 0.01 INCH OR MORE: 13
MAX 90 OR ABOVE: 1 0.10 INCH OR MORE: 7
MIN 32 OR BELOW: 7 0.50 INCH OR MORE: 1
MIN 0 OR BELOW: 0 1.00 INCH OR MORE: 0
[HDD (BASE 65) ]
TOTAL THIS MO. 415 CLEAR (SCALE 0-3) 14
DPTR FM NORMAL 46 PTCLDY (SCALE 4-7) 11
TOTAL FM JUL 1 7913 CLOUDY (SCALE 8-10) 6
DPTR FM NORMAL -377
[CDD (BASE 65) ]
TOTAL THIS MO. 42
DPTR FM NORMAL 36 [PRESSURE DATA]
TOTAL FM JAN 1 42 HIGHEST SLP 30.48 ON 19
DPTR FM NORMAL 36 LOWEST SLP 29.25 ON 9
[REMARKS]
#FINAL-05-20#