000
CXUS56 KPQR 011557
CLMMMV
CLIMATE REPORT
NATIONAL WEATHER SERVICE PORTLAND OREGON
857 AM PDT MON APR 01 2024
...................................
...THE MCMINNVILLE OR CLIMATE SUMMARY FOR THE MONTH OF MARCH 2024...
CLIMATE NORMAL PERIOD 1991 TO 2020
CLIMATE RECORD PERIOD 1894 TO 2024
WEATHER OBSERVED NORMAL DEPART LAST YEAR`S
VALUE DATE(S) VALUE FROM VALUE DATE(S)
NORMAL
................................................................
TEMPERATURE (F)
HIGHEST 75 64 03/18
LOWEST 25 24 03/01
AVG. MAXIMUM 55.1 55.7 -0.6 51.3
AVG. MINIMUM 36.7 37.1 -0.4 34.0
MEAN 45.9 46.4 -0.5 42.7
DAYS MAX >= 90 0 0.0 0.0 0
DAYS MAX <= 32 0 0.0 0.0 0
DAYS MIN <= 32 9 6.2 2.8 10
DAYS MIN <= 0 0 0.0 0.0 0
PRECIPITATION (INCHES)
RECORD
MAXIMUM 11.93 1916
MINIMUM 0.57 1926
TOTALS 2.70 4.17 -1.47 4.53
DAYS >= .01 11 19.4 -8.4 19
DAYS >= .10 8 11.4 -3.4 15
DAYS >= .50 1 2.7 -1.7 2
DAYS >= 1.00 0 0.4 -0.4 0
GREATEST
24 HR. TOTAL 0.75 02/29 TO 03/01
DEGREE DAYS
HEATING TOTAL 474 577 -103 684
SINCE 7/1 3332 3817 -485 MM
COOLING TOTAL 0 0 0 0
SINCE 1/1 0 0 0 MM
................................................................
WIND (MPH)
AVERAGE WIND SPEED 6.0
RESULTANT WIND SPEED/DIRECTION 2/200
HIGHEST WIND SPEED/DIRECTION 31/180 DATE 03/10
HIGHEST GUST SPEED/DIRECTION 45/210 DATE 03/09
SKY COVER
POSSIBLE SUNSHINE (PERCENT) MM
AVERAGE SKY COVER 0.55
AVERAGE RH (PERCENT) 79
WEATHER CONDITIONS. NUMBER OF DAYS WITH
THUNDERSTORM 0 MIXED PRECIP 0
HEAVY RAIN 0 RAIN 4
LIGHT RAIN 16 FREEZING RAIN 0
LT FREEZING RAIN 0 HAIL 0
HEAVY SNOW 0 SNOW 0
LIGHT SNOW 4 SLEET 0
FOG 15 FOG W/VIS <= 1/4 MILE 3
HAZE 0
- INDICATES NEGATIVE NUMBERS.
R INDICATES RECORD WAS SET OR TIED.
MM INDICATES DATA IS MISSING.
T INDICATES TRACE AMOUNT.
$$