000
CXUS53 KMPX 010632
CF6MPX
PRELIMINARY LOCAL CLIMATOLOGICAL DATA (WS FORM: F-6)
STATION: CHANHASSEN MN
MONTH: JUNE
YEAR: 2020
LATITUDE: 44 50 N
LONGITUDE: 93 34 W
TEMPERATURE IN F: :PCPN: SNOW: WIND :SUNSHINE: SKY :PK WND
================================================================================
1 2 3 4 5 6A 6B 7 8 9 10 11 12 13 14 15 16 17 18
12Z AVG MX 2MIN
DY MAX MIN AVG DEP HDD CDD WTR SNW DPTH SPD SPD DIR MIN PSBL S-S WX SPD DR
================================================================================
1 90 63 77 14 0 12 T 0.0 0 M M M M M M M M
2 89 61 75 12 0 10 0.28 0.0 0 M M M M M M M M
3 81 59 70 6 0 5 0.00 0.0 0 M M M M M M M M
4 83 54 69 5 0 4 0.21 0.0 0 M M M M M M M M
5 79 57 68 4 0 3 0.00 0.0 0 M M M M M M M M
6 75 54 65 0 0 0 0.63 0.0 0 M M M M M M M M
7 88 60 74 9 0 9 0.00 0.0 0 M M M M M M M M
8 94 73 84 19 0 19 0.00 0.0 0 M M M M M M M M
9 81 65 73 7 0 8 0.20 0.0 0 M M M M M M M M
10 70 58 64 -2 1 0 0.00 0.0 0 M M M M M M M M
11 76 53 65 -1 0 0 0.00 0.0 0 M M M M M M M M
12 76 53 65 -2 0 0 0.00 0.0 0 M M M M M M M M
13 70 49 60 -7 5 0 0.06 0.0 0 M M M M M M M M
14 76 54 65 -2 0 0 0.00 0.0 0 M M M M M M M M
15 85 62 74 6 0 9 0.00 0.0 0 M M M M M M M M
16 88 66 77 9 0 12 0.00 0.0 0 M M M M M M M M
17 87 66 77 9 0 12 0.00 0.0 0 M M M M M M M M
18 81 64 73 4 0 8 0.82 0.0 0 M M M M M M M M
19 75 62 69 0 0 4 0.00 0.0 0 M M M M M M M M
20 74 59 67 -2 0 2 T 0.0 0 M M M M M M M M
21 83 57 70 1 0 5 0.31 0.0 0 M M M M M M M M
22 73 57 65 -5 0 0 0.00 0.0 0 M M M M M M M M
23 75 55 65 -5 0 0 0.19 0.0 0 M M M M M M M M
24 78 55 67 -3 0 2 T 0.0 0 M M M M M M M M
25 83 53 68 -2 0 3 0.00 0.0 0 M M M M M M M M
26 85 63 74 3 0 9 0.07 0.0 0 M M M M M M M M
27 85 60 73 2 0 8 0.00 0.0 0 M M M M M M M M
28 85 62 74 3 0 9 0.56 0.0 0 M M M M M M M M
29 80 65 73 2 0 8 1.28 0.0 0 M M M M M M M M
30 87 65 76 5 0 11 0.00 0.0 0 M M M M M M M M
================================================================================
SM 2432 1784 6 172 4.61 0.0 M M M
================================================================================
AV 81.1 59.5 M FASTST M M M MAX(MPH)
MISC ----> M M M M
================================================================================
NOTES:
# LAST OF SEVERAL OCCURRENCES
COLUMN 17 PEAK WIND IN M.P.H.
PRELIMINARY LOCAL CLIMATOLOGICAL DATA (WS FORM: F-6) , PAGE 2
STATION: CHANHASSEN MN
MONTH: JUNE
YEAR: 2020
LATITUDE: 44 50 N
LONGITUDE: 93 34 W
[TEMPERATURE DATA] [PRECIPITATION DATA] SYMBOLS USED IN COLUMN 16
AVERAGE MONTHLY: 70.3 TOTAL FOR MONTH: 4.61 1 = FOG OR MIST
DPTR FM NORMAL: 2.7 DPTR FM NORMAL: 0.59 2 = FOG REDUCING VISIBILITY
HIGHEST: 94 ON 8 GRTST 24HR 1.28 ON 29-29 TO 1/4 MILE OR LESS
LOWEST: 49 ON 13 3 = THUNDER
SNOW, ICE PELLETS, HAIL 4 = ICE PELLETS
TOTAL MONTH: 0.0 INCH 5 = HAIL
GRTST 24HR 0.0 6 = FREEZING RAIN OR DRIZZLE
GRTST DEPTH: 0 7 = DUSTSTORM OR SANDSTORM:
VSBY 1/2 MILE OR LESS
8 = SMOKE OR HAZE
[NO. OF DAYS WITH] [WEATHER - DAYS WITH] 9 = BLOWING SNOW
X = TORNADO
MAX 32 OR BELOW: 0 0.01 INCH OR MORE: 11
MAX 90 OR ABOVE: 2 0.10 INCH OR MORE: 9
MIN 32 OR BELOW: 0 0.50 INCH OR MORE: 4
MIN 0 OR BELOW: 0 1.00 INCH OR MORE: 1
[HDD (BASE 65) ]
TOTAL THIS MO. 6 CLEAR (SCALE 0-3) 0
DPTR FM NORMAL -43 PTCLDY (SCALE 4-7) 0
TOTAL FM JUL 1 7889 CLOUDY (SCALE 8-10) 30
DPTR FM NORMAL -26
[CDD (BASE 65) ]
TOTAL THIS MO. 172
DPTR FM NORMAL 45 [PRESSURE DATA]
TOTAL FM JAN 1 192 HIGHEST SLP M ON M
DPTR FM NORMAL 32 LOWEST SLP M ON M
[REMARKS]
#FINAL-06-20#