000
CXUS51 KLWX 010815
CF6MRB
PRELIMINARY LOCAL CLIMATOLOGICAL DATA (WS FORM: F-6)
STATION: MARTINSBURG WV
MONTH: MAY
YEAR: 2023
LATITUDE: 39 24 N
LONGITUDE: 77 58 W
TEMPERATURE IN F: :PCPN: SNOW: WIND :SUNSHINE: SKY :PK WND
================================================================================
1 2 3 4 5 6A 6B 7 8 9 10 11 12 13 14 15 16 17 18
12Z AVG MX 2MIN
DY MAX MIN AVG DEP HDD CDD WTR SNW DPTH SPD SPD DIR MIN PSBL S-S WX SPD DR
================================================================================
1 M M M M M M 0.02 M M 8.8 22 230 M M 6 32 240
2 51 39 45 -14 20 0 0.03 M M 10.0 23 270 M M 8 29 270
3 55 41 48 -11 17 0 0.07 0.0 0 9.6 24 290 M M 7 32 290
4 59 43 51 -9 14 0 0.28 M M 5.3 15 340 M M 9 1 19 340
5 65 35 50 -10 15 0 0.00 M M 1.6 10 330 M M 3 18 14 10
6 71 36 54 -6 11 0 0.00 M M 1.9 8 190 M M 0 1 13 300
7 69 45 57 -3 8 0 0.14 M M 1.3 12 280 M M 6 12 14 240
8 80 51 66 6 0 1 0.04 M M 5.6 17 310 M M 3 12 22 350
9 65 48 57 -4 8 0 0.29 M M 4.6 14 10 M M 6 1 16 10
10 69 41 55 -6 10 0 0.00 M M 3.0 9 20 M M 0 12 340
11 76 41 59 -2 6 0 0.00 M M 2.1 9 140 M M 0 11 170
12 83 48 66 4 0 1 0.00 M M 2.0 7 180 M M 0 1 9 140
13 64 51 58 -4 7 0 0.22 M M 2.7 10 10 M M 8 12 15 340
14 76 50 63 1 2 0 0.00 M M 3.0 12 30 M M 4 12 16 330
15 72 49 61 -1 4 0 0.00 M M 4.8 10 30 M M 0 14 30
16 76 49 63 1 2 0 0.01 M M 5.4 20 250 M M 4 1 25 230
17 71 47 59 -4 6 0 0.00 M M 8.7 20 340 M M 0 26 330
18 65 40 53 -10 12 0 0.00 M M 5.5 15 160 M M 1 20 160
19 71 42 57 -6 8 0 0.00 M M 5.4 16 160 M M 3 24 130
20 75 47 61 -3 4 0 0.08 M M 3.6 20 280 M M 3 1 26 280
21 76 49 63 -1 2 0 0.00 M M 7.7 17 320 M M 0 24 330
22 78 45 62 -2 3 0 0.00 M M 1.5 10 170 M M 1 14 150
23 73 48 61 -3 4 0 0.00 M M 2.5 12 150 M M 0 16 180
24 79 44 62 -2 3 0 0.00 M M 3.9 22 20 M M 1 32 40
25 69 45 57 -8 8 0 0.00 M M 8.5 20 20 M M 1 27 10
26 72 44 58 -7 7 0 0.00 M M 4.4 13 360 M M 0 16 350
27 75 40 58 -7 7 0 0.00 M M 2.5 14 80 M M 0 20 70
28 75 47 61 -5 4 0 0.00 M M 3.1 14 90 M M 4 18 80
29 79 53 66 0 0 1 0.01 M M 2.3 14 170 M M 6 18 160
30 77 49 63 -3 2 0 0.00 M M 4.0 12 80 M M 1 16 80
31 79 44 62 -4 3 0 0.00 M M 2.0 10 80 M M 0 8 14 70
================================================================================
SM 2145 1351 197 3 1.19 0.0 137.3 M 85
================================================================================
AV 71.5 45.0 4.4 FASTST M M 3 MAX(MPH)
MISC ----> 24 290 # 32 240
================================================================================
NOTES:
# LAST OF SEVERAL OCCURRENCES
COLUMN 17 PEAK WIND IN M.P.H.
PRELIMINARY LOCAL CLIMATOLOGICAL DATA (WS FORM: F-6) , PAGE 2
STATION: MARTINSBURG WV
MONTH: MAY
YEAR: 2023
LATITUDE: 39 24 N
LONGITUDE: 77 58 W
[TEMPERATURE DATA] [PRECIPITATION DATA] SYMBOLS USED IN COLUMN 16
AVERAGE MONTHLY: 58.3 TOTAL FOR MONTH: 1.19 1 = FOG OR MIST
DPTR FM NORMAL: -4.2 DPTR FM NORMAL: -2.86 2 = FOG REDUCING VISIBILITY
HIGHEST: 83 ON 12 GRTST 24HR 0.34 ON 3- 4 TO 1/4 MILE OR LESS
LOWEST: 35 ON 5 3 = THUNDER
SNOW, ICE PELLETS, HAIL 4 = ICE PELLETS
TOTAL MONTH: 0.0 INCH 5 = HAIL
GRTST 24HR 0.0 6 = FREEZING RAIN OR DRIZZLE
GRTST DEPTH: 0 7 = DUSTSTORM OR SANDSTORM:
VSBY 1/2 MILE OR LESS
8 = SMOKE OR HAZE
[NO. OF DAYS WITH] [WEATHER - DAYS WITH] 9 = BLOWING SNOW
X = TORNADO
MAX 32 OR BELOW: 0 0.01 INCH OR MORE: 11
MAX 90 OR ABOVE: 0 0.10 INCH OR MORE: 4
MIN 32 OR BELOW: 0 0.50 INCH OR MORE: 0
MIN 0 OR BELOW: 0 1.00 INCH OR MORE: 0
[HDD (BASE 65) ]
TOTAL THIS MO. 197 CLEAR (SCALE 0-3) 18
DPTR FM NORMAL 56 PTCLDY (SCALE 4-7) 12
TOTAL FM JUL 1 4404 CLOUDY (SCALE 8-10) 1
DPTR FM NORMAL -524
[CDD (BASE 65) ]
TOTAL THIS MO. 3
DPTR FM NORMAL -61 [PRESSURE DATA]
TOTAL FM JAN 1 13 HIGHEST SLP 30.33 ON 27
DPTR FM NORMAL -64 LOWEST SLP 29.39 ON 2
[REMARKS]
#FINAL-05-23#