000
CXUS52 KMHX 010958
CF6MRH
PRELIMINARY LOCAL CLIMATOLOGICAL DATA (WS FORM: F-6)
STATION: BEAUFORT/SMITH FIELD NC
MONTH: APRIL
YEAR: 2023
LATITUDE: 34 43 N
LONGITUDE: 76 39 W
TEMPERATURE IN F: :PCPN: SNOW: WIND :SUNSHINE: SKY :PK WND
================================================================================
1 2 3 4 5 6A 6B 7 8 9 10 11 12 13 14 15 16 17 18
12Z AVG MX 2MIN
DY MAX MIN AVG DEP HDD CDD WTR SNW DPTH SPD SPD DIR MIN PSBL S-S WX SPD DR
================================================================================
1 74 65 70 12 0 5 T 0.0 0 22.7 32 230 M M 3 42 230
2 67 47 57 -1 8 0 0.00 0.0 0 8.1 21 330 M M 0 27 250
3 71 45 58 0 7 0 0.02 0.0 0 6.8 14 120 M M 2 20 130
4 73 63 68 9 0 3 0.08 0.0 0 6.2 17 230 M M 2 1 22 220
5 78 60 69 10 0 4 0.00 0.0 0 6.2 13 190 M M 3 12 16 190
6 79 67 73 14 0 8 0.00 0.0 0 10.8 18 190 M M 1 23 200
7 74 53 64 4 1 0 0.01 0.0 0 10.3 23 20 M M 6 1 35 20
8 55 47 51 -9 14 0 1.94 0.0 0 18.0 26 20 M M 10 1 40 30
9 60 49 55 -5 10 0 0.39 0.0 0 21.4 33 10 M M 6 1 44 20
10 63 47 55 -6 10 0 0.00 0.0 0 13.0 24 20 M M 0 31 50
11 70 44 57 -4 8 0 0.00 0.0 0 4.8 13 20 M M 0 14 20
12 72 54 63 2 2 0 0.00 0.0 0 10.7 18 220 M M 0 24 210
13 76 57 67 5 0 2 0.00 0.0 0 7.3 14 220 M M 0 19 220
14 74 63 69 7 0 4 0.78 0.0 0 7.2 21 210 M M 4 13 25 210
15 75 64 70 8 0 5 T 0.0 0 9.2 20 210 M M 3 1 25 210
16 77 65 71 9 0 6 T 0.0 0 11.9 20 220 M M 3 26 230
17 72 62 67 4 0 2 0.00 0.0 0 12.2 21 220 M M 2 24 220
18 74 55 65 2 0 0 0.00 0.0 0 11.6 20 210 M M 0 23 210
19 79 59 69 6 0 4 0.00 0.0 0 6.7 14 210 M M 0 17 210
20 77 60 69 5 0 4 0.00 0.0 0 8.4 16 200 M M 0 1 20 200
21 79 59 69 5 0 4 0.00 0.0 0 5.9 12 180 M M 0 14 190
22 75 62 69 5 0 4 0.75 0.0 0 12.4 25 220 M M 3 13 30 220
23 72 57 65 1 0 0 0.00 0.0 0 8.2 16 300 M M 1 20 300
24 68 56 62 -3 3 0 T 0.0 0 6.7 16 330 M M 7 20 330
25 69 51 60 -5 5 0 0.00 0.0 0 7.8 16 50 M M 2 21 50
26 73 59 66 1 0 1 T 0.0 0 8.9 17 100 M M 7 23 100
27 75 60 68 3 0 3 0.05 0.0 0 8.9 17 100 M M 10 24 120
28 76 64 70 4 0 5 1.44 0.0 0 11.4 22 150 M M 6 13 30 150
29 79 66 73 7 0 8 0.13 0.0 0 8.7 35 210 M M 3 13 40 210
30 76 64 70 4 0 5 0.51 0.0 0 14.0 37 230 M M 6 13 50 220
================================================================================
SM 2182 1724 68 77 6.10 0.0 306.4 M 90
================================================================================
AV 72.7 57.5 10.2 FASTST M M 3 MAX(MPH)
MISC ----> 37 230 50 220
================================================================================
NOTES:
# LAST OF SEVERAL OCCURRENCES
COLUMN 17 PEAK WIND IN M.P.H.
PRELIMINARY LOCAL CLIMATOLOGICAL DATA (WS FORM: F-6) , PAGE 2
STATION: BEAUFORT/SMITH FIELD NC
MONTH: APRIL
YEAR: 2023
LATITUDE: 34 43 N
LONGITUDE: 76 39 W
[TEMPERATURE DATA] [PRECIPITATION DATA] SYMBOLS USED IN COLUMN 16
AVERAGE MONTHLY: 65.1 TOTAL FOR MONTH: 6.10 1 = FOG OR MIST
DPTR FM NORMAL: 3.0 DPTR FM NORMAL: 2.71 2 = FOG REDUCING VISIBILITY
HIGHEST: 79 ON 29,21 GRTST 24HR 2.17 ON 8- 9 TO 1/4 MILE OR LESS
LOWEST: 44 ON 11 3 = THUNDER
SNOW, ICE PELLETS, HAIL 4 = ICE PELLETS
TOTAL MONTH: 0.0 INCH 5 = HAIL
GRTST 24HR 0.0 6 = FREEZING RAIN OR DRIZZLE
GRTST DEPTH: 0 7 = DUSTSTORM OR SANDSTORM:
VSBY 1/2 MILE OR LESS
8 = SMOKE OR HAZE
[NO. OF DAYS WITH] [WEATHER - DAYS WITH] 9 = BLOWING SNOW
X = TORNADO
MAX 32 OR BELOW: 0 0.01 INCH OR MORE: 11
MAX 90 OR ABOVE: 0 0.10 INCH OR MORE: 7
MIN 32 OR BELOW: 0 0.50 INCH OR MORE: 5
MIN 0 OR BELOW: 0 1.00 INCH OR MORE: 2
[HDD (BASE 65) ]
TOTAL THIS MO. 68 CLEAR (SCALE 0-3) 20
DPTR FM NORMAL -63 PTCLDY (SCALE 4-7) 8
TOTAL FM JUL 1 1775 CLOUDY (SCALE 8-10) 2
DPTR FM NORMAL -580
[CDD (BASE 65) ]
TOTAL THIS MO. 77
DPTR FM NORMAL 31 [PRESSURE DATA]
TOTAL FM JAN 1 99 HIGHEST SLP 30.42 ON 10
DPTR FM NORMAL 46 LOWEST SLP 29.26 ON 30
[REMARKS]
#FINAL-04-23#