000
CXUS53 KMKX 011610 CCA
CF6MSN
PRELIMINARY LOCAL CLIMATOLOGICAL DATA (WS FORM: F-6)
STATION: MADISON WI
MONTH: FEBRUARY
YEAR: 2024
LATITUDE: 43 7 N
LONGITUDE: 89 20 W
TEMPERATURE IN F: :PCPN: SNOW: WIND :SUNSHINE: SKY :PK WND
================================================================================
1 2 3 4 5 6A 6B 7 8 9 10 11 12 13 14 15 16 17 18
12Z AVG MX 2MIN
DY MAX MIN AVG DEP HDD CDD WTR SNW DPTH SPD SPD DIR MIN PSBL S-S WX SPD DR
================================================================================
1 44 26 35 16 30 0 0.00 0.0 2 4.6 13 50 M M 3 1 15 40
2 35 26 31 11 34 0 0.00 0.0 1 9.5 16 70 M M 10 1 23 80
3 44 28 36 16 29 0 0.00 0.0 1 6.8 13 130 M M 5 1 17 120
4 42 24 33 13 32 0 T T 0 4.5 12 50 M M 7 1 15 40
5 34 20 27 7 38 0 0.00 0.0 0 3.2 10 40 M M 4 12 14 50
6 41 21 31 11 34 0 0.00 0.0 0 5.4 14 170 M M 5 12 17 180
7 43 30 37 16 28 0 0.00 0.0 0 9.0 18 170 M M 9 18 25 150
8 55 37 46 25 19 0 0.07 0.0 0 11.6 29 190 M M 6 3 48 170
9 41 35 38 17 27 0 0.00 0.0 0 7.6 14 290 M M 7 27 230
10 40 25 33 12 32 0 0.00 0.0 0 8.1 17 290 M M 6 29 300
11 36 21 29 7 36 0 0.00 0.0 0 3.9 12 330 M M 5 18 290
12 47 20 34 12 31 0 0.00 0.0 0 4.9 14 270 M M 2 21 220
13 39 24 32 10 33 0 0.00 0.0 0 5.7 14 340 M M 6 20 330
14 46 20 33 10 32 0 0.00 0.0 0 7.3 17 160 M M 6 24 150
15 39 24 32 9 33 0 0.54 1.6 2 9.2 22 330 M M 5 1 36 350
16 29 11 20 -3 45 0 0.00 0.0 1 7.8 18 340 M M 6 29 330
17 30 9 20 -4 45 0 0.00 0.0 T 9.4 20 230 M M 1 33 250
18 43 22 33 9 32 0 0.00 0.0 T 5.9 16 310 M M 1 23 300
19 45 17 31 7 34 0 0.00 0.0 0 1.9 8 110 M M 4 14 170
20 55 22 39 14 26 0 0.00 0.0 0 6.7 21 180 M M 2 30 190
21 60 38 49 24 16 0 0.00 0.0 0 3.4 9 230 M M 8 16 230
22 59 28 44 19 21 0 0.00 0.0 0 3.9 10 320 M M 3 17 250
23 42 18 30 4 35 0 0.03 0.8 0 7.3 23 50 M M 6 1 28 30
24 33 9 21 -5 44 0 0.00 0.0 T 7.4 15 200 M M 3 23 200
25 57 30 44 17 21 0 0.00 0.0 0 5.5 14 200 M M 4 21 280
26 67 25 46 19 19 0 0.00 0.0 0 9.2 22 180 M M 4 31 170
27 70 34 52 25 13 0 0.01 T 0 8.6 22 330 M M 5 32 310
28 34 11 23 -5 42 0 T T 0 12.6 25 320 M M 4 41 330
29 45 11 28 0 37 0 0.00 0.0 0 9.3 23 180 M M 1 32 200
================================================================================
SM 1295 666 898 0 0.65 2.4 200.2 M 138
================================================================================
AV 44.7 23.0 6.9 FASTST M M 5 MAX(MPH)
MISC ----> 29 190 48 170
================================================================================
NOTES:
# LAST OF SEVERAL OCCURRENCES
COLUMN 17 PEAK WIND IN M.P.H.
PRELIMINARY LOCAL CLIMATOLOGICAL DATA (WS FORM: F-6) , PAGE 2
STATION: MADISON WI
MONTH: FEBRUARY
YEAR: 2024
LATITUDE: 43 7 N
LONGITUDE: 89 20 W
[TEMPERATURE DATA] [PRECIPITATION DATA] SYMBOLS USED IN COLUMN 16
AVERAGE MONTHLY: 33.8 TOTAL FOR MONTH: 0.65 1 = FOG OR MIST
DPTR FM NORMAL: 10.8 DPTR FM NORMAL: -0.87 2 = FOG REDUCING VISIBILITY
HIGHEST: 70 ON 27 GRTST 24HR 0.54 ON 15-15 TO 1/4 MILE OR LESS
LOWEST: 9 ON 24,17 3 = THUNDER
SNOW, ICE PELLETS, HAIL 4 = ICE PELLETS
TOTAL MONTH: 2.4 INCHES 5 = HAIL
GRTST 24HR 1.6 ON 15-15 6 = FREEZING RAIN OR DRIZZLE
GRTST DEPTH: 2 ON 15,1 7 = DUSTSTORM OR SANDSTORM:
VSBY 1/2 MILE OR LESS
8 = SMOKE OR HAZE
[NO. OF DAYS WITH] [WEATHER - DAYS WITH] 9 = BLOWING SNOW
X = TORNADO
MAX 32 OR BELOW: 2 0.01 INCH OR MORE: 4
MAX 90 OR ABOVE: 0 0.10 INCH OR MORE: 1
MIN 32 OR BELOW: 25 0.50 INCH OR MORE: 1
MIN 0 OR BELOW: 0 1.00 INCH OR MORE: 0
[HDD (BASE 65) ]
TOTAL THIS MO. 898 CLEAR (SCALE 0-3) 8
DPTR FM NORMAL -276 PTCLDY (SCALE 4-7) 18
TOTAL FM JUL 1 4433 CLOUDY (SCALE 8-10) 3
DPTR FM NORMAL -968
[CDD (BASE 65) ]
TOTAL THIS MO. 0
DPTR FM NORMAL 0 [PRESSURE DATA]
TOTAL FM JAN 1 0 HIGHEST SLP 30.46 ON 29
DPTR FM NORMAL 0 LOWEST SLP 29.22 ON 27
ORIGINAL DAILY PRECIPITATION FOR THE 23RD (0.01") WAS SUPPLEMENTED BY
COCORAHS STATION WI-DA-114.
#FINAL-02-24#
2%