000
CXUS53 KMKX 010810
CF6MSN
PRELIMINARY LOCAL CLIMATOLOGICAL DATA (WS FORM: F-6)
STATION: MADISON WI
MONTH: JUNE
YEAR: 2022
LATITUDE: 43 7 N
LONGITUDE: 89 20 W
TEMPERATURE IN F: :PCPN: SNOW: WIND :SUNSHINE: SKY :PK WND
================================================================================
1 2 3 4 5 6A 6B 7 8 9 10 11 12 13 14 15 16 17 18
12Z AVG MX 2MIN
DY MAX MIN AVG DEP HDD CDD WTR SNW DPTH SPD SPD DIR MIN PSBL S-S WX SPD DR
================================================================================
1 73 56 65 1 0 0 0.00 0.0 0 5.4 13 10 M M 5 22 340
2 76 50 63 -1 2 0 0.00 0.0 0 4.6 15 330 M M 2 25 350
3 75 47 61 -3 4 0 0.00 0.0 0 5.2 17 320 M M 0 28 290
4 64 46 55 -10 10 0 0.05 0.0 0 4.7 14 190 M M 8 19 200
5 75 57 66 1 0 1 0.38 0.0 0 6.2 15 120 M M 9 1 19 150
6 69 54 62 -3 3 0 0.47 0.0 0 7.8 16 20 M M 9 18 20 350
7 76 50 63 -3 2 0 0.00 0.0 0 3.0 9 150 M M 5 1 15 320
8 61 49 55 -11 10 0 0.85 0.0 0 5.2 15 100 M M 7 1 22 350
9 77 49 63 -3 2 0 0.00 0.0 0 4.7 15 340 M M 4 1 24 350
10 77 52 65 -2 0 0 0.04 0.0 0 4.8 12 230 M M 6 3 23 230
11 71 58 65 -2 0 0 0.07 0.0 0 4.8 13 180 M M 7 12 18 190
12 76 57 67 0 0 2 T 0.0 0 7.1 12 110 M M 8 12 18 80
13 79 54 67 -1 0 2 0.48 0.0 0 8.4 30 20 M M 6 135 42 300
14 96 65 81 13 0 16 0.00 0.0 0 11.4 22 190 M M 1 1 34 180
15 93 67 80 12 0 15 1.37 0.0 0 9.2 31 180 M M 5 123 50 180
16 88 64 76 8 0 11 0.00 0.0 0 7.5 22 260 M M 0 37 300
17 82 60 71 2 0 6 0.00 0.0 0 6.5 16 100 M M 2 23 300
18 76 53 65 -4 0 0 0.00 0.0 0 6.1 12 100 M M 2 17 110
19 84 51 68 -1 0 3 T 0.0 0 7.8 17 170 M M 5 23 160
20 92 70 81 12 0 16 0.00 0.0 0 7.6 15 180 M M 1 23 220
21 94 72 83 13 0 18 T 0.0 0 6.1 16 330 M M 3 3 30 330
22 84 62 73 3 0 8 0.00 0.0 0 5.7 14 330 M M 2 22 330
23 87 57 72 2 0 7 0.00 0.0 0 3.3 9 250 M M 1 16 180
24 90 68 79 9 0 14 0.00 0.0 0 6.7 16 170 M M 2 21 170
25 75 67 71 1 0 6 0.22 0.0 0 5.7 22 140 M M 7 1 29 140
26 75 61 68 -3 0 3 0.00 0.0 0 8.3 18 290 M M 3 32 280
27 77 55 66 -5 0 1 0.00 0.0 0 5.8 15 350 M M 1 23 360
28 83 56 70 -1 0 5 0.09 0.0 0 6.1 16 240 M M 4 3 26 210
29 86 58 72 1 0 7 0.00 0.0 0 5.4 15 170 M M 1 12 21 210
30 90 73 82 11 0 17 0.00 0.0 0 10.4 20 190 M M 6 33 200
================================================================================
SM 2401 1738 33 158 4.02 0.0 191.5 M 122
================================================================================
AV 80.0 57.9 6.4 FASTST M M 4 MAX(MPH)
MISC ----> 31 180 50 180
================================================================================
NOTES:
# LAST OF SEVERAL OCCURRENCES
COLUMN 17 PEAK WIND IN M.P.H.
PRELIMINARY LOCAL CLIMATOLOGICAL DATA (WS FORM: F-6) , PAGE 2
STATION: MADISON WI
MONTH: JUNE
YEAR: 2022
LATITUDE: 43 7 N
LONGITUDE: 89 20 W
[TEMPERATURE DATA] [PRECIPITATION DATA] SYMBOLS USED IN COLUMN 16
AVERAGE MONTHLY: 69.0 TOTAL FOR MONTH: 4.02 1 = FOG OR MIST
DPTR FM NORMAL: 1.0 DPTR FM NORMAL: -1.26 2 = FOG REDUCING VISIBILITY
HIGHEST: 96 ON 14 GRTST 24HR 1.37 ON 15-15 TO 1/4 MILE OR LESS
LOWEST: 46 ON 4 3 = THUNDER
SNOW, ICE PELLETS, HAIL 4 = ICE PELLETS
TOTAL MONTH: 0.0 INCH 5 = HAIL
GRTST 24HR 0.0 6 = FREEZING RAIN OR DRIZZLE
GRTST DEPTH: 0 7 = DUSTSTORM OR SANDSTORM:
VSBY 1/2 MILE OR LESS
8 = SMOKE OR HAZE
[NO. OF DAYS WITH] [WEATHER - DAYS WITH] 9 = BLOWING SNOW
X = TORNADO
MAX 32 OR BELOW: 0 0.01 INCH OR MORE: 10
MAX 90 OR ABOVE: 6 0.10 INCH OR MORE: 6
MIN 32 OR BELOW: 0 0.50 INCH OR MORE: 2
MIN 0 OR BELOW: 0 1.00 INCH OR MORE: 1
[HDD (BASE 65) ]
TOTAL THIS MO. 33 CLEAR (SCALE 0-3) 13
DPTR FM NORMAL -14 PTCLDY (SCALE 4-7) 15
TOTAL FM JUL 1 6853 CLOUDY (SCALE 8-10) 2
DPTR FM NORMAL -287
[CDD (BASE 65) ]
TOTAL THIS MO. 158
DPTR FM NORMAL 21 [PRESSURE DATA]
TOTAL FM JAN 1 277 HIGHEST SLP M ON M
DPTR FM NORMAL 101 LOWEST SLP 29.61 ON 15
[REMARKS]
#FINAL-06-22#