000
CXUS52 KKEY 131945 CCA
CF6MTH
PRELIMINARY LOCAL CLIMATOLOGICAL DATA (WS FORM: F-6)
STATION: MARATHON
MONTH: JUNE
YEAR: 2021
LATITUDE: 24 43 N
LONGITUDE: 81 5 W
TEMPERATURE IN F: :PCPN: SNOW: WIND :SUNSHINE: SKY :PK WND
================================================================================
1 2 3 4 5 6A 6B 7 8 9 10 11 12 13 14 15 16 17 18
12Z AVG MX 2MIN
DY MAX MIN AVG DEP HDD CDD WTR SNW DPTH SPD SPD DIR MIN PSBL S-S WX SPD DR
================================================================================
1 88 72 80 -3 0 15 0.59 0.0 0 8.5 21 90 M M 2 13 31 70
2 89 77 83 -1 0 18 0.00 0.0 0 8.2 13 130 M M 1 21 100
3 88 77 83 -1 0 18 0.49 0.0 0 10.2 20 140 M M 2 18 33 150
4 89 80 85 1 0 20 0.00 0.0 0 8.6 14 130 M M 2 8 23 130
5 89 80 85 1 0 20 0.01 0.0 0 11.4 15 120 M M 1 26 130
6 90 81 86 2 0 21 0.13 0.0 0 12.2 17 120 M M 1 8 29 130
7 89 81 85 1 0 20 0.00 0.0 0 11.9 17 120 M M 2 30 110
8 90 78 84 0 0 19 0.02 0.0 0 10.0 17 70 M M 2 1 26 100
9 91 78 85 1 0 20 T 0.0 0 9.9 16 120 M M 2 27 130
10 90 79 85 1 0 20 0.01 0.0 0 8.9 14 120 M M 1 22 120
11 90 80 85 1 0 20 0.00 0.0 0 7.7 14 130 M M 2 23 130
12 92 81 87 3 0 22 0.00 0.0 0 5.1 15 270 M M 1 20 270
13 91 80 86 2 0 21 T 0.0 0 7.2 16 260 M M 2 3 24 250
14 90 80 85 0 0 20 T 0.0 0 7.9 14 180 M M 2 25 200
15 91 81 86 1 0 21 0.00 0.0 0 7.0 14 60 M M 1 19 170
16 88 74 81 -4 0 16 0.82 0.0 0 6.2 23 160 M M 3 1238 42 220
17 89 77 83 -2 0 18 0.00 0.0 0 8.7 14 80 M M 1 22 80
18 90 82 86 1 0 21 0.00 0.0 0 8.9 15 120 M M 2 23 110
19 91 82 87 2 0 22 0.00 0.0 0 8.3 13 120 M M 1 20 120
20 91 83 87 2 0 22 0.00 0.0 0 5.9 10 160 M M 2 17 150
21 91 83 87 2 0 22 T 0.0 0 7.8 12 130 M M 1 19 160
22 91 83 87 2 0 22 0.00 0.0 0 6.9 13 160 M M 1 20 120
23 92 80 86 1 0 21 0.01 0.0 0 6.2 16 60 M M 2 26 30
24 84 72 78 -7 0 13 0.67 0.0 0 7.6 18 100 M M 3 123 33 110
25 87 75 81 -4 0 16 0.19 0.0 0 8.7 18 130 M M 3 138 32 110
26 89 77 83 -2 0 18 0.21 0.0 0 8.4 16 130 M M 2 138 26 130
27 89 77 83 -2 0 18 T 0.0 0 9.1 20 80 M M 1 30 110
28 85 76 81 -4 0 16 0.10 0.0 0 7.7 17 120 M M 2 138 31 120
29 85 73 79 -6 0 14 0.67 0.0 0 7.9 21 80 M M 3 138 33 110
30 86 74 80 -5 0 15 0.34 0.0 0 7.6 20 70 M M 3 18 29 150
================================================================================
SM 2675 2353 0 569 4.26 0.0 250.6 M 54
================================================================================
AV 89.2 78.4 8.4 FASTST M M 2 MAX(MPH)
MISC ----> 23 160 42 220
================================================================================
NOTES:
# LAST OF SEVERAL OCCURRENCES
COLUMN 17 PEAK WIND IN M.P.H.
PRELIMINARY LOCAL CLIMATOLOGICAL DATA (WS FORM: F-6) , PAGE 2
STATION: MARATHON
MONTH: JUNE
YEAR: 2021
LATITUDE: 24 43 N
LONGITUDE: 81 5 W
[TEMPERATURE DATA] [PRECIPITATION DATA] SYMBOLS USED IN COLUMN 16
AVERAGE MONTHLY: 83.8 TOTAL FOR MONTH: 4.26 1 = FOG OR MIST
DPTR FM NORMAL: -0.6 DPTR FM NORMAL: 0.03 2 = FOG REDUCING VISIBILITY
HIGHEST: 92 ON 23,12 GRTST 24HR 0.82 ON 16-16 TO 1/4 MILE OR LESS
LOWEST: 72 ON 24, 1 3 = THUNDER
SNOW, ICE PELLETS, HAIL 4 = ICE PELLETS
TOTAL MONTH: 0.0 INCH 5 = HAIL
GRTST 24HR 0.0 6 = FREEZING RAIN OR DRIZZLE
GRTST DEPTH: 0 7 = DUSTSTORM OR SANDSTORM:
VSBY 1/2 MILE OR LESS
8 = SMOKE OR HAZE
[NO. OF DAYS WITH] [WEATHER - DAYS WITH] 9 = BLOWING SNOW
X = TORNADO
MAX 32 OR BELOW: 0 0.01 INCH OR MORE: 14
MAX 90 OR ABOVE: 15 0.10 INCH OR MORE: 10
MIN 32 OR BELOW: 0 0.50 INCH OR MORE: 4
MIN 0 OR BELOW: 0 1.00 INCH OR MORE: 0
[HDD (BASE 65) ]
TOTAL THIS MO. 0 CLEAR (SCALE 0-3) 30
DPTR FM NORMAL 0 PTCLDY (SCALE 4-7) 0
TOTAL FM JUL 1 36 CLOUDY (SCALE 8-10) 0
DPTR FM NORMAL -35
[CDD (BASE 65) ]
TOTAL THIS MO. 569
DPTR FM NORMAL -13 [PRESSURE DATA]
TOTAL FM JAN 1 2300 HIGHEST SLP 30.14 ON 8
DPTR FM NORMAL 95 LOWEST SLP 29.88 ON 12
[REMARKS]
#FINAL-06-21#
CORRECTED SKY COVER DAYS TABLE.
ROSS