000
CXUS55 KGJT 011125 RRA
CF6MTJ
PRELIMINARY LOCAL CLIMATOLOGICAL DATA (WS FORM: F-6)
STATION: MONTROSE CO
MONTH: JANUARY
YEAR: 2023
LATITUDE: 38 30 N
LONGITUDE: 107 53 W
TEMPERATURE IN F: :PCPN: SNOW: WIND :SUNSHINE: SKY :PK WND
================================================================================
1 2 3 4 5 6A 6B 7 8 9 10 11 12 13 14 15 16 17 18
12Z AVG MX 2MIN
DY MAX MIN AVG DEP HDD CDD WTR SNW DPTH SPD SPD DIR MIN PSBL S-S WX SPD DR
================================================================================
1 50 35 43 18 22 0 0.04 M M 6.4 21 220 M M 7 34 150
2 41 31 36 11 29 0 0.03 M M 5.4 18 230 M M 9 1 27 230
3 33 21 27 2 38 0 0.07 M M 3.3 10 40 M M 10 12 14 310
4 37 19 28 3 37 0 0.00 M M 4.6 12 130 M M 4 13 140
5 39 20 30 4 35 0 0.00 M M 4.6 13 100 M M 1 19 90
6 41 28 35 9 30 0 T M M 4.6 17 80 M M 9 25 70
7 41 26 34 8 31 0 0.00 M M 3.6 10 140 M M 3 12 12 140
8 44 27 36 10 29 0 0.00 M M 5.6 16 80 M M 3 21 80
9 44 27 36 10 29 0 T M M 5.0 20 220 M M 7 31 230
10 52 32 42 16 23 0 0.00 M M 8.3 30 200 M M 4 43 190
11 43 26 35 9 30 0 T M M 9.7 25 210 M M 7 1 37 190
12 41 22 32 6 33 0 0.00 M M 4.4 10 130 M M 0 12 130
13 45 22 34 8 31 0 0.00 M M 4.5 9 170 M M 0 10 320
14 49 27 38 11 27 0 0.00 M M 5.5 21 220 M M 4 29 210
15 42 32 37 10 28 0 T M M 6.3 22 240 M M 9 30 230
16 41 28 35 8 30 0 0.01 M M 4.8 15 120 M M 9 12 20 120
17 36 26 31 4 34 0 0.04 M M 5.0 23 110 M M 8 12 30 110
18 32 21 27 0 38 0 0.03 M M 6.7 17 310 M M 9 1 24 300
19 35 14 25 -2 40 0 0.00 M M 4.7 14 160 M M 0 15 160
20 31 20 26 -2 39 0 0.00 M M 2.6 10 310 M M 7 14 310
21 30 17 24 -4 41 0 T M M 5.3 15 150 M M 6 18 310
22 33 12 23 -5 42 0 0.00 M M 5.6 13 330 M M 1 16 330
23 34 16 25 -3 40 0 0.00 M M 6.6 15 310 M M 0 18 310
24 30 16 23 -5 42 0 T M M 3.8 12 300 M M 7 18 15 290
25 32 16 24 -5 41 0 T M M 6.2 16 300 M M 6 18 21 290
26 31 12 22 -7 43 0 0.00 M M 3.4 10 130 M M 5 12 130
27 36 16 26 -3 39 0 0.00 M M 4.8 15 320 M M 6 19 330
28 38 22 30 1 35 0 T M M 3.6 9 150 M M 7 1 13 340
29 46 23 35 5 30 0 0.00 M M 8.7 28 240 M M 3 8 40 240
30 43 22 33 3 32 0 0.12 M M 7.9 22 210 M M 7 1 29 220
31 23 4 14 -16 51 0 0.01 M M 5.0 14 160 M M 4 1 15 140
================================================================================
SM 1193 680 1069 0 0.35 M 166.5 M 162
================================================================================
AV 38.5 21.9 5.4 FASTST M M 5 MAX(MPH)
MISC ----> 30 200 43 190
================================================================================
NOTES:
# LAST OF SEVERAL OCCURRENCES
COLUMN 17 PEAK WIND IN M.P.H.
PRELIMINARY LOCAL CLIMATOLOGICAL DATA (WS FORM: F-6) , PAGE 2
STATION: MONTROSE CO
MONTH: JANUARY
YEAR: 2023
LATITUDE: 38 30 N
LONGITUDE: 107 53 W
[TEMPERATURE DATA] [PRECIPITATION DATA] SYMBOLS USED IN COLUMN 16
AVERAGE MONTHLY: 30.2 TOTAL FOR MONTH: 0.35 1 = FOG OR MIST
DPTR FM NORMAL: 3.0 DPTR FM NORMAL: -0.06 2 = FOG REDUCING VISIBILITY
HIGHEST: 52 ON 10 GRTST 24HR 0.13 ON 30-31 TO 1/4 MILE OR LESS
LOWEST: 4 ON 31 3 = THUNDER
SNOW, ICE PELLETS, HAIL 4 = ICE PELLETS
TOTAL MONTH: M 5 = HAIL
GRTST 24HR M ON M 6 = FREEZING RAIN OR DRIZZLE
GRTST DEPTH: M ON M 7 = DUSTSTORM OR SANDSTORM:
VSBY 1/2 MILE OR LESS
8 = SMOKE OR HAZE
[NO. OF DAYS WITH] [WEATHER - DAYS WITH] 9 = BLOWING SNOW
X = TORNADO
MAX 32 OR BELOW: 7 0.01 INCH OR MORE: 8
MAX 90 OR ABOVE: 0 0.10 INCH OR MORE: 1
MIN 32 OR BELOW: 30 0.50 INCH OR MORE: 0
MIN 0 OR BELOW: 0 1.00 INCH OR MORE: 0
[HDD (BASE 65) ]
TOTAL THIS MO. 1069 CLEAR (SCALE 0-3) 7
DPTR FM NORMAL -104 PTCLDY (SCALE 4-7) 18
TOTAL FM JUL 1 3561 CLOUDY (SCALE 8-10) 6
DPTR FM NORMAL -138
[CDD (BASE 65) ]
TOTAL THIS MO. 0
DPTR FM NORMAL 0 [PRESSURE DATA]
TOTAL FM JAN 1 0 HIGHEST SLP 30.58 ON 26
DPTR FM NORMAL 0 LOWEST SLP 29.46 ON 15
[REMARKS]
#FINAL-01-23#