000
CXUS53 KILX 011000
CF6MTO
PRELIMINARY LOCAL CLIMATOLOGICAL DATA (WS FORM: F-6)
STATION: MATTOON IL AIRPORT
MONTH: NOVEMBER
YEAR: 2023
LATITUDE: 39 28 N
LONGITUDE: 88 17 W
TEMPERATURE IN F: :PCPN: SNOW: WIND :SUNSHINE: SKY :PK WND
================================================================================
1 2 3 4 5 6A 6B 7 8 9 10 11 12 13 14 15 16 17 18
12Z AVG MX 2MIN
DY MAX MIN AVG DEP HDD CDD WTR SNW DPTH SPD SPD DIR MIN PSBL S-S WX SPD DR
================================================================================
1 45 24 35 -14 30 0 0.00 M M 6.3 16 300 M M 2 22 300
2 55 31 43 -5 22 0 0.00 M M 10.4 17 180 M M 0 30 220
3 61 38 50 2 15 0 T M M 11.7 18 170 M M 1 35 160
4 63 43 53 5 12 0 0.00 M M 7.3 14 310 M M 3 20 190
5 62 33 48 1 17 0 0.00 M M 5.2 12 160 M M 0 128 17 170
6 73 51 62 15 3 0 0.00 M M 9.4 21 210 M M 5 40 200
7 71 45 58 12 7 0 0.00 M M 4.7 14 110 M M 2 12 20 100
8 76 53 65 19 0 0 0.01 M M 12.0 22 170 M M 7 40 170
9 55 43 49 4 16 0 0.00 M M 7.8 17 340 M M 1 28 350
10 55 29 42 -3 23 0 0.00 M M 8.3 17 320 M M 0 29 270
11 52 25 39 -6 26 0 0.00 M M 4.2 13 110 M M 0 17 110
12 58 37 48 4 17 0 0.00 M M 6.9 14 140 M M 1 18 130
13 66 36 51 7 14 0 0.00 M M 6.8 16 310 M M 0 23 320
14 63 31 47 4 18 0 0.00 M M 5.2 16 160 M M 0 23 200
15 68 36 52 9 13 0 0.00 M M 6.1 12 180 M M 0 16 270
16 66 45 56 13 9 0 0.00 M M 9.4 18 180 M M 4 33 180
17 62 33 48 6 17 0 T M M 9.5 20 320 M M 7 1 29 250
18 53 28 41 -1 24 0 0.00 M M 3.1 10 270 M M 0 1 15 270
19 60 31 46 4 19 0 0.00 M M 3.0 9 110 M M 0 14 90
20 53 45 49 8 16 0 0.04 M M 9.2 18 110 M M 7 1 25 130
21 47 36 42 1 23 0 0.07 M M 12.0 23 290 M M 10 1 33 270
22 43 33 38 -2 27 0 0.00 M M 7.8 14 290 M M 5 1 18 280
23 52 30 41 1 24 0 0.00 M M 7.9 13 190 M M 0 19 190
24 41 29 35 -5 30 0 0.00 M M 11.9 29 20 M M 0 38 20
25 43 26 35 -4 30 0 0.00 M M 3.7 13 50 M M 0 16 50
26 39 26 33 -6 32 0 0.20 M M 9.8 26 270 M M 8 1 40 270
27 35 18 27 -12 38 0 0.00 M M 12.3 24 270 M M 5 37 270
28 27 15 21 -17 44 0 0.00 M M 7.8 16 310 M M 1 21 310
29 52 23 38 0 27 0 0.00 M M 8.5 14 180 M M 0 22 170
30 53 37 45 7 20 0 0.04 M M 11.1 18 190 M M 5 1 33 190
================================================================================
SM 1649 1010 613 0 0.36 M 239.3 M 74
================================================================================
AV 55.0 33.7 8.0 FASTST M M 2 MAX(MPH)
MISC ----> 29 20 # 40 200
================================================================================
NOTES:
# LAST OF SEVERAL OCCURRENCES
COLUMN 17 PEAK WIND IN M.P.H.
PRELIMINARY LOCAL CLIMATOLOGICAL DATA (WS FORM: F-6) , PAGE 2
STATION: MATTOON IL AIRPORT
MONTH: NOVEMBER
YEAR: 2023
LATITUDE: 39 28 N
LONGITUDE: 88 17 W
[TEMPERATURE DATA] [PRECIPITATION DATA] SYMBOLS USED IN COLUMN 16
AVERAGE MONTHLY: 44.3 TOTAL FOR MONTH: 0.36 1 = FOG OR MIST
DPTR FM NORMAL: 1.4 DPTR FM NORMAL: -2.67 2 = FOG REDUCING VISIBILITY
HIGHEST: 76 ON 8 GRTST 24HR 0.20 ON 26-26 TO 1/4 MILE OR LESS
LOWEST: 15 ON 28 3 = THUNDER
SNOW, ICE PELLETS, HAIL 4 = ICE PELLETS
TOTAL MONTH: M 5 = HAIL
GRTST 24HR M ON M 6 = FREEZING RAIN OR DRIZZLE
GRTST DEPTH: M ON M 7 = DUSTSTORM OR SANDSTORM:
VSBY 1/2 MILE OR LESS
8 = SMOKE OR HAZE
[NO. OF DAYS WITH] [WEATHER - DAYS WITH] 9 = BLOWING SNOW
X = TORNADO
MAX 32 OR BELOW: 1 0.01 INCH OR MORE: 5
MAX 90 OR ABOVE: 0 0.10 INCH OR MORE: 1
MIN 32 OR BELOW: 14 0.50 INCH OR MORE: 0
MIN 0 OR BELOW: 0 1.00 INCH OR MORE: 0
[HDD (BASE 65) ]
TOTAL THIS MO. 613 CLEAR (SCALE 0-3) 19
DPTR FM NORMAL -49 PTCLDY (SCALE 4-7) 10
TOTAL FM JUL 1 907 CLOUDY (SCALE 8-10) 1
DPTR FM NORMAL -136
[CDD (BASE 65) ]
TOTAL THIS MO. 0
DPTR FM NORMAL -1 [PRESSURE DATA]
TOTAL FM JAN 1 1048 HIGHEST SLP 30.48 ON 11
DPTR FM NORMAL -69 LOWEST SLP 29.59 ON 8
[REMARKS]
#FINAL-11-23#