000
CXUS53 KGRB 230719
CF6MTW
PRELIMINARY LOCAL CLIMATOLOGICAL DATA (WS FORM: F-6)
STATION: MANITOWOC AWOS
MONTH: FEBRUARY
YEAR: 2023
LATITUDE: 44 7 N
LONGITUDE: 87 40 W
TEMPERATURE IN F: :PCPN: SNOW: WIND :SUNSHINE: SKY :PK WND
================================================================================
1 2 3 4 5 6A 6B 7 8 9 10 11 12 13 14 15 16 17 18
12Z AVG MX 2MIN
DY MAX MIN AVG DEP HDD CDD WTR SNW DPTH SPD SPD DIR MIN PSBL S-S WX SPD DR
================================================================================
1 25 3 14 -6 51 0 M M M 9.7 14 250 M M 2 M M
2 25 3 14 -6 51 0 T M M 14.9 20 310 M M 3 26 330
3 8 -7 1 -19 64 0 M M M 9.8 15 300 M M 2 M M
4 32 6 19 -1 46 0 M M M 8.8 14 200 M M 3 22 200
5 33 15 24 4 41 0 M M M 5.0 13 330 M M 3 M M
6 37 8 23 2 42 0 0.02 M M 10.4 25 160 M M 5 38 170
7 43 33 38 17 27 0 0.04 M M 13.9 28 170 M M 7 38 170
8 44 28 36 15 29 0 M M M 7.4 13 160 M M 0 1 M M
9 37 30 34 M 31 0 0.29 M M 8.9 20 340 M M 9 12 30 340
10 35 20 28 M 37 0 M M M 11.3 20 320 M M 3 28 320
11 42 18 30 M 35 0 M M M 10.8 21 240 M M 0 36 240
12 46 27 37 M 28 0 M M M 7.4 13 250 M M 0 M M
13 43 30 37 M 28 0 M M M 10.3 20 300 M M 0 28 300
14 43 28 36 M 29 0 0.10 M M 11.9 21 140 M M 3 33 150
15 47 30 39 M 26 0 T M M 14.9 26 220 M M 9 40 240
16 30 19 25 M 40 0 M M M 11.6 21 350 M M 9 1 27 350
17 23 10 17 M 48 0 M M M 10.2 17 350 M M 4 24 350
18 38 19 29 M 36 0 M M M 9.7 17 230 M M 0 22 230
19 45 30 38 M 27 0 M M M 11.6 18 230 M M 1 28 230
20 35 22 29 M 36 0 T M M 7.6 14 170 M M 3 M M
21 38 20 29 M 36 0 0.01 M M 13.6 25 270 M M 5 1 37 280
22 29 23 26 M 39 0 0.09 M M 11.5 22 50 M M 10 1 31 50
================================================================================
SM 778 415 827 0 0.55 M 231.1 M 81
================================================================================
AV 35.4 18.9 10.5 FASTST M M 4 MAX(MPH)
MISC ----> 28 170 40 240
================================================================================
NOTES:
# LAST OF SEVERAL OCCURRENCES
COLUMN 17 PEAK WIND IN M.P.H.
PRELIMINARY LOCAL CLIMATOLOGICAL DATA (WS FORM: F-6) , PAGE 2
STATION: MANITOWOC AWOS
MONTH: FEBRUARY
YEAR: 2023
LATITUDE: 44 7 N
LONGITUDE: 87 40 W
[TEMPERATURE DATA] [PRECIPITATION DATA] SYMBOLS USED IN COLUMN 16
AVERAGE MONTHLY: 27.1 TOTAL FOR MONTH: 0.55 1 = FOG OR MIST
DPTR FM NORMAL: 0.0 DPTR FM NORMAL: 0.15 2 = FOG REDUCING VISIBILITY
HIGHEST: 47 ON 15 GRTST 24HR 0.29 ON 9- 9 TO 1/4 MILE OR LESS
LOWEST: -7 ON 3 3 = THUNDER
SNOW, ICE PELLETS, HAIL 4 = ICE PELLETS
TOTAL MONTH: M 5 = HAIL
GRTST 24HR M ON M 6 = FREEZING RAIN OR DRIZZLE
GRTST DEPTH: M ON M 7 = DUSTSTORM OR SANDSTORM:
VSBY 1/2 MILE OR LESS
8 = SMOKE OR HAZE
[NO. OF DAYS WITH] [WEATHER - DAYS WITH] 9 = BLOWING SNOW
X = TORNADO
MAX 32 OR BELOW: 7 0.01 INCH OR MORE: 6
MAX 90 OR ABOVE: 0 0.10 INCH OR MORE: 1
MIN 32 OR BELOW: 21 0.50 INCH OR MORE: 0
MIN 0 OR BELOW: 1 1.00 INCH OR MORE: 0
[HDD (BASE 65) ]
TOTAL THIS MO. 827 CLEAR (SCALE 0-3) 9
DPTR FM NORMAL 470 PTCLDY (SCALE 4-7) 9
TOTAL FM JUL 1 4748 CLOUDY (SCALE 8-10) 4
DPTR FM NORMAL 2953
[CDD (BASE 65) ]
TOTAL THIS MO. 0
DPTR FM NORMAL 0 [PRESSURE DATA]
TOTAL FM JAN 1 0 HIGHEST SLP M ON M
DPTR FM NORMAL 0 LOWEST SLP M ON M
[REMARKS]