000
CXUS53 KGRB 011828
CF6MTW
PRELIMINARY LOCAL CLIMATOLOGICAL DATA (WS FORM: F-6)
STATION: MANITOWOC AWOS
MONTH: OCTOBER
YEAR: 2021
LATITUDE: 44 7 N
LONGITUDE: 87 40 W
TEMPERATURE IN F: :PCPN: SNOW: WIND :SUNSHINE: SKY :PK WND
================================================================================
1 2 3 4 5 6A 6B 7 8 9 10 11 12 13 14 15 16 17 18
12Z AVG MX 2MIN
DY MAX MIN AVG DEP HDD CDD WTR SNW DPTH SPD SPD DIR MIN PSBL S-S WX SPD DR
================================================================================
1 74 51 63 M 2 0 M M M 3.6 10 140 M M 4 128 M M
2 77 57 67 M 0 2 M M M 2.7 8 170 M M 6 128 M M
3 69 59 64 M 1 0 0.42 M M 3.1 9 290 M M 10 1238 17 290
4 65 60 63 M 2 0 M M M 5.8 12 30 M M 9 18 16 30
5 66 55 61 M 4 0 M M M 4.8 10 30 M M 5 M M
6 68 52 60 M 5 0 0.03 M M 3.5 10 80 M M 1 128 M M
7 65 54 60 M 5 0 0.40 M M 5.1 12 80 M M 10 18 M M
8 70 60 65 M 0 0 0.37 M M 4.6 9 100 M M 8 138 18 230
9 68 60 64 M 1 0 M M M 4.4 10 160 M M 9 18 M M
10 72 63 68 M 0 3 T M M 11.7 20 190 M M 3 30 170
11 71 61 66 M 0 1 0.73 M M 5.0 14 170 M M 6 18 M M
12 68 62 65 M 0 0 0.10 M M 6.1 13 330 M M 7 1 M M
13 66 59 63 M 2 0 T M M 8.4 21 160 M M 7 30 150
14 67 48 58 M 7 0 M M M 7.4 16 240 M M 3 18 23 230
15 56 43 50 M 15 0 T M M 5.1 10 280 M M 4 M M
16 58 42 50 M 15 0 M M M 10.7 18 270 M M 2 29 290
17 64 43 54 M 11 0 M M M 10.2 18 290 M M 1 30 280
18 65 43 54 M 11 0 M M M 5.4 10 170 M M 0 1 M M
19 73 44 59 M 6 0 M M M 4.4 15 230 M M 0 12 18 230
20 65 50 58 M 7 0 0.37 M M 4.7 15 70 M M 5 13 18 70
21 59 37 48 M 17 0 0.02 M M 9.5 18 360 M M 7 18 25 360
22 47 34 41 M 24 0 M M M 5.7 9 320 M M 5 M M
23 52 35 44 M 21 0 M M M 6.2 12 340 M M 5 M M
24 52 30 41 M 24 0 T M M 7.2 15 60 M M 3 26 60
25 53 43 48 M 17 0 T M M 12.4 20 20 M M 6 31 40
26 51 36 44 M 21 0 M M M 6.4 12 340 M M 3 17 10
27 52 38 45 M 20 0 M M M 7.6 15 130 M M 10 20 110
28 57 51 54 M 11 0 0.14 M M 8.2 16 120 M M 7 1 M M
29 55 49 52 M 13 0 0.09 M M 10.9 15 10 M M 10 28 20
30 57 42 50 M 15 0 M M M 7.8 15 340 M M 5 22 340
31 51 39 45 M 20 0 M M M 11.5 20 310 M M 5 31 300
================================================================================
SM 1933 1500 297 6 2.67 M 210.0 M 166
================================================================================
AV 62.4 48.4 6.8 FASTST M M 5 MAX(MPH)
MISC ----> 21 160 # 31 300
================================================================================
NOTES:
# LAST OF SEVERAL OCCURRENCES
COLUMN 17 PEAK WIND IN M.P.H.
PRELIMINARY LOCAL CLIMATOLOGICAL DATA (WS FORM: F-6) , PAGE 2
STATION: MANITOWOC AWOS
MONTH: OCTOBER
YEAR: 2021
LATITUDE: 44 7 N
LONGITUDE: 87 40 W
[TEMPERATURE DATA] [PRECIPITATION DATA] SYMBOLS USED IN COLUMN 16
AVERAGE MONTHLY: 55.4 TOTAL FOR MONTH: 2.67 1 = FOG OR MIST
DPTR FM NORMAL: 0.0 DPTR FM NORMAL: M 2 = FOG REDUCING VISIBILITY
HIGHEST: 77 ON 2 GRTST 24HR 0.82 ON 11-12 TO 1/4 MILE OR LESS
LOWEST: 30 ON 24 3 = THUNDER
SNOW, ICE PELLETS, HAIL 4 = ICE PELLETS
TOTAL MONTH: M 5 = HAIL
GRTST 24HR M ON M 6 = FREEZING RAIN OR DRIZZLE
GRTST DEPTH: M ON M 7 = DUSTSTORM OR SANDSTORM:
VSBY 1/2 MILE OR LESS
8 = SMOKE OR HAZE
[NO. OF DAYS WITH] [WEATHER - DAYS WITH] 9 = BLOWING SNOW
X = TORNADO
MAX 32 OR BELOW: 0 0.01 INCH OR MORE: 10
MAX 90 OR ABOVE: 0 0.10 INCH OR MORE: 7
MIN 32 OR BELOW: 1 0.50 INCH OR MORE: 1
MIN 0 OR BELOW: 0 1.00 INCH OR MORE: 0
[HDD (BASE 65) ]
TOTAL THIS MO. 297 CLEAR (SCALE 0-3) 8
DPTR FM NORMAL M PTCLDY (SCALE 4-7) 16
TOTAL FM JUL 1 439 CLOUDY (SCALE 8-10) 7
DPTR FM NORMAL M
[CDD (BASE 65) ]
TOTAL THIS MO. 6
DPTR FM NORMAL M [PRESSURE DATA]
TOTAL FM JAN 1 470 HIGHEST SLP 30.35 ON 6
DPTR FM NORMAL 470 LOWEST SLP 29.63 ON 11
[REMARKS]
#FINAL-10-21#