000
CXUS54 KLZK 020042
CF6MWT
PRELIMINARY LOCAL CLIMATOLOGICAL DATA (WS FORM: F-6)
STATION: MOUNT IDA
MONTH: FEBRUARY
YEAR: 2024
LATITUDE: 34 32 N
LONGITUDE: 93 35 W
TEMPERATURE IN F: :PCPN: SNOW: WIND :SUNSHINE: SKY :PK WND
================================================================================
1 2 3 4 5 6A 6B 7 8 9 10 11 12 13 14 15 16 17 18
12Z AVG MX 2MIN
DY MAX MIN AVG DEP HDD CDD WTR SNW DPTH SPD SPD DIR MIN PSBL S-S WX SPD DR
================================================================================
1 68 34 51 8 14 0 0.00 0.0 0 1.0 9 170 M M 0 16 260
2 69 43 56 13 9 0 0.00 0.0 0 2.3 10 120 M M 6 16 110
3 59 49 54 11 11 0 1.03 0.0 0 4.3 15 110 M M 9 1 23 90
4 56 48 52 9 13 0 0.20 0.0 0 0.7 7 360 M M 10 128 15 10
5 66 37 52 8 13 0 T 0.0 0 2.8 12 310 M M 2 22 340
6 66 30 48 4 17 0 0.00 0.0 0 0.4 6 120 M M 0 9 130
7 65 35 50 6 15 0 0.00 0.0 0 3.0 14 120 M M 0 25 120
8 65 57 61 17 4 0 0.00 0.0 0 4.7 10 180 M M 6 22 180
9 73 54 64 20 1 0 0.31 0.0 0 1.9 10 170 M M 2 1 19 170
10 65 52 59 15 6 0 0.33 0.0 0 0.6 6 100 M M 7 1 12 70
11 52 43 48 4 17 0 0.49 0.0 0 1.6 7 40 M M 10 1 14 350
12 44 33 39 -6 26 0 0.07 0.0 0 3.7 13 290 M M 8 1 22 290
13 63 29 46 1 19 0 0.00 0.0 0 0.7 8 150 M M 0 1 13 120
14 65 30 48 3 17 0 0.00 0.0 0 2.3 10 100 M M 0 18 140
15 72 45 59 14 6 0 0.00 0.0 0 2.2 8 130 M M 0 M M
16 70 38 54 8 11 0 0.00 0.0 0 4.8 17 310 M M 9 1 31 290
17 48 28 38 -8 27 0 0.00 0.0 0 3.0 12 10 M M 3 20 60
18 57 21 39 -7 26 0 0.00 0.0 0 1.3 8 320 M M 0 15 320
19 61 23 42 -4 23 0 0.00 0.0 0 1.4 12 180 M M 0 18 19 170
20 76 29 53 7 12 0 0.00 0.0 0 0.9 8 250 M M 0 8 14 250
21 77 46 62 15 3 0 0.00 0.0 0 4.0 13 170 M M 1 23 150
22 80 60 70 23 0 5 0.02 0.0 0 5.8 16 190 M M 6 33 220
23 69 46 58 11 7 0 0.00 0.0 0 4.2 14 310 M M 0 24 300
24 72 37 55 7 10 0 0.00 0.0 0 2.3 13 290 M M 0 8 20 310
25 80 41 61 13 4 0 0.00 0.0 0 4.7 13 220 M M 1 28 170
26 81 55 68 20 0 3 0.00 0.0 0 4.1 13 200 M M 2 28 190
27 75 69 72 24 0 7 0.00 0.0 0 5.6 17 170 M M 1 31 180
28 73 38 56 7 9 0 0.00 0.0 0 5.5 16 290 M M 2 28 280
29 50 29 40 -9 25 0 0.18 T 0 1.9 13 110 M M 4 14 19 100
================================================================================
SM 1917 1179 345 15 2.63 T 81.7 M 89
================================================================================
AV 66.1 40.7 2.8 FASTST M M 3 MAX(MPH)
MISC ----> # 17 310 33 220
================================================================================
NOTES:
# LAST OF SEVERAL OCCURRENCES
COLUMN 17 PEAK WIND IN M.P.H.
PRELIMINARY LOCAL CLIMATOLOGICAL DATA (WS FORM: F-6) , PAGE 2
STATION: MOUNT IDA
MONTH: FEBRUARY
YEAR: 2024
LATITUDE: 34 32 N
LONGITUDE: 93 35 W
[TEMPERATURE DATA] [PRECIPITATION DATA] SYMBOLS USED IN COLUMN 16
AVERAGE MONTHLY: 53.4 TOTAL FOR MONTH: 2.63 1 = FOG OR MIST
DPTR FM NORMAL: 7.9 DPTR FM NORMAL: -1.41 2 = FOG REDUCING VISIBILITY
HIGHEST: 81 ON 26 GRTST 24HR 1.20 ON 3- 4 TO 1/4 MILE OR LESS
LOWEST: 21 ON 18 3 = THUNDER
SNOW, ICE PELLETS, HAIL 4 = ICE PELLETS
TOTAL MONTH: T 5 = HAIL
GRTST 24HR T ON 29-29 6 = FREEZING RAIN OR DRIZZLE
GRTST DEPTH: 0 7 = DUSTSTORM OR SANDSTORM:
VSBY 1/2 MILE OR LESS
8 = SMOKE OR HAZE
[NO. OF DAYS WITH] [WEATHER - DAYS WITH] 9 = BLOWING SNOW
X = TORNADO
MAX 32 OR BELOW: 0 0.01 INCH OR MORE: 8
MAX 90 OR ABOVE: 0 0.10 INCH OR MORE: 6
MIN 32 OR BELOW: 8 0.50 INCH OR MORE: 1
MIN 0 OR BELOW: 0 1.00 INCH OR MORE: 1
[HDD (BASE 65) ]
TOTAL THIS MO. 345 CLEAR (SCALE 0-3) 18
DPTR FM NORMAL -205 PTCLDY (SCALE 4-7) 6
TOTAL FM JUL 1 2262 CLOUDY (SCALE 8-10) 5
DPTR FM NORMAL -286
[CDD (BASE 65) ]
TOTAL THIS MO. 15
DPTR FM NORMAL 12 [PRESSURE DATA]
TOTAL FM JAN 1 15 HIGHEST SLP 30.47 ON 29
DPTR FM NORMAL 11 LOWEST SLP 29.49 ON 27
[REMARKS]
#FINAL-02-24#