000
CXUS55 KBOI 011002
CF6MYL
PRELIMINARY LOCAL CLIMATOLOGICAL DATA (WS FORM: F-6)
STATION: MCCALL ID
MONTH: MARCH
YEAR: 2022
LATITUDE: 44 52 N
LONGITUDE: 116 6 W
TEMPERATURE IN F: :PCPN: SNOW: WIND :SUNSHINE: SKY :PK WND
================================================================================
1 2 3 4 5 6A 6B 7 8 9 10 11 12 13 14 15 16 17 18
12Z AVG MX 2MIN
DY MAX MIN AVG DEP HDD CDD WTR SNW DPTH SPD SPD DIR MIN PSBL S-S WX SPD DR
================================================================================
1 44 32 38 10 27 0 0.28 M M 1.2 8 340 M M 9 12 9 340
2 52 32 42 14 23 0 T M M 2.0 12 170 M M 7 1 17 160
3 49 32 41 13 24 0 0.12 M M 2.7 17 290 M M 9 1 24 300
4 37 27 32 3 33 0 0.01 M M 5.8 14 360 M M 9 1 24 350
5 38 28 33 4 32 0 0.00 M M 10.6 17 360 M M 4 26 350
6 33 21 27 -2 38 0 T M M 9.0 22 310 M M 6 34 320
7 37 11 24 -6 41 0 0.00 M M 1.9 10 340 M M 4 14 340
8 34 16 25 -5 40 0 0.08 M M 3.7 13 290 M M 7 18 19 250
9 28 8 18 -12 47 0 0.00 M M 7.4 17 340 M M 5 27 300
10 27 -4 12 -18 53 0 0.00 M M 2.9 9 350 M M 3 13 350
11 37 7 22 -8 43 0 0.00 M M 0.8 5 70 M M 9 7 240
12 47 24 36 5 29 0 0.00 M M 5.7 28 220 M M 3 41 190
13 44 30 37 6 28 0 0.09 M M 8.1 29 190 M M 10 18 50 190
14 40 25 33 2 32 0 0.00 M M 4.2 12 170 M M 8 1 17 160
15 41 32 37 6 28 0 0.41 M M 5.8 17 180 M M 9 13 22 320
16 41 23 32 0 33 0 T M M 4.3 16 300 M M 7 1 24 320
17 41 14 28 -4 37 0 0.00 M M 1.5 8 170 M M 2 11 150
18 43 30 37 5 28 0 0.00 M M 3.3 12 170 M M 7 16 170
19 45 28 37 5 28 0 0.15 M M 5.4 18 310 M M 5 1 29 310
20 35 24 30 -2 35 0 0.00 M M 6.6 15 350 M M 5 21 350
21 38 18 28 -5 37 0 0.00 M M 2.2 9 190 M M 7 10 200
22 50 27 39 6 26 0 0.00 M M 2.5 13 280 M M 7 18 280
23 54 24 39 6 26 0 0.00 M M 2.3 9 340 M M 1 11 340
24 53 29 41 8 24 0 0.00 M M 2.5 8 190 M M 1 10 150
25 55 27 41 8 24 0 0.00 M M 1.2 7 350 M M 0 10 140
26 56 29 43 9 22 0 0.00 M M 1.5 7 350 M M 0 9 160
27 59 30 45 11 20 0 0.00 M M 1.4 9 10 M M 1 12 10
28 52 29 41 7 24 0 0.18 M M 3.8 15 300 M M 5 18 23 310
29 54 34 44 10 21 0 0.00 M M 8.7 17 10 M M 7 27 10
30 49 27 38 4 27 0 T M M 4.1 14 290 M M 4 19 260
31 44 28 36 2 29 0 0.00 M M 7.6 17 280 M M 2 25 280
================================================================================
SM 1357 742 959 0 1.32 M 130.7 M 163
================================================================================
AV 43.8 23.9 4.2 FASTST M M 5 MAX(MPH)
MISC ----> 29 190 50 190
================================================================================
NOTES:
# LAST OF SEVERAL OCCURRENCES
COLUMN 17 PEAK WIND IN M.P.H.
PRELIMINARY LOCAL CLIMATOLOGICAL DATA (WS FORM: F-6) , PAGE 2
STATION: MCCALL ID
MONTH: MARCH
YEAR: 2022
LATITUDE: 44 52 N
LONGITUDE: 116 6 W
[TEMPERATURE DATA] [PRECIPITATION DATA] SYMBOLS USED IN COLUMN 16
AVERAGE MONTHLY: 33.9 TOTAL FOR MONTH: 1.32 1 = FOG OR MIST
DPTR FM NORMAL: 2.4 DPTR FM NORMAL: -1.39 2 = FOG REDUCING VISIBILITY
HIGHEST: 59 ON 27 GRTST 24HR 0.57 ON 28- 1 TO 1/4 MILE OR LESS
LOWEST: -4 ON 10 3 = THUNDER
SNOW, ICE PELLETS, HAIL 4 = ICE PELLETS
TOTAL MONTH: M 5 = HAIL
GRTST 24HR M ON M 6 = FREEZING RAIN OR DRIZZLE
GRTST DEPTH: M ON M 7 = DUSTSTORM OR SANDSTORM:
VSBY 1/2 MILE OR LESS
8 = SMOKE OR HAZE
[NO. OF DAYS WITH] [WEATHER - DAYS WITH] 9 = BLOWING SNOW
X = TORNADO
MAX 32 OR BELOW: 2 0.01 INCH OR MORE: 8
MAX 90 OR ABOVE: 0 0.10 INCH OR MORE: 5
MIN 32 OR BELOW: 30 0.50 INCH OR MORE: 0
MIN 0 OR BELOW: 1 1.00 INCH OR MORE: 0
[HDD (BASE 65) ]
TOTAL THIS MO. 959 CLEAR (SCALE 0-3) 9
DPTR FM NORMAL -81 PTCLDY (SCALE 4-7) 16
TOTAL FM JUL 1 6858 CLOUDY (SCALE 8-10) 6
DPTR FM NORMAL -211
[CDD (BASE 65) ]
TOTAL THIS MO. 0
DPTR FM NORMAL 0 [PRESSURE DATA]
TOTAL FM JAN 1 0 HIGHEST SLP 30.49 ON 22
DPTR FM NORMAL 0 LOWEST SLP 29.60 ON 28
[REMARKS]
#FINAL-03-22#