000
CXUS56 KSTO 172212
CF6MYV
PRELIMINARY LOCAL CLIMATOLOGICAL DATA (WS FORM: F-6)
STATION: MARYSVILLE AIRPORT CA
MONTH: MARCH
YEAR: 2020
LATITUDE: 39 5 N
LONGITUDE: 121 34 W
TEMPERATURE IN F: :PCPN: SNOW: WIND :SUNSHINE: SKY :PK WND
================================================================================
1 2 3 4 5 6A 6B 7 8 9 10 11 12 13 14 15 16 17 18
12Z AVG MX 2MIN
DY MAX MIN AVG DEP HDD CDD WTR SNW DPTH SPD SPD DIR MIN PSBL S-S WX SPD DR
================================================================================
1 64 46 55 2 10 0 0.00 0.0 0 7.8 17 50 M M 6 25 50
2 74 44 59 6 6 0 0.00 0.0 0 15.2 26 320 M M 0 36 360
3 81 41 61 8 4 0 0.00 0.0 0 6.0 17 320 M M 0 21 320
4 76 41 59 6 6 0 0.00 0.0 0 2.2 7 190 M M 0 22 50
5 75 42 59 6 6 0 0.00 0.0 0 6.9 13 150 M M 0 17 160
6 65 48 57 4 8 0 0.00 0.0 0 11.3 18 180 M M 1 24 150
7 57 47 52 -1 13 0 0.08 M 0 12.7 18 160 M M 6 1 23 160
8 59 42 51 -2 14 0 0.01 M 0 3.1 12 190 M M 6 14 190
9 68 45 57 4 8 0 0.00 0.0 0 3.3 9 50 M M 3 14 30
10 77 44 61 7 4 0 0.00 0.0 0 7.6 18 150 M M 0 26 330
11 74 44 59 5 6 0 0.00 0.0 0 3.9 16 130 M M 0 20 120
12 83 42 63 9 2 0 0.00 0.0 0 9.3 24 320 M M 0 31 330
13 71 39 55 1 10 0 0.00 0.0 0 13.8 28 170 M M 0 34 210
14 56 45 51 -3 14 0 0.23 0.0 0 11.9 21 220 M M 8 1 26 180
15 54 42 48 -6 17 0 0.29 0.0 0 12.6 23 190 M M 10 1 30 180
16 49 41 45 -9 20 0 0.27 0.0 0 3.8 9 150 M M 10 1 12 250
17 52 41 47 -7 18 0 0.06 0.0 0 6.3 16 260 M M 8 22 270
18 52 37 45 -9 20 0 0.05 0.0 0 5.3 12 90 M M 8 1 14 110
19 62 31 47 -7 18 0 0.00 0.0 0 2.9 8 140 M M 0 1 10 210
20 64 36 50 -4 15 0 0.00 0.0 0 1.7 8 270 M M 1 10 220
21 67 36 52 -2 13 0 0.00 0.0 0 4.5 13 170 M M 0 19 180
22 70 39 55 1 10 0 0.00 0.0 0 3.2 10 190 M M 0 13 190
23 64 43 54 0 11 0 0.00 0.0 0 14.2 30 170 M M 2 35 170
24 56 42 49 -5 16 0 0.17 0.0 0 9.5 23 220 M M 7 1 27 220
25 59 36 48 -7 17 0 0.00 0.0 0 6.7 22 330 M M 1 28 350
26 61 34 48 -7 17 0 0.00 0.0 0 3.2 10 310 M M 2 13 310
27 64 34 49 -6 16 0 0.00 0.0 0 8.4 18 180 M M 2 26 200
28 57 45 51 -4 14 0 0.02 0.0 0 8.6 15 160 M M 8 17 160
29 63 48 56 1 9 0 T 0.0 0 5.9 10 230 M M 7 14 200
30 67 50 59 4 6 0 0.00 0.0 0 10.6 17 170 M M 7 23 150
31 73 50 62 7 3 0 0.00 0.0 0 7.9 15 170 M M 6 19 170
================================================================================
SM 2014 1295 351 0 1.18 0.0 230.3 M 109
================================================================================
AV 65.0 41.8 7.4 FASTST M M 4 MAX(MPH)
MISC ----> # 30 170 # 36 360
================================================================================
NOTES:
# LAST OF SEVERAL OCCURRENCES
COLUMN 17 PEAK WIND IN M.P.H.
PRELIMINARY LOCAL CLIMATOLOGICAL DATA (WS FORM: F-6) , PAGE 2
STATION: MARYSVILLE AIRPORT CA
MONTH: MARCH
YEAR: 2020
LATITUDE: 39 5 N
LONGITUDE: 121 34 W
[TEMPERATURE DATA] [PRECIPITATION DATA] SYMBOLS USED IN COLUMN 16
AVERAGE MONTHLY: 53.4 TOTAL FOR MONTH: 1.18 1 = FOG OR MIST
DPTR FM NORMAL: -0.5 DPTR FM NORMAL: -2.05 2 = FOG REDUCING VISIBILITY
HIGHEST: 83 ON 12 GRTST 24HR 0.29 ON 15-15 TO 1/4 MILE OR LESS
LOWEST: 31 ON 19 3 = THUNDER
SNOW, ICE PELLETS, HAIL 4 = ICE PELLETS
TOTAL MONTH: 0.0 INCH 5 = HAIL
GRTST 24HR 0.0 6 = FREEZING RAIN OR DRIZZLE
GRTST DEPTH: 0 7 = DUSTSTORM OR SANDSTORM:
VSBY 1/2 MILE OR LESS
8 = SMOKE OR HAZE
[NO. OF DAYS WITH] [WEATHER - DAYS WITH] 9 = BLOWING SNOW
X = TORNADO
MAX 32 OR BELOW: 0 0.01 INCH OR MORE: 9
MAX 90 OR ABOVE: 0 0.10 INCH OR MORE: 4
MIN 32 OR BELOW: 1 0.50 INCH OR MORE: 0
MIN 0 OR BELOW: 0 1.00 INCH OR MORE: 0
[HDD (BASE 65) ]
TOTAL THIS MO. 351 CLEAR (SCALE 0-3) 17
DPTR FM NORMAL 6 PTCLDY (SCALE 4-7) 12
TOTAL FM JUL 1 2147 CLOUDY (SCALE 8-10) 2
DPTR FM NORMAL -323
[CDD (BASE 65) ]
TOTAL THIS MO. 0
DPTR FM NORMAL -1 [PRESSURE DATA]
TOTAL FM JAN 1 0 HIGHEST SLP 30.33 ON 30
DPTR FM NORMAL -1 LOWEST SLP 29.65 ON 13
[REMARKS]
#FINAL-03-20#