000
CXUS53 KBIS 010830
CF6N60
PRELIMINARY LOCAL CLIMATOLOGICAL DATA (WS FORM: F-6)
STATION: GARRISON (AMOS) ND
MONTH: APRIL
YEAR: 2023
LATITUDE: 47 39 N
LONGITUDE: 101 23 W
TEMPERATURE IN F: :PCPN: SNOW: WIND :SUNSHINE: SKY :PK WND
================================================================================
1 2 3 4 5 6A 6B 7 8 9 10 11 12 13 14 15 16 17 18
12Z AVG MX 2MIN
DY MAX MIN AVG DEP HDD CDD WTR SNW DPTH SPD SPD DIR MIN PSBL S-S WX SPD DR
================================================================================
1 38 1 20 -15 45 0 0.00 M M 8.2 16 170 M M 0 21 180
2 40 32 36 1 29 0 0.02 M M 15.9 30 270 M M 0 41 280
3 32 16 24 -12 41 0 0.00 M M 6.4 15 310 M M 0 19 320
4 23 14 19 -17 46 0 M M M 11.3 21 350 M M 0 33 350
5 24 13 19 -17 46 0 M M M 26.5 40 300 M M 0 51 300
6 27 1 14 -23 51 0 0.04 M M 8.0 17 300 M M 0 25 300
7 29 18 24 -13 41 0 0.03 M M 13.8 21 120 M M 0 25 100
8 35 15 25 -13 40 0 0.00 M M 8.4 14 140 M M 0 17 110
9 50 24 37 -1 28 0 0.00 M M 3.7 14 330 M M 0 16 330
10 54 28 41 3 24 0 0.00 M M 3.4 12 230 M M 0 13 230
11 63 33 48 9 17 0 0.00 M M 4.8 13 180 M M 0 15 180
12 50 35 43 4 22 0 0.00 M M 10.6 26 320 M M 0 33 330
13 46 35 41 1 24 0 0.00 M M 11.9 23 80 M M 0 35 60
14 43 32 38 -2 27 0 0.00 M M 14.8 26 320 M M 0 32 330
15 50 29 40 -1 25 0 0.00 M M 15.4 29 340 M M 0 39 340
16 54 25 40 -1 25 0 0.00 M M 5.9 13 300 M M 0 16 10
17 53 25 39 -3 26 0 0.00 M M 10.3 22 110 M M 0 29 140
18 47 33 40 -2 25 0 0.00 M M 19.4 30 110 M M 0 40 100
19 55 31 43 1 22 0 0.11 M M 15.9 25 110 M M 0 35 90
20 37 29 33 -10 32 0 0.11 M M 12.4 24 350 M M 0 33 350
21 39 26 33 -10 32 0 0.01 M M 21.9 32 330 M M 0 44 330
22 45 25 35 -9 30 0 0.00 M M 13.8 24 340 M M 0 37 330
23 50 22 36 -8 29 0 0.00 M M 9.0 17 320 M M 0 30 300
24 51 23 37 -7 28 0 0.00 M M 11.4 22 100 M M 0 28 90
25 55 25 40 -5 25 0 0.01 M M 10.5 18 150 M M 0 29 140
26 64 32 48 3 17 0 0.00 M M 10.3 29 320 M M 0 39 320
27 50 38 44 -2 21 0 0.05 M M 8.4 20 20 M M 0 30 20
28 57 32 45 -1 20 0 0.00 M M 8.0 20 300 M M 0 29 320
29 59 28 44 -3 21 0 0.00 M M 17.0 38 330 M M 0 47 330
30 57 26 42 -5 23 0 0.00 M M 8.5 17 340 M M 0 29 330
================================================================================
SM 1377 746 882 0 0.38 M 345.8 M 0
================================================================================
AV 45.9 24.9 11.5 FASTST M M 0 MAX(MPH)
MISC ----> 40 300 51 300
================================================================================
NOTES:
# LAST OF SEVERAL OCCURRENCES
COLUMN 17 PEAK WIND IN M.P.H.
PRELIMINARY LOCAL CLIMATOLOGICAL DATA (WS FORM: F-6) , PAGE 2
STATION: GARRISON (AMOS) ND
MONTH: APRIL
YEAR: 2023
LATITUDE: 47 39 N
LONGITUDE: 101 23 W
[TEMPERATURE DATA] [PRECIPITATION DATA] SYMBOLS USED IN COLUMN 16
AVERAGE MONTHLY: 35.4 TOTAL FOR MONTH: 0.38 1 = FOG OR MIST
DPTR FM NORMAL: -5.4 DPTR FM NORMAL: -0.89 2 = FOG REDUCING VISIBILITY
HIGHEST: 64 ON 26 GRTST 24HR 0.12 ON 20-21 TO 1/4 MILE OR LESS
LOWEST: 1 ON 6, 1 3 = THUNDER
SNOW, ICE PELLETS, HAIL 4 = ICE PELLETS
TOTAL MONTH: M 5 = HAIL
GRTST 24HR M ON M 6 = FREEZING RAIN OR DRIZZLE
GRTST DEPTH: M ON M 7 = DUSTSTORM OR SANDSTORM:
VSBY 1/2 MILE OR LESS
8 = SMOKE OR HAZE
[NO. OF DAYS WITH] [WEATHER - DAYS WITH] 9 = BLOWING SNOW
X = TORNADO
MAX 32 OR BELOW: 5 0.01 INCH OR MORE: 8
MAX 90 OR ABOVE: 0 0.10 INCH OR MORE: 2
MIN 32 OR BELOW: 25 0.50 INCH OR MORE: 0
MIN 0 OR BELOW: 0 1.00 INCH OR MORE: 0
[HDD (BASE 65) ]
TOTAL THIS MO. 882 CLEAR (SCALE 0-3) 30
DPTR FM NORMAL 157 PTCLDY (SCALE 4-7) 0
TOTAL FM JUL 1 9279 CLOUDY (SCALE 8-10) 0
DPTR FM NORMAL 692
[CDD (BASE 65) ]
TOTAL THIS MO. 0
DPTR FM NORMAL 0 [PRESSURE DATA]
TOTAL FM JAN 1 0 HIGHEST SLP 30.41 ON 6
DPTR FM NORMAL 0 LOWEST SLP 29.49 ON 2
[REMARKS]
#FINAL-04-23#