000
CXHW50 PHFO 011250
CF6NGF
PRELIMINARY LOCAL CLIMATOLOGICAL DATA (WS FORM: F-6)
STATION: KANEOHE BAY MCAS HI
MONTH: DECEMBER
YEAR: 2021
LATITUDE: 21 25 N
LONGITUDE: 157 46 W
TEMPERATURE IN F: :PCPN: SNOW: WIND :SUNSHINE: SKY :PK WND
================================================================================
1 2 3 4 5 6A 6B 7 8 9 10 11 12 13 14 15 16 17 18
12Z AVG MX 2MIN
DY MAX MIN AVG DEP HDD CDD WTR SNW DPTH SPD SPD DIR MIN PSBL S-S WX SPD DR
================================================================================
1 82 75 79 3 0 14 0.00 M M 8.8 12 90 M M 5 19 70
2 83 69 76 0 0 11 0.27 M M 3.5 13 340 M M 3 16 260
3 75 69 72 -4 0 7 0.24 M M 12.1 21 10 M M 9 1 30 340
4 73 66 70 -6 0 5 T M M 6.8 17 240 M M 4 20 330
5 73 68 71 -5 0 6 1.14 M M 5.5 10 230 M M 5 18 17 170
6 76 68 72 -3 0 7 8.81 M M 8.3 22 180 M M 9 12 33 160
7 75 66 71 -4 0 6 0.93 M M 6.1 16 340 M M 9 1 21 340
8 77 73 75 0 0 10 T M M 9.1 14 70 M M 9 23 80
9 80 75 78 3 0 13 T M M 11.6 16 80 M M 7 23 90
10 79 74 77 2 0 12 0.06 M M 10.7 16 80 M M 8 18 23 80
11 80 76 78 3 0 13 0.02 M M 11.0 16 70 M M 6 1 24 80
12 79 73 76 1 0 11 0.04 M M 11.1 15 60 M M 7 22 60
13 79 75 77 2 0 12 0.06 M M 11.4 16 80 M M 5 23 80
14 76 72 74 -1 0 9 0.20 M M 10.3 17 60 M M 9 1 26 90
15 79 73 76 1 0 11 0.02 M M 6.6 12 90 M M 6 19 80
16 78 73 76 1 0 11 0.01 M M 7.3 11 80 M M 7 16 80
17 80 72 76 1 0 11 0.05 M M 5.9 9 50 M M 7 3 16 80
18 78 72 75 1 0 10 0.01 M M 8.8 14 70 M M 5 20 70
19 77 71 74 0 0 9 0.18 M M 11.7 15 60 M M 7 1 23 30
20 79 73 76 2 0 11 0.01 M M 11.4 16 80 M M 5 22 70
21 75 70 73 -1 0 8 0.19 M M 12.3 17 60 M M 9 1 24 60
22 78 73 76 2 0 11 T M M 12.0 16 60 M M 9 1 23 60
23 78 73 76 2 0 11 T M M 11.5 15 70 M M 6 21 80
24 78 71 75 1 0 10 0.26 M M 10.7 16 70 M M 6 18 23 80
25 77 72 75 1 0 10 0.00 M M 9.4 14 70 M M 4 20 80
26 77 73 75 1 0 10 T M M 8.9 13 80 M M 6 8 23 80
27 78 73 76 2 0 11 0.01 M M 9.7 14 70 M M 5 24 70
28 78 74 76 2 0 11 T M M 11.0 14 90 M M 5 21 90
29 75 71 73 -1 0 8 0.15 M M 11.3 15 70 M M 8 1 25 70
30 75 71 73 -1 0 8 0.02 M M 10.4 16 70 M M 10 25 90
31 75 70 73 -1 0 8 0.04 M M 5.9 11 120 M M 9 19 120
================================================================================
SM 2402 2224 0 305 12.72 M 291.1 M 209
================================================================================
AV 77.5 71.7 9.4 FASTST M M 7 MAX(MPH)
MISC ----> 22 180 33 160
================================================================================
NOTES:
# LAST OF SEVERAL OCCURRENCES
COLUMN 17 PEAK WIND IN M.P.H.
PRELIMINARY LOCAL CLIMATOLOGICAL DATA (WS FORM: F-6) , PAGE 2
STATION: KANEOHE BAY MCAS HI
MONTH: DECEMBER
YEAR: 2021
LATITUDE: 21 25 N
LONGITUDE: 157 46 W
[TEMPERATURE DATA] [PRECIPITATION DATA] SYMBOLS USED IN COLUMN 16
AVERAGE MONTHLY: 74.6 TOTAL FOR MONTH: 12.72 1 = FOG OR MIST
DPTR FM NORMAL: -0.1 DPTR FM NORMAL: 9.19 2 = FOG REDUCING VISIBILITY
HIGHEST: 83 ON 2 GRTST 24HR 8.81 ON 6- 6 TO 1/4 MILE OR LESS
LOWEST: 66 ON 7, 4 3 = THUNDER
SNOW, ICE PELLETS, HAIL 4 = ICE PELLETS
TOTAL MONTH: M 5 = HAIL
GRTST 24HR M ON M 6 = FREEZING RAIN OR DRIZZLE
GRTST DEPTH: M ON M 7 = DUSTSTORM OR SANDSTORM:
VSBY 1/2 MILE OR LESS
8 = SMOKE OR HAZE
[NO. OF DAYS WITH] [WEATHER - DAYS WITH] 9 = BLOWING SNOW
X = TORNADO
MAX 32 OR BELOW: 0 0.01 INCH OR MORE: 22
MAX 90 OR ABOVE: 0 0.10 INCH OR MORE: 10
MIN 32 OR BELOW: 0 0.50 INCH OR MORE: 3
MIN 0 OR BELOW: 0 1.00 INCH OR MORE: 2
[HDD (BASE 65) ]
TOTAL THIS MO. 0 CLEAR (SCALE 0-3) 1
DPTR FM NORMAL 0 PTCLDY (SCALE 4-7) 21
TOTAL FM JUL 1 0 CLOUDY (SCALE 8-10) 9
DPTR FM NORMAL 0
[CDD (BASE 65) ]
TOTAL THIS MO. 305
DPTR FM NORMAL 4 [PRESSURE DATA]
TOTAL FM JAN 1 4136 HIGHEST SLP M ON M
DPTR FM NORMAL -110 LOWEST SLP 29.60 ON 4
[REMARKS]
#FINAL-12-21#