000
CXHW50 PHFO 011250
CF6NGF
PRELIMINARY LOCAL CLIMATOLOGICAL DATA (WS FORM: F-6)
STATION: KANEOHE BAY MCAS HI
MONTH: JULY
YEAR: 2021
LATITUDE: 21 25 N
LONGITUDE: 157 46 W
TEMPERATURE IN F: :PCPN: SNOW: WIND :SUNSHINE: SKY :PK WND
================================================================================
1 2 3 4 5 6A 6B 7 8 9 10 11 12 13 14 15 16 17 18
12Z AVG MX 2MIN
DY MAX MIN AVG DEP HDD CDD WTR SNW DPTH SPD SPD DIR MIN PSBL S-S WX SPD DR
================================================================================
1 85 76 81 2 0 16 T M M 11.8 17 70 M M 6 24 70
2 81 77 79 0 0 14 0.03 M M 12.3 14 70 M M 7 18 23 90
3 83 76 80 1 0 15 0.02 M M 13.1 19 70 M M 6 1 25 50
4 78 73 76 -3 0 11 0.18 M M 9.8 12 70 M M 8 18 22 80
5 84 76 80 1 0 15 0.00 M M 10.1 13 70 M M 7 1 18 70
6 81 75 78 -1 0 13 0.04 M M 9.0 11 50 M M 6 1 24 70
7 77 76 77 -2 0 12 T M M 8.7 12 60 M M 6 M M
8 82 74 78 -1 0 13 0.09 M M 5.8 10 50 M M 5 M M
9 78 77 78 -1 0 13 0.03 M M 6.4 8 110 M M 5 14 90
10 82 77 80 1 0 15 T M M 8.5 12 80 M M 7 18 80
11 78 78 78 -1 0 13 T M M 11.3 13 90 M M 6 21 80
12 79 73 76 -3 0 11 0.09 M M 8.6 12 50 M M 7 1 18 80
13 78 78 78 -1 0 13 T M M 8.2 9 70 M M 6 16 70
14 82 77 80 1 0 15 0.07 M M 9.5 11 70 M M 8 1 16 80
15 83 77 80 1 0 15 0.00 M M 11.8 13 60 M M 6 20 80
16 81 77 79 0 0 14 T M M 11.7 15 70 M M 5 21 70
17 84 76 80 1 0 15 0.01 M M 12.5 16 90 M M 7 26 90
18 82 76 79 0 0 14 0.08 M M 10.3 13 70 M M 8 1 21 80
19 84 75 80 1 0 15 0.03 M M 12.4 16 80 M M 6 1 26 90
20 82 75 79 0 0 14 0.06 M M 13.2 16 60 M M 6 20 90
21 82 76 79 0 0 14 0.04 M M 10.9 18 80 M M 8 18 27 80
22 77 77 77 -2 0 12 T M M 10.4 10 80 M M 6 19 80
23 82 75 79 0 0 14 0.09 M M 12.0 14 70 M M 7 18 19 70
24 83 74 79 0 0 14 0.05 M M 11.4 14 60 M M 8 1 18 70
25 83 76 80 1 0 15 T M M 10.5 14 60 M M 7 1 18 80
26 79 76 78 -1 0 13 0.00 M M 9.1 10 70 M M 6 17 80
27 85 77 81 2 0 16 0.00 M M 11.1 17 60 M M 5 23 60
28 82 78 80 0 0 15 T M M 9.2 12 70 M M 7 18 80
29 79 75 77 -3 0 12 0.04 M M 9.2 12 90 M M 7 18 90
30 79 75 77 -3 0 12 0.00 M M 8.4 11 80 M M 6 20 80
31 84 77 81 1 0 16 T M M 11.7 15 70 M M 6 22 70
================================================================================
SM 2519 2355 0 429 0.95 M 318.9 M 201
================================================================================
AV 81.3 76.0 10.3 FASTST M M 6 MAX(MPH)
MISC ----> 19 70 27 80
================================================================================
NOTES:
# LAST OF SEVERAL OCCURRENCES
COLUMN 17 PEAK WIND IN M.P.H.
PRELIMINARY LOCAL CLIMATOLOGICAL DATA (WS FORM: F-6) , PAGE 2
STATION: KANEOHE BAY MCAS HI
MONTH: JULY
YEAR: 2021
LATITUDE: 21 25 N
LONGITUDE: 157 46 W
[TEMPERATURE DATA] [PRECIPITATION DATA] SYMBOLS USED IN COLUMN 16
AVERAGE MONTHLY: 78.6 TOTAL FOR MONTH: 0.95 1 = FOG OR MIST
DPTR FM NORMAL: -0.5 DPTR FM NORMAL: -0.36 2 = FOG REDUCING VISIBILITY
HIGHEST: 85 ON 27, 1 GRTST 24HR 0.18 ON 4- 4 TO 1/4 MILE OR LESS
LOWEST: 73 ON 12, 4 3 = THUNDER
SNOW, ICE PELLETS, HAIL 4 = ICE PELLETS
TOTAL MONTH: M 5 = HAIL
GRTST 24HR M ON M 6 = FREEZING RAIN OR DRIZZLE
GRTST DEPTH: M ON M 7 = DUSTSTORM OR SANDSTORM:
VSBY 1/2 MILE OR LESS
8 = SMOKE OR HAZE
[NO. OF DAYS WITH] [WEATHER - DAYS WITH] 9 = BLOWING SNOW
X = TORNADO
MAX 32 OR BELOW: 0 0.01 INCH OR MORE: 16
MAX 90 OR ABOVE: 0 0.10 INCH OR MORE: 1
MIN 32 OR BELOW: 0 0.50 INCH OR MORE: 0
MIN 0 OR BELOW: 0 1.00 INCH OR MORE: 0
[HDD (BASE 65) ]
TOTAL THIS MO. 0 CLEAR (SCALE 0-3) 0
DPTR FM NORMAL 0 PTCLDY (SCALE 4-7) 29
TOTAL FM JUL 1 0 CLOUDY (SCALE 8-10) 2
DPTR FM NORMAL 0
[CDD (BASE 65) ]
TOTAL THIS MO. 429
DPTR FM NORMAL -8 [PRESSURE DATA]
TOTAL FM JAN 1 2250 HIGHEST SLP M ON M
DPTR FM NORMAL 0 LOWEST SLP 29.94 ON 8
[REMARKS]
#FINAL-07-21#