000
CXUS51 KOKX 010910
CF6NYC
PRELIMINARY LOCAL CLIMATOLOGICAL DATA (WS FORM: F-6)
STATION: CENTRAL PARK NY
MONTH: APRIL
YEAR: 2021
LATITUDE: 40 46 N
LONGITUDE: 73 58 W
TEMPERATURE IN F: :PCPN: SNOW: WIND :SUNSHINE: SKY :PK WND
================================================================================
1 2 3 4 5 6A 6B 7 8 9 10 11 12 13 14 15 16 17 18
12Z AVG MX 2MIN
DY MAX MIN AVG DEP HDD CDD WTR SNW DPTH SPD SPD DIR MIN PSBL S-S WX SPD DR
================================================================================
1 58 38 48 0 17 0 0.03 0.0 0 10.7 21 250 M M 9 1 32 230
2 39 28 34 -14 31 0 0.00 0.0 0 9.7 18 M M M 6 29 M
3 53 32 43 -6 22 0 0.00 0.0 0 M M M M M 0 M M
4 65 45 55 6 10 0 0.00 0.0 0 M M M M M 5 M M
5 68 48 58 9 7 0 0.00 0.0 0 8.8 0 0 M M 0 0 0
6 70 47 59 9 6 0 0.00 0.0 0 5.3 15 240 M M 0 22 230
7 72 51 62 12 3 0 0.00 0.0 0 2.9 12 100 M M 1 16 80
8 70 49 60 10 5 0 0.00 0.0 0 4.3 13 90 M M 0 20 110
9 59 49 54 3 11 0 0.01 0.0 0 3.3 10 90 M M 5 15 110
10 70 51 61 10 4 0 0.01 0.0 0 2.9 10 90 M M 6 1 16 110
11 57 47 52 0 13 0 0.42 0.0 0 7.2 20 360 M M 8 12 30 10
12 51 45 48 -4 17 0 0.49 0.0 0 7.6 20 360 M M 10 1 31 360
13 65 44 55 3 10 0 0.06 0.0 0 5.1 12 90 M M 4 1 16 330
14 72 48 60 7 5 0 0.00 0.0 0 2.8 13 190 M M 5 20 190
15 58 45 52 -1 13 0 0.83 0.0 0 4.8 12 320 M M 10 18 23 250
16 53 41 47 -6 18 0 0.04 0.0 0 6.6 16 210 M M 8 1 27 210
17 56 43 50 -4 15 0 0.00 0.0 0 5.1 13 240 M M 10 18 250
18 64 49 57 3 8 0 0.00 0.0 0 3.5 10 220 M M 8 17 230
19 65 52 59 5 6 0 T 0.0 0 3.0 12 100 M M 4 19 190
20 76 53 65 10 0 0 0.00 0.0 0 4.2 16 190 M M 0 26 190
21 68 39 54 -1 11 0 0.11 0.0 0 7.3 22 240 M M 6 13 36 240
22 48 36 42 -13 23 0 0.00 0.0 0 11.8 22 240 M M 6 32 240
23 64 39 52 -4 13 0 0.00 0.0 0 7.4 16 320 M M 1 29 300
24 72 52 62 6 3 0 0.00 0.0 0 4.1 14 250 M M 1 23 210
25 63 49 56 0 9 0 0.59 0.0 0 5.3 14 330 M M 8 1 23 330
26 60 41 51 -6 14 0 0.00 0.0 0 8.8 18 330 M M 0 30 310
27 64 46 55 -2 10 0 T 0.0 0 2.0 9 330 M M 2 13 160
28 85 52 69 12 0 4 0.05 0.0 0 2.5 16 50 M M 1 24 60
29 75 59 67 9 0 2 0.02 0.0 0 2.4 13 240 M M 8 18 M M
30 71 46 59 1 6 0 0.03 0.0 0 12.3 22 310 M M 7 44 290
================================================================================
SM 1911 1364 310 6 2.69 0.0 161.7 M 139
================================================================================
AV 63.7 45.5 5.8 FASTST M M 5 MAX(MPH)
MISC ----> # 22 240 44 290
================================================================================
NOTES:
# LAST OF SEVERAL OCCURRENCES
COLUMN 17 PEAK WIND IN M.P.H.
PRELIMINARY LOCAL CLIMATOLOGICAL DATA (WS FORM: F-6) , PAGE 2
STATION: CENTRAL PARK NY
MONTH: APRIL
YEAR: 2021
LATITUDE: 40 46 N
LONGITUDE: 73 58 W
[TEMPERATURE DATA] [PRECIPITATION DATA] SYMBOLS USED IN COLUMN 16
AVERAGE MONTHLY: 54.6 TOTAL FOR MONTH: 2.69 1 = FOG OR MIST
DPTR FM NORMAL: 1.6 DPTR FM NORMAL: -1.81 2 = FOG REDUCING VISIBILITY
HIGHEST: 85 ON 28 GRTST 24HR 0.84 ON 15-16 TO 1/4 MILE OR LESS
LOWEST: 28 ON 2 3 = THUNDER
SNOW, ICE PELLETS, HAIL 4 = ICE PELLETS
TOTAL MONTH: 0.0 INCH 5 = HAIL
GRTST 24HR 0.0 6 = FREEZING RAIN OR DRIZZLE
GRTST DEPTH: 0 7 = DUSTSTORM OR SANDSTORM:
VSBY 1/2 MILE OR LESS
8 = SMOKE OR HAZE
[NO. OF DAYS WITH] [WEATHER - DAYS WITH] 9 = BLOWING SNOW
X = TORNADO
MAX 32 OR BELOW: 0 0.01 INCH OR MORE: 13
MAX 90 OR ABOVE: 0 0.10 INCH OR MORE: 5
MIN 32 OR BELOW: 2 0.50 INCH OR MORE: 2
MIN 0 OR BELOW: 0 1.00 INCH OR MORE: 0
[HDD (BASE 65) ]
TOTAL THIS MO. 310 CLEAR (SCALE 0-3) 11
DPTR FM NORMAL -61 PTCLDY (SCALE 4-7) 14
TOTAL FM JUL 1 4095 CLOUDY (SCALE 8-10) 5
DPTR FM NORMAL -497
[CDD (BASE 65) ]
TOTAL THIS MO. 6
DPTR FM NORMAL -5 [PRESSURE DATA]
TOTAL FM JAN 1 8 HIGHEST SLP M ON M
DPTR FM NORMAL -4 LOWEST SLP 29.36 ON 29
[REMARKS]
#FINAL-04-21#