000
CXUS55 KPSR 011005
CF6NYL
PRELIMINARY LOCAL CLIMATOLOGICAL DATA (WS FORM: F-6)
STATION: YUMA AZ
MONTH: AUGUST
YEAR: 2020
LATITUDE: 32 39 N
LONGITUDE: 114 37 W
TEMPERATURE IN F: :PCPN: SNOW: WIND :SUNSHINE: SKY :PK WND
================================================================================
1 2 3 4 5 6A 6B 7 8 9 10 11 12 13 14 15 16 17 18
12Z AVG MX 2MIN
DY MAX MIN AVG DEP HDD CDD WTR SNW DPTH SPD SPD DIR MIN PSBL S-S WX SPD DR
================================================================================
1 110 86 98 3 0 33 0.00 M M 15.4 31 150 M M 0 8 39 140
2 110 87 99 4 0 34 0.00 M M 11.5 24 150 M M 0 30 160
3 113 83 98 3 0 33 0.00 M M 8.3 24 150 M M 0 29 150
4 113 86 100 5 0 35 0.00 M M 12.9 23 160 M M 1 27 160
5 110 80 95 0 0 30 0.00 M M 8.5 16 260 M M 0 23 220
6 107 77 92 -3 0 27 0.00 M M 6.2 18 310 M M 0 23 300
7 108 75 92 -3 0 27 0.00 M M 5.0 12 310 M M 0 16 310
8 109 77 93 -2 0 28 0.00 M M 4.7 13 290 M M 0 17 300
9 111 76 94 -1 0 29 0.00 M M 4.4 14 190 M M 0 18 190
10 112 77 95 0 0 30 0.00 M M 7.1 18 170 M M 0 22 170
11 110 85 98 4 0 33 0.00 M M 9.3 17 150 M M 1 21 150
12 111 87 99 5 0 34 0.00 M M 6.2 15 240 M M 2 20 230
13 115 90 103 9 0 38 0.00 M M 4.0 10 240 M M 2 16 190
14 115 87 101 7 0 36 0.00 M M 6.7 17 200 M M 1 21 200
15 111 87 99 5 0 34 0.00 M M 11.7 31 150 M M 0 40 150
16 113 89 101 7 0 36 0.00 M M 7.6 28 150 M M 0 33 150
17 114 91 103 9 0 38 0.00 M M 8.7 23 220 M M 1 3 26 220
18 111 89 100 6 0 35 0.00 M M 9.3 31 150 M M 1 3 36 150
19 112 87 100 6 0 35 0.00 M M 9.1 18 160 M M 1 8 20 160
20 107 87 97 3 0 32 0.00 M M 13.1 21 190 M M 1 25 150
21 101 86 94 0 0 29 0.00 M M 9.2 20 170 M M 4 27 150
22 106 85 96 2 0 31 0.00 M M 7.7 16 210 M M 0 21 210
23 110 84 97 3 0 32 0.00 M M 4.4 13 270 M M 0 15 270
24 116 87 102 8 0 37 0.00 M M 5.0 16 160 M M 0 3 20 160
25 115 90 103 9 0 38 0.00 M M 4.8 10 280 M M 2 3 14 260
26 115 85 100 6 0 35 0.00 M M 6.7 13 280 M M 1 16 280
27 115 86 101 7 0 36 0.00 M M 6.6 14 270 M M 1 18 270
28 113 82 98 4 0 33 0.00 M M 6.2 15 160 M M 1 18 170
29 104 87 96 3 0 31 0.00 M M 14.5 24 160 M M 0 29 150
30 104 85 95 2 0 30 0.00 M M 12.7 21 180 M M 0 27 180
31 103 83 93 0 0 28 0.00 M M 7.7 16 210 M M 1 19 200
================================================================================
SM 3424 2623 01017 0.00 M 255.2 M 21
================================================================================
AV110.5 84.6 8.2 FASTST M M 1 MAX(MPH)
MISC ----> # 31 150 40 150
================================================================================
NOTES:
# LAST OF SEVERAL OCCURRENCES
COLUMN 17 PEAK WIND IN M.P.H.
PRELIMINARY LOCAL CLIMATOLOGICAL DATA (WS FORM: F-6) , PAGE 2
STATION: YUMA AZ
MONTH: AUGUST
YEAR: 2020
LATITUDE: 32 39 N
LONGITUDE: 114 37 W
[TEMPERATURE DATA] [PRECIPITATION DATA] SYMBOLS USED IN COLUMN 16
AVERAGE MONTHLY: 97.5 TOTAL FOR MONTH: 0.00 1 = FOG OR MIST
DPTR FM NORMAL: 3.2 DPTR FM NORMAL: -0.47 2 = FOG REDUCING VISIBILITY
HIGHEST: 116 ON 24 GRTST 24HR 0.00 ON 1- 1 TO 1/4 MILE OR LESS
LOWEST: 75 ON 7 3 = THUNDER
SNOW, ICE PELLETS, HAIL 4 = ICE PELLETS
TOTAL MONTH: M 5 = HAIL
GRTST 24HR M ON M 6 = FREEZING RAIN OR DRIZZLE
GRTST DEPTH: M ON M 7 = DUSTSTORM OR SANDSTORM:
VSBY 1/2 MILE OR LESS
8 = SMOKE OR HAZE
[NO. OF DAYS WITH] [WEATHER - DAYS WITH] 9 = BLOWING SNOW
X = TORNADO
MAX 32 OR BELOW: 0 0.01 INCH OR MORE: 0
MAX 90 OR ABOVE: 31 0.10 INCH OR MORE: 0
MIN 32 OR BELOW: 0 0.50 INCH OR MORE: 0
MIN 0 OR BELOW: 0 1.00 INCH OR MORE: 0
[HDD (BASE 65) ]
TOTAL THIS MO. 0 CLEAR (SCALE 0-3) 30
DPTR FM NORMAL 0 PTCLDY (SCALE 4-7) 1
TOTAL FM JUL 1 0 CLOUDY (SCALE 8-10) 0
DPTR FM NORMAL 0
[CDD (BASE 65) ]
TOTAL THIS MO. 1017
DPTR FM NORMAL 110 [PRESSURE DATA]
TOTAL FM JAN 1 3566 HIGHEST SLP 29.89 ON 18
DPTR FM NORMAL 113 LOWEST SLP 29.52 ON 27
[REMARKS]
#FINAL-08-20#