000
CXUS55 KPSR 011005
CF6NYL
PRELIMINARY LOCAL CLIMATOLOGICAL DATA (WS FORM: F-6)
STATION: YUMA AZ
MONTH: OCTOBER
YEAR: 2023
LATITUDE: 32 39 N
LONGITUDE: 114 37 W
TEMPERATURE IN F: :PCPN: SNOW: WIND :SUNSHINE: SKY :PK WND
================================================================================
1 2 3 4 5 6A 6B 7 8 9 10 11 12 13 14 15 16 17 18
12Z AVG MX 2MIN
DY MAX MIN AVG DEP HDD CDD WTR SNW DPTH SPD SPD DIR MIN PSBL S-S WX SPD DR
================================================================================
1 81 65 73 -11 0 8 0.00 0.0 0 7.3 20 290 M M 2 28 290
2 83 63 73 -10 0 8 0.00 0.0 0 5.6 15 300 M M 2 21 290
3 90 61 76 -7 0 11 0.00 M M 4.6 14 20 M M 0 19 20
4 95 64 80 -3 0 15 0.00 M M 3.9 16 20 M M 0 21 30
5 99 69 84 2 0 19 0.00 M M 5.0 13 30 M M 0 25 350
6 102 68 85 3 0 20 0.00 M M 3.9 14 10 M M 0 20 30
7 100 67 84 3 0 19 0.00 M M 2.7 9 170 M M 0 13 40
8 101 72 87 6 0 22 0.00 M M 3.8 9 140 M M 0 12 250
9 100 70 85 4 0 20 0.00 M M 5.7 13 200 M M 1 17 200
10 97 71 84 4 0 19 0.00 M M 5.7 14 300 M M 0 19 300
11 89 71 80 0 0 15 0.00 M M 7.8 16 280 M M 0 23 290
12 89 67 78 -1 0 13 0.00 M M 9.6 23 10 M M 0 32 360
13 89 61 75 -4 0 10 0.00 0.0 M 3.7 12 350 M M 1 15 30
14 92 63 78 -1 0 13 0.00 0.0 M 5.0 10 20 M M 0 14 30
15 97 66 82 4 0 17 0.00 0.0 M 4.7 12 340 M M 0 15 350
16 101 71 86 8 0 21 0.00 M M 3.8 13 330 M M 0 18 20
17 97 67 82 4 0 17 0.00 M M 2.9 9 180 M M 2 13 180
18 101 69 85 8 0 20 0.00 M M 3.5 10 20 M M 1 15 20
19 103 70 87 10 0 22 0.00 M M 4.3 10 360 M M 0 15 10
20 105 72 89 13 0 24 0.00 M M 4.5 10 20 M M 0 16 40
21 102 70 86 10 0 21 0.00 M M 5.1 17 300 M M 0 24 300
22 94 69 82 6 0 17 0.00 M M 7.6 17 320 M M 0 8 25 310
23 83 66 75 0 0 10 0.00 M M 10.7 21 290 M M 1 8 29 300
24 85 60 73 -2 0 8 0.00 M M 3.9 9 170 M M 0 12 250
25 86 66 76 1 0 11 0.00 M M 10.3 22 160 M M 1 32 140
26 84 65 75 1 0 10 0.00 M M 5.3 13 210 M M 1 17 170
27 86 64 75 1 0 10 0.00 M M 4.0 12 170 M M 0 17 180
28 84 59 72 -2 0 7 0.00 M M 3.9 13 260 M M 0 17 280
29 72 60 66 -7 0 1 0.00 M M 15.1 29 350 M M 0 8 45 360
30 78 60 69 -4 0 4 0.00 M M 13.5 26 10 M M 0 37 30
31 83 57 70 -2 0 5 0.00 M M 8.8 18 350 M M 0 27 360
================================================================================
SM 2848 2043 0 437 0.00 0.0 186.2 M 12
================================================================================
AV 91.9 65.9 6.0 FASTST M M 0 MAX(MPH)
MISC ----> 29 350 45 360
================================================================================
NOTES:
# LAST OF SEVERAL OCCURRENCES
COLUMN 17 PEAK WIND IN M.P.H.
PRELIMINARY LOCAL CLIMATOLOGICAL DATA (WS FORM: F-6) , PAGE 2
STATION: YUMA AZ
MONTH: OCTOBER
YEAR: 2023
LATITUDE: 32 39 N
LONGITUDE: 114 37 W
[TEMPERATURE DATA] [PRECIPITATION DATA] SYMBOLS USED IN COLUMN 16
AVERAGE MONTHLY: 78.9 TOTAL FOR MONTH: 0.00 1 = FOG OR MIST
DPTR FM NORMAL: 0.9 DPTR FM NORMAL: -0.13 2 = FOG REDUCING VISIBILITY
HIGHEST: 105 ON 20 GRTST 24HR 0.00 ON 1- 1 TO 1/4 MILE OR LESS
LOWEST: 57 ON 31 3 = THUNDER
SNOW, ICE PELLETS, HAIL 4 = ICE PELLETS
TOTAL MONTH: 0.0 INCH 5 = HAIL
GRTST 24HR 0.0 6 = FREEZING RAIN OR DRIZZLE
GRTST DEPTH: 0 7 = DUSTSTORM OR SANDSTORM:
VSBY 1/2 MILE OR LESS
8 = SMOKE OR HAZE
[NO. OF DAYS WITH] [WEATHER - DAYS WITH] 9 = BLOWING SNOW
X = TORNADO
MAX 32 OR BELOW: 0 0.01 INCH OR MORE: 0
MAX 90 OR ABOVE: 17 0.10 INCH OR MORE: 0
MIN 32 OR BELOW: 0 0.50 INCH OR MORE: 0
MIN 0 OR BELOW: 0 1.00 INCH OR MORE: 0
[HDD (BASE 65) ]
TOTAL THIS MO. 0 CLEAR (SCALE 0-3) 31
DPTR FM NORMAL -2 PTCLDY (SCALE 4-7) 0
TOTAL FM JUL 1 0 CLOUDY (SCALE 8-10) 0
DPTR FM NORMAL 0
[CDD (BASE 65) ]
TOTAL THIS MO. 437
DPTR FM NORMAL 33 [PRESSURE DATA]
TOTAL FM JAN 1 4416 HIGHEST SLP 30.14 ON 31
DPTR FM NORMAL -191 LOWEST SLP 29.45 ON 11
[REMARKS]
#FINAL-10-23#