000
CXUS56 KMTR 011528
CF6OAK
PRELIMINARY LOCAL CLIMATOLOGICAL DATA (WS FORM: F-6)
STATION: OAKLAND AIRPORT
MONTH: JANUARY
YEAR: 2021
LATITUDE: 37 43 N
LONGITUDE: 122 13 W
TEMPERATURE IN F: :PCPN: SNOW: WIND :SUNSHINE: SKY :PK WND
================================================================================
1 2 3 4 5 6A 6B 7 8 9 10 11 12 13 14 15 16 17 18
12Z AVG MX 2MIN
DY MAX MIN AVG DEP HDD CDD WTR SNW DPTH SPD SPD DIR MIN PSBL S-S WX SPD DR
================================================================================
1 60 40 50 2 15 0 T M M 4.5 15 290 M M 5 8 18 290
2 57 51 54 6 11 0 0.14 M M 2.3 10 230 M M 10 18 13 230
3 56 49 53 5 12 0 T M M 2.8 14 260 M M 10 128 15 250
4 62 46 54 6 11 0 0.36 M M 10.0 22 240 M M 7 18 29 130
5 59 42 51 3 14 0 0.00 M M 4.7 13 300 M M 4 1 15 260
6 59 40 50 2 15 0 0.03 M M 4.6 15 90 M M 6 18 19 90
7 59 46 53 4 12 0 0.00 M M 5.4 13 120 M M 7 128 16 240
8 61 48 55 6 10 0 T M M 4.0 15 130 M M 7 18 18 130
9 60 37 49 0 16 0 0.00 M M 4.5 10 290 M M 3 1 12 290
10 62 41 52 3 13 0 0.00 M M 4.4 15 300 M M 6 17 310
11 61 41 51 2 14 0 0.00 M M 4.5 14 180 M M 6 19 180
12 62 47 55 6 10 0 T M M 3.0 8 140 M M 8 8 10 150
13 66 47 57 8 8 0 0.00 M M 4.5 14 140 M M 5 8 16 140
14 71 47 59 10 6 0 0.00 M M 5.1 14 300 M M 3 18 17 310
15 67 44 56 7 9 0 0.00 M M 3.1 9 300 M M 5 1 10 300
16 71 46 59 10 6 0 0.00 M M 3.8 13 290 M M 3 18 15 290
17 74 44 59 10 6 0 0.00 M M 3.7 9 300 M M 2 1 14 30
18 83 51 67 18 0 2 0.00 M M 6.8 26 30 M M 3 8 36 40
19 69 56 63 13 2 0 0.00 M M 18.6 36 30 M M 1 47 10
20 68 43 56 6 9 0 0.00 M M 5.0 12 310 M M 1 14 320
21 59 39 49 -1 16 0 0.00 M M 5.9 16 300 M M 5 20 300
22 57 45 51 1 14 0 0.08 M M 7.8 21 290 M M 8 1 26 290
23 59 44 52 2 13 0 0.00 M M 6.1 15 300 M M 4 17 290
24 56 43 50 0 15 0 0.10 M M 12.2 28 290 M M 8 35 290
25 57 45 51 1 14 0 0.00 M M 16.9 29 280 M M 2 36 310
26 54 34 44 -6 21 0 0.39 M M 16.8 43 140 M M 6 1 54 140
27 56 48 52 2 13 0 0.53 M M 15.6 40 140 M M 9 1 49 140
28 57 49 53 3 12 0 0.53 M M 9.4 21 160 M M 9 1 26 160
29 57 43 50 0 15 0 0.26 M M 4.7 17 160 M M 6 1 19 200
30 60 46 53 3 12 0 0.00 M M 4.3 9 310 M M 7 11 130
31 63 52 58 7 7 0 T M M 3.9 10 310 M M 8 12 310
================================================================================
SM 1922 1394 351 2 2.42 M 208.9 M 174
================================================================================
AV 62.0 45.0 6.7 FASTST M M 6 MAX(MPH)
MISC ----> 43 140 54 140
================================================================================
NOTES:
# LAST OF SEVERAL OCCURRENCES
COLUMN 17 PEAK WIND IN M.P.H.
PRELIMINARY LOCAL CLIMATOLOGICAL DATA (WS FORM: F-6) , PAGE 2
STATION: OAKLAND AIRPORT
MONTH: JANUARY
YEAR: 2021
LATITUDE: 37 43 N
LONGITUDE: 122 13 W
[TEMPERATURE DATA] [PRECIPITATION DATA] SYMBOLS USED IN COLUMN 16
AVERAGE MONTHLY: 53.5 TOTAL FOR MONTH: 2.42 1 = FOG OR MIST
DPTR FM NORMAL: 4.2 DPTR FM NORMAL: -1.57 2 = FOG REDUCING VISIBILITY
HIGHEST: 83 ON 18 GRTST 24HR 0.74 ON 27-28 TO 1/4 MILE OR LESS
LOWEST: 34 ON 26 3 = THUNDER
SNOW, ICE PELLETS, HAIL 4 = ICE PELLETS
TOTAL MONTH: M 5 = HAIL
GRTST 24HR M ON M 6 = FREEZING RAIN OR DRIZZLE
GRTST DEPTH: M ON M 7 = DUSTSTORM OR SANDSTORM:
VSBY 1/2 MILE OR LESS
8 = SMOKE OR HAZE
[NO. OF DAYS WITH] [WEATHER - DAYS WITH] 9 = BLOWING SNOW
X = TORNADO
MAX 32 OR BELOW: 0 0.01 INCH OR MORE: 9
MAX 90 OR ABOVE: 0 0.10 INCH OR MORE: 7
MIN 32 OR BELOW: 0 0.50 INCH OR MORE: 2
MIN 0 OR BELOW: 0 1.00 INCH OR MORE: 0
[HDD (BASE 65) ]
TOTAL THIS MO. 351 CLEAR (SCALE 0-3) 6
DPTR FM NORMAL -136 PTCLDY (SCALE 4-7) 21
TOTAL FM JUL 1 1038 CLOUDY (SCALE 8-10) 4
DPTR FM NORMAL -621
[CDD (BASE 65) ]
TOTAL THIS MO. 2
DPTR FM NORMAL 2 [PRESSURE DATA]
TOTAL FM JAN 1 2 HIGHEST SLP 30.43 ON 13
DPTR FM NORMAL 2 LOWEST SLP 29.63 ON 27
[REMARKS]
#FINAL-01-21#