000
CXUS53 KOAX 011030
CF6OAX
PRELIMINARY LOCAL CLIMATOLOGICAL DATA (WS FORM: F-6)
STATION: VALLEY NWS NE
MONTH: FEBRUARY
YEAR: 2022
LATITUDE: 41 19 N
LONGITUDE: 96 22 W
TEMPERATURE IN F: :PCPN: SNOW: WIND :SUNSHINE: SKY :PK WND
================================================================================
1 2 3 4 5 6A 6B 7 8 9 10 11 12 13 14 15 16 17 18
12Z AVG MX 2MIN
DY MAX MIN AVG DEP HDD CDD WTR SNW DPTH SPD SPD DIR MIN PSBL S-S WX SPD DR
================================================================================
1 42 19 31 6 34 0 0.00 0.0 0 M M M M M M 35 M
2 19 6 13 -12 52 0 0.00 0.0 0 M M M M M M 30 M
3 18 -2 8 -17 57 0 0.00 0.0 0 M M M M M M 22 M
4 28 6 17 -8 48 0 0.00 0.0 0 M M M M M M 35 M
5 55 13 34 8 31 0 0.00 0.0 0 M M M M M M 29 M
6 44 23 34 8 31 0 0.00 0.0 0 M M M M M M 38 M
7 60 22 41 15 24 0 0.00 0.0 0 M M M M M M 20 M
8 60 28 44 18 21 0 0.00 0.0 0 M M M M M M 37 M
9 50 27 39 13 26 0 0.00 0.0 0 M M M M M M 36 M
10 54 21 38 11 27 0 0.02 0.0 0 M M M M M M 35 M
11 47 12 30 3 35 0 0.20 0.0 0 M M M M M M 46 M
12 33 4 19 -8 46 0 0.00 0.0 0 M M M M M M 30 M
13 30 13 22 -5 43 0 T T 0 M M M M M M 21 M
14 38 25 32 4 33 0 0.00 0.0 0 M M M M M M 24 M
15 58 25 42 14 23 0 0.00 0.0 0 M M M M M M 28 M
16 44 26 35 7 30 0 0.00 0.0 0 M M M M M M 36 M
17 28 13 21 -8 44 0 0.00 0.0 0 M M M M M M 33 M
18 60 18 39 10 26 0 0.00 0.0 0 M M M M M M 40 M
19 39 11 25 -4 40 0 0.00 0.0 0 M M M M M M 31 M
20 65 31 48 18 17 0 0.00 0.0 0 M M M M M M 25 M
21 46 15 31 1 34 0 T 0.0 0 M M M M M M 6 41 M
22 19 0 10 -20 55 0 0.01 0.2 T M M M M M M 6 41 M
23 14 -3 6 -25 59 0 0.00 0.0 T M M M M M M 31 M
24 17 3 10 -21 55 0 T 0.1 T M M M M M M 23 M
25 28 -1 14 -18 51 0 0.00 0.0 T M M M M M M 16 M
26 48 12 30 -2 35 0 0.00 0.0 0 M M M M M M 25 M
27 58 18 38 6 27 0 0.00 0.0 0 M M M M M M 20 M
28 69 23 46 13 19 0 0.00 0.0 0 M M M M M M 20 M
================================================================================
SM 1171 408 1023 0 0.23 0.3 M M M
================================================================================
AV 41.8 14.6 M FASTST M M M MAX(MPH)
MISC ----> M M 46 9999
================================================================================
NOTES:
# LAST OF SEVERAL OCCURRENCES
COLUMN 17 PEAK WIND IN M.P.H.
PRELIMINARY LOCAL CLIMATOLOGICAL DATA (WS FORM: F-6) , PAGE 2
STATION: VALLEY NWS NE
MONTH: FEBRUARY
YEAR: 2022
LATITUDE: 41 19 N
LONGITUDE: 96 22 W
[TEMPERATURE DATA] [PRECIPITATION DATA] SYMBOLS USED IN COLUMN 16
AVERAGE MONTHLY: 28.2 TOTAL FOR MONTH: 0.23 1 = FOG OR MIST
DPTR FM NORMAL: 0.0 DPTR FM NORMAL: -0.80 2 = FOG REDUCING VISIBILITY
HIGHEST: 69 ON 28 GRTST 24HR 0.20 ON 11-11 TO 1/4 MILE OR LESS
LOWEST: -3 ON 23 3 = THUNDER
SNOW, ICE PELLETS, HAIL 4 = ICE PELLETS
TOTAL MONTH: 0.3 INCH 5 = HAIL
GRTST 24HR 0.2 ON 22-22 6 = FREEZING RAIN OR DRIZZLE
GRTST DEPTH: T 7 = DUSTSTORM OR SANDSTORM:
VSBY 1/2 MILE OR LESS
8 = SMOKE OR HAZE
[NO. OF DAYS WITH] [WEATHER - DAYS WITH] 9 = BLOWING SNOW
X = TORNADO
MAX 32 OR BELOW: 9 0.01 INCH OR MORE: 3
MAX 90 OR ABOVE: 0 0.10 INCH OR MORE: 1
MIN 32 OR BELOW: 28 0.50 INCH OR MORE: 0
MIN 0 OR BELOW: 4 1.00 INCH OR MORE: 0
[HDD (BASE 65) ]
TOTAL THIS MO. 1023 CLEAR (SCALE 0-3) 0
DPTR FM NORMAL -7 PTCLDY (SCALE 4-7) 0
TOTAL FM JUL 1 4065 CLOUDY (SCALE 8-10) 28
DPTR FM NORMAL -540
[CDD (BASE 65) ]
TOTAL THIS MO. 0
DPTR FM NORMAL 0 [PRESSURE DATA]
TOTAL FM JAN 1 0 HIGHEST SLP M ON M
DPTR FM NORMAL 0 LOWEST SLP M ON M
[REMARKS]
#FINAL-02-22#