000
CXUS53 KOAX 011236
CLMOAX
CLIMATE REPORT
NATIONAL WEATHER SERVICE OMAHA/VALLEY NE
636 AM CST FRI MAR 01 2024
...................................
...THE VALLEY NWS NE CLIMATE SUMMARY FOR THE MONTH OF FEBRUARY 2024...
CLIMATE NORMAL PERIOD 1991 TO 2020
CLIMATE RECORD PERIOD 1997 TO 2024
WEATHER OBSERVED NORMAL DEPART
VALUE DATE(S) VALUE FROM
NORMAL
................................................
TEMPERATURE (F)
HIGHEST 78R 02/26
LOWEST 8 02/28
AVG. MAXIMUM 52.8 37.5 15.3
AVG. MINIMUM 28.0 18.9 9.1
MEAN 40.4 28.2 12.2
DAYS MAX >= 90 0
DAYS MAX <= 32 1
DAYS MIN <= 32 23
DAYS MIN <= 0 0
PRECIPITATION (INCHES)
TOTALS 0.08R 1.03 -0.95
DAYS >= .01 1
DAYS >= .10 0
DAYS >= .50 0
DAYS >= 1.00 0
GREATEST
24 HR. TOTAL 0.08 02/16 TO 02/16
SNOWFALL (INCHES)
TOTALS 1.0 9.5 -8.5
SINCE 7/1 24.5
DAYS >= 1.0 1
GREATEST
SNOW DEPTH 1 02/16
24 HR TOTAL 1.0 02/16 TO 02/16
DEGREE DAYS
HEATING TOTAL 706 1030 -324
SINCE 7/1 3930 4669 -739
COOLING TOTAL 0 0 0
SINCE 1/1 0 0 0
................................................
WIND (MPH)
HIGHEST GUST SPEED/DIRECTION 49/MM
WEATHER CONDITIONS. NUMBER OF DAYS WITH
THUNDERSTORM 0 MIXED PRECIP 0
HEAVY RAIN 0 RAIN 0
LIGHT RAIN 2 FREEZING RAIN 0
LT FREEZING RAIN 0 HAIL 0
HEAVY SNOW 0 SNOW 0
LIGHT SNOW 2 SLEET 0
FOG 2 FOG W/VIS <= 1/4 MILE 0
HAZE 1
- INDICATES NEGATIVE NUMBERS.
R INDICATES RECORD WAS SET OR TIED.
MM INDICATES DATA IS MISSING.
T INDICATES TRACE AMOUNT.
&&
FEBRUARY IN VALLEY MUCH WARMER AND DRIER THAN NORMAL. THE MONTH
ENDED UP 12.2 DEGREES ABOVE NORMAL FOR AVERAGE TEMPERATURE AND 0.95
INCHES BELOW NORMAL FOR PRECIPITATION. SNOWFALL WAS 8.5 INCHES BELOW
NORMAL.
$$
DEWALD