000
CXUS54 KMAF 011210
CF6ODO
PRELIMINARY LOCAL CLIMATOLOGICAL DATA (WS FORM: F-6)
STATION: ODESSA SCHLEYMEYER
MONTH: DECEMBER
YEAR: 2021
LATITUDE: 31 55 N
LONGITUDE: 102 23 W
TEMPERATURE IN F: :PCPN: SNOW: WIND :SUNSHINE: SKY :PK WND
================================================================================
1 2 3 4 5 6A 6B 7 8 9 10 11 12 13 14 15 16 17 18
12Z AVG MX 2MIN
DY MAX MIN AVG DEP HDD CDD WTR SNW DPTH SPD SPD DIR MIN PSBL S-S WX SPD DR
================================================================================
1 79 41 60 12 5 0 0.00 M M 5.5 16 220 M M 0 8 18 220
2 82 47 65 17 0 0 0.00 M M 6.9 17 190 M M 0 8 24 190
3 82 49 66 18 0 1 0.00 M M 8.5 18 240 M M 0 23 180
4 70 41 56 9 9 0 0.00 M M 6.0 14 360 M M 0 19 350
5 80 47 64 17 1 0 0.00 M M 8.1 17 240 M M 0 20 250
6 54 34 44 -3 21 0 0.00 M M 11.7 32 30 M M 1 18 43 30
7 73 35 54 7 11 0 0.00 M M 9.1 20 250 M M 0 23 250
8 76 39 58 12 7 0 0.00 M M 8.6 18 200 M M 0 23 200
9 76 55 66 20 0 1 0.00 M M 12.4 28 250 M M 0 8 35 240
10 75 51 63 17 2 0 T M M 16.3 36 270 M M 2 8 46 280
11 53 31 42 -4 23 0 0.00 M M 8.1 25 360 M M 0 35 360
12 67 38 53 7 12 0 0.00 M M 10.2 16 190 M M 0 20 220
13 75 41 58 12 7 0 0.00 M M 8.6 18 230 M M 0 23 230
14 78 43 61 16 4 0 0.00 M M 10.2 17 180 M M 0 22 190
15 76 57 67 22 0 2 0.00 M M 14.4 28 190 M M 0 35 200
16 69 43 56 11 9 0 0.00 M M 6.6 14 10 M M 0 12 18 10
17 72 45 59 14 6 0 0.00 M M 7.8 20 210 M M 5 18 23 200
18 60 41 51 6 14 0 0.00 M M 16.5 28 60 M M 7 35 50
19 48 37 43 -2 22 0 0.00 M M 7.8 14 180 M M 7 17 200
20 67 31 49 5 16 0 0.00 M M 7.5 18 280 M M 0 8 21 280
21 70 28 49 5 16 0 0.00 M M 8.1 17 240 M M 0 8 21 240
22 77 40 59 15 6 0 0.00 M M 6.6 20 290 M M 0 8 26 270
23 82 43 63 19 2 0 0.00 M M 9.9 22 250 M M 0 27 270
24 84 54 69 25 0 4 0.00 M M 13.8 31 240 M M 0 8 37 250
25 79 52 66 22 0 1 0.00 M M 7.1 24 250 M M 0 29 220
26 84 55 70 26 0 5 0.00 M M 12.8 33 260 M M 0 8 46 250
27 81 52 67 23 0 2 0.00 M M 7.3 22 240 M M 0 28 230
28 71 55 63 19 2 0 0.00 M M 12.0 33 260 M M 1 8 41 270
29 69 46 58 14 7 0 0.00 M M 11.2 31 270 M M 1 38 260
30 68 38 53 9 12 0 0.00 M M 7.0 18 240 M M 1 22 280
31 67 48 58 14 7 0 0.06 M M 6.0 22 320 M M 5 1 26 330
================================================================================
SM 2244 1357 221 16 0.06 M 292.6 M 30
================================================================================
AV 72.4 43.8 9.4 FASTST M M 1 MAX(MPH)
MISC ----> 36 270 # 46 280
================================================================================
NOTES:
# LAST OF SEVERAL OCCURRENCES
COLUMN 17 PEAK WIND IN M.P.H.
PRELIMINARY LOCAL CLIMATOLOGICAL DATA (WS FORM: F-6) , PAGE 2
STATION: ODESSA SCHLEYMEYER
MONTH: DECEMBER
YEAR: 2021
LATITUDE: 31 55 N
LONGITUDE: 102 23 W
[TEMPERATURE DATA] [PRECIPITATION DATA] SYMBOLS USED IN COLUMN 16
AVERAGE MONTHLY: 58.1 TOTAL FOR MONTH: 0.06 1 = FOG OR MIST
DPTR FM NORMAL: 12.7 DPTR FM NORMAL: -0.50 2 = FOG REDUCING VISIBILITY
HIGHEST: 84 ON 26,24 GRTST 24HR 0.06 ON 31-31 TO 1/4 MILE OR LESS
LOWEST: 28 ON 21 3 = THUNDER
SNOW, ICE PELLETS, HAIL 4 = ICE PELLETS
TOTAL MONTH: M 5 = HAIL
GRTST 24HR M ON M 6 = FREEZING RAIN OR DRIZZLE
GRTST DEPTH: M ON M 7 = DUSTSTORM OR SANDSTORM:
VSBY 1/2 MILE OR LESS
8 = SMOKE OR HAZE
[NO. OF DAYS WITH] [WEATHER - DAYS WITH] 9 = BLOWING SNOW
X = TORNADO
MAX 32 OR BELOW: 0 0.01 INCH OR MORE: 1
MAX 90 OR ABOVE: 0 0.10 INCH OR MORE: 0
MIN 32 OR BELOW: 3 0.50 INCH OR MORE: 0
MIN 0 OR BELOW: 0 1.00 INCH OR MORE: 0
[HDD (BASE 65) ]
TOTAL THIS MO. 221 CLEAR (SCALE 0-3) 27
DPTR FM NORMAL -387 PTCLDY (SCALE 4-7) 4
TOTAL FM JUL 1 492 CLOUDY (SCALE 8-10) 0
DPTR FM NORMAL -571
[CDD (BASE 65) ]
TOTAL THIS MO. 16
DPTR FM NORMAL 16 [PRESSURE DATA]
TOTAL FM JAN 1 2498 HIGHEST SLP 30.34 ON 6
DPTR FM NORMAL 20 LOWEST SLP 29.58 ON 28
[REMARKS]
#FINAL-12-21#