000
CXUS54 KMAF 011110
CF6ODO
PRELIMINARY LOCAL CLIMATOLOGICAL DATA (WS FORM: F-6)
STATION: ODESSA SCHLEYMEYER
MONTH: APRIL
YEAR: 2020
LATITUDE: 31 55 N
LONGITUDE: 102 23 W
TEMPERATURE IN F: :PCPN: SNOW: WIND :SUNSHINE: SKY :PK WND
================================================================================
1 2 3 4 5 6A 6B 7 8 9 10 11 12 13 14 15 16 17 18
12Z AVG MX 2MIN
DY MAX MIN AVG DEP HDD CDD WTR SNW DPTH SPD SPD DIR MIN PSBL S-S WX SPD DR
================================================================================
1 76 58 67 6 0 2 0.00 M M 14.5 22 180 M M 0 27 210
2 85 57 71 9 0 6 0.00 M M 13.1 26 270 M M 0 31 270
3 62 38 50 -12 15 0 0.00 M M 14.0 25 20 M M 4 18 31 30
4 50 38 44 -18 21 0 T M M 10.6 20 60 M M 9 138 22 80
5 78 46 62 0 3 0 0.00 M M 10.9 21 170 M M 6 1 25 170
6 75 59 67 5 0 2 0.01 0.0 0 10.0 21 180 M M 6 24 180
7 84 59 72 9 0 7 0.00 0.0 0 7.8 18 200 M M 1 22 200
8 88 56 72 9 0 7 0.00 0.0 0 8.4 21 260 M M 1 35 280
9 77 55 66 3 0 1 T M M 7.8 28 210 M M 4 32 210
10 76 46 61 -3 4 0 0.28 M M 11.4 23 190 M M 4 13 32 190
11 82 59 71 7 0 6 0.00 M M 8.0 20 200 M M 4 1 25 230
12 78 44 61 -3 4 0 0.00 M M 17.0 35 270 M M 1 44 270
13 58 33 46 -18 19 0 0.00 M M 13.6 25 80 M M 0 32 80
14 54 34 44 -21 21 0 0.00 0.0 0 9.9 22 80 M M 5 26 80
15 70 40 55 -10 10 0 0.00 M M 12.3 25 170 M M 3 29 200
16 82 50 66 1 0 1 0.00 0.0 0 16.4 26 170 M M 0 32 170
17 61 42 52 -14 13 0 0.00 0.0 0 10.6 24 20 M M 4 30 20
18 75 41 58 -8 7 0 0.00 0.0 0 6.7 13 160 M M 5 1 16 110
19 82 56 69 3 0 4 0.00 0.0 0 11.2 24 310 M M 0 31 320
20 86 53 70 4 0 5 0.00 0.0 0 7.8 21 310 M M 0 28 310
21 91 49 70 3 0 5 0.00 0.0 0 8.9 21 230 M M 0 8 28 250
22 85 63 74 7 0 9 0.00 0.0 0 13.8 29 280 M M 1 18 37 280
23 86 51 69 2 0 4 0.00 M M 9.4 24 280 M M 0 32 250
24 89 58 74 6 0 9 0.00 M M 12.9 29 350 M M 0 37 350
25 77 48 63 -5 2 0 0.00 M M 9.2 21 80 M M 0 27 70
26 87 53 70 2 0 5 0.00 M M 16.1 25 170 M M 0 33 200
27 96 66 81 12 0 16 0.00 M M 13.2 23 190 M M 0 30 190
28 100 67 84 15 0 19 0.00 M M 14.2 29 190 M M 0 37 180
29 81 61 71 2 0 6 0.00 M M 12.0 29 70 M M 0 38 60
30 91 53 72 2 0 7 0.00 M M 10.4 22 190 M M 0 29 170
================================================================================
SM 2362 1533 119 121 0.29 0.0 342.1 M 58
================================================================================
AV 78.7 51.1 11.4 FASTST M M 2 MAX(MPH)
MISC ----> 35 270 44 270
================================================================================
NOTES:
# LAST OF SEVERAL OCCURRENCES
COLUMN 17 PEAK WIND IN M.P.H.
PRELIMINARY LOCAL CLIMATOLOGICAL DATA (WS FORM: F-6) , PAGE 2
STATION: ODESSA SCHLEYMEYER
MONTH: APRIL
YEAR: 2020
LATITUDE: 31 55 N
LONGITUDE: 102 23 W
[TEMPERATURE DATA] [PRECIPITATION DATA] SYMBOLS USED IN COLUMN 16
AVERAGE MONTHLY: 64.9 TOTAL FOR MONTH: 0.29 1 = FOG OR MIST
DPTR FM NORMAL: -0.4 DPTR FM NORMAL: -0.46 2 = FOG REDUCING VISIBILITY
HIGHEST: 100 ON 28 GRTST 24HR 0.28 ON 10-10 TO 1/4 MILE OR LESS
LOWEST: 33 ON 13 3 = THUNDER
SNOW, ICE PELLETS, HAIL 4 = ICE PELLETS
TOTAL MONTH: 0.0 INCH 5 = HAIL
GRTST 24HR 0.0 6 = FREEZING RAIN OR DRIZZLE
GRTST DEPTH: 0 7 = DUSTSTORM OR SANDSTORM:
VSBY 1/2 MILE OR LESS
8 = SMOKE OR HAZE
[NO. OF DAYS WITH] [WEATHER - DAYS WITH] 9 = BLOWING SNOW
X = TORNADO
MAX 32 OR BELOW: 0 0.01 INCH OR MORE: 2
MAX 90 OR ABOVE: 4 0.10 INCH OR MORE: 1
MIN 32 OR BELOW: 0 0.50 INCH OR MORE: 0
MIN 0 OR BELOW: 0 1.00 INCH OR MORE: 0
[HDD (BASE 65) ]
TOTAL THIS MO. 119 CLEAR (SCALE 0-3) 20
DPTR FM NORMAL 23 PTCLDY (SCALE 4-7) 9
TOTAL FM JUL 1 2424 CLOUDY (SCALE 8-10) 1
DPTR FM NORMAL -47
[CDD (BASE 65) ]
TOTAL THIS MO. 121
DPTR FM NORMAL 17 [PRESSURE DATA]
TOTAL FM JAN 1 156 HIGHEST SLP 30.27 ON 14
DPTR FM NORMAL 25 LOWEST SLP 29.49 ON 12
[REMARKS]
#FINAL-04-20#