000
CXUS53 KGID 011635
CF6ODX
PRELIMINARY LOCAL CLIMATOLOGICAL DATA (WS FORM: F-6)
STATION: ORD NE
MONTH: AUGUST
YEAR: 2020
LATITUDE: 41 37 N
LONGITUDE: 98 57 W
TEMPERATURE IN F: :PCPN: SNOW: WIND :SUNSHINE: SKY :PK WND
================================================================================
1 2 3 4 5 6A 6B 7 8 9 10 11 12 13 14 15 16 17 18
12Z AVG MX 2MIN
DY MAX MIN AVG DEP HDD CDD WTR SNW DPTH SPD SPD DIR MIN PSBL S-S WX SPD DR
================================================================================
1 81 58 70 -5 0 5 0.00 M M 9.1 20 340 M M 1 28 10
2 78 54 66 -9 0 1 0.00 M M 6.9 17 350 M M 1 25 350
3 79 50 65 -10 0 0 0.00 M M 3.3 13 120 M M 1 21 120
4 73 58 66 -9 0 1 0.06 M M 10.0 21 170 M M 5 29 180
5 85 57 71 -3 0 6 0.00 M M 6.9 15 210 M M 1 19 220
6 89 62 76 2 0 11 0.00 M M 7.1 16 170 M M 1 1 24 140
7 87 69 78 4 0 13 0.00 M M 10.8 21 170 M M 4 1 29 150
8 93 71 82 8 0 17 0.00 M M 8.1 32 290 M M 4 13 43 290
9 93 60 77 3 0 12 T M M 5.8 22 120 M M 1 1 30 130
10 81 58 70 -4 0 5 0.00 M M 8.4 23 10 M M 1 1 34 360
11 88 56 72 -2 0 7 0.09 M M 8.1 28 320 M M 2 3 38 320
12 90 61 76 2 0 11 0.00 M M 8.9 23 190 M M 0 30 200
13 88 69 79 5 0 14 0.00 M M 9.6 18 190 M M 3 27 180
14 85 59 72 -2 0 7 0.00 M M 9.2 22 330 M M 1 29 330
15 84 52 68 -6 0 3 T M M 5.2 14 210 M M 1 20 200
16 91 61 76 3 0 11 T M M 5.0 15 360 M M 2 21 360
17 90 56 73 0 0 8 0.00 M M 3.9 10 90 M M 0 17 20
18 86 56 71 -2 0 6 0.07 M M 7.1 18 180 M M 0 3 23 180
19 86 63 75 2 0 10 0.00 M M 10.3 22 190 M M 0 29 180
20 87 61 74 1 0 9 0.01 M M 7.2 16 180 M M 1 24 190
21 91 63 77 5 0 12 0.00 M M 5.9 14 190 M M 0 18 200
22 95 60 78 6 0 13 0.00 M M 2.4 9 170 M M 0 1 13 180
23 95 62 79 7 0 14 0.00 M M 3.7 13 140 M M 2 12 19 150
24 94 65 80 8 0 15 0.00 M M 8.1 20 180 M M 0 1 28 180
25 94 65 80 8 0 15 0.00 M M 10.8 22 180 M M 0 31 170
26 93 68 81 10 0 16 0.01 M M 11.8 23 200 M M 0 33 200
27 95 62 79 8 0 14 0.00 M M 6.2 17 190 M M 0 24 160
28 87 64 76 5 0 11 T M M 7.8 20 360 M M 0 3 27 10
29 79 51 65 -6 0 0 0.00 M M 4.9 10 150 M M 0 15 160
30 85 61 73 3 0 8 0.04 M M 13.6 26 350 M M 2 3 39 350
31 76 53 65 -5 0 0 0.00 M M 8.1 25 350 M M 3 39 340
================================================================================
SM 2698 1865 0 275 0.28 M 234.2 M 37
================================================================================
AV 87.0 60.2 7.6 FASTST M M 1 MAX(MPH)
MISC ----> # 32 290 # 43 290
================================================================================
NOTES:
# LAST OF SEVERAL OCCURRENCES
COLUMN 17 PEAK WIND IN M.P.H.
PRELIMINARY LOCAL CLIMATOLOGICAL DATA (WS FORM: F-6) , PAGE 2
STATION: ORD NE
MONTH: AUGUST
YEAR: 2020
LATITUDE: 41 37 N
LONGITUDE: 98 57 W
[TEMPERATURE DATA] [PRECIPITATION DATA] SYMBOLS USED IN COLUMN 16
AVERAGE MONTHLY: 73.6 TOTAL FOR MONTH: 0.28 1 = FOG OR MIST
DPTR FM NORMAL: 0.6 DPTR FM NORMAL: -2.88 2 = FOG REDUCING VISIBILITY
HIGHEST: 95 ON 27,23 GRTST 24HR 0.09 ON 11-11 TO 1/4 MILE OR LESS
LOWEST: 50 ON 3 3 = THUNDER
SNOW, ICE PELLETS, HAIL 4 = ICE PELLETS
TOTAL MONTH: M 5 = HAIL
GRTST 24HR M ON M 6 = FREEZING RAIN OR DRIZZLE
GRTST DEPTH: M ON M 7 = DUSTSTORM OR SANDSTORM:
VSBY 1/2 MILE OR LESS
8 = SMOKE OR HAZE
[NO. OF DAYS WITH] [WEATHER - DAYS WITH] 9 = BLOWING SNOW
X = TORNADO
MAX 32 OR BELOW: 0 0.01 INCH OR MORE: 6
MAX 90 OR ABOVE: 12 0.10 INCH OR MORE: 0
MIN 32 OR BELOW: 0 0.50 INCH OR MORE: 0
MIN 0 OR BELOW: 0 1.00 INCH OR MORE: 0
[HDD (BASE 65) ]
TOTAL THIS MO. 0 CLEAR (SCALE 0-3) 28
DPTR FM NORMAL -9 PTCLDY (SCALE 4-7) 3
TOTAL FM JUL 1 0 CLOUDY (SCALE 8-10) 0
DPTR FM NORMAL -14
[CDD (BASE 65) ]
TOTAL THIS MO. 275
DPTR FM NORMAL 18 [PRESSURE DATA]
TOTAL FM JAN 1 882 HIGHEST SLP 30.24 ON 17
DPTR FM NORMAL 125 LOWEST SLP 29.60 ON 30
[REMARKS]
#FINAL-08-20#