000
CXUS53 KOAX 010930
CF6OFK
PRELIMINARY LOCAL CLIMATOLOGICAL DATA (WS FORM: F-6)
STATION: NORFOLK NE
MONTH: MAY
YEAR: 2021
LATITUDE: 41 58 N
LONGITUDE: 97 26 W
TEMPERATURE IN F: :PCPN: SNOW: WIND :SUNSHINE: SKY :PK WND
================================================================================
1 2 3 4 5 6A 6B 7 8 9 10 11 12 13 14 15 16 17 18
12Z AVG MX 2MIN
DY MAX MIN AVG DEP HDD CDD WTR SNW DPTH SPD SPD DIR MIN PSBL S-S WX SPD DR
================================================================================
1 91 60 76 22 0 11 0.00 0.0 0 20.5 35 200 M M 0 45 210
2 84 62 73 18 0 8 0.00 0.0 0 12.2 29 360 M M 2 3 38 350
3 66 47 57 2 8 0 T 0.0 0 21.9 36 340 M M 6 46 330
4 65 36 51 -4 14 0 0.00 0.0 0 10.2 22 360 M M 0 31 340
5 68 35 52 -4 13 0 0.10 0.0 0 9.2 23 20 M M 5 3 30 20
6 68 33 51 -5 14 0 0.00 0.0 0 7.4 18 280 M M 1 1 26 330
7 69 38 54 -2 11 0 0.00 0.0 0 6.8 16 40 M M 6 8 20 40
8 60 42 51 -6 14 0 0.08 0.0 0 16.2 30 110 M M 9 138 41 100
9 57 37 47 -10 18 0 0.02 0.0 0 10.2 20 30 M M 9 1 28 40
10 63 34 49 -9 16 0 0.00 0.0 0 8.3 17 10 M M 2 26 30
11 63 33 48 -10 17 0 0.00 0.0 0 5.1 16 50 M M 0 25 40
12 67 30 49 -9 16 0 0.00 0.0 0 7.9 18 150 M M 2 29 170
13 72 46 59 0 6 0 0.03 0.0 0 13.3 25 160 M M 4 35 170
14 72 51 62 3 3 0 0.08 0.0 0 6.4 14 200 M M 7 3 20 200
15 81 47 64 4 1 0 0.00 0.0 0 5.8 17 70 M M 1 128 23 50
16 65 59 62 2 3 0 0.19 0.0 0 9.2 16 110 M M 9 1 22 120
17 64 57 61 1 4 0 0.04 0.0 0 8.0 14 60 M M 10 18 19 70
18 70 58 64 3 1 0 0.03 0.0 0 6.7 13 100 M M 8 18 17 100
19 75 59 67 6 0 2 0.03 0.0 0 9.2 21 150 M M 5 1 28 150
20 74 63 69 7 0 4 0.34 0.0 0 11.5 22 160 M M 6 13 30 150
21 82 63 73 11 0 8 T 0.0 0 16.1 26 170 M M 6 38 190
22 86 67 77 15 0 12 0.00 0.0 0 11.0 20 200 M M 5 28 160
23 87 65 76 13 0 11 0.00 0.0 0 12.0 28 160 M M 5 1 38 170
24 75 60 68 5 0 3 0.32 0.0 0 10.7 30 260 M M 9 13 45 260
25 84 55 70 6 0 5 0.00 0.0 0 9.6 17 280 M M 1 25 210
26 79 53 66 2 0 1 0.17 0.0 0 8.3 17 170 M M 2 8 24 180
27 62 48 55 -9 10 0 0.02 0.0 0 13.8 22 330 M M 7 18 30 340
28 53 45 49 -16 16 0 T 0.0 0 9.7 17 40 M M 10 18 24 50
29 61 47 54 -11 11 0 0.00 0.0 0 9.7 18 140 M M 7 24 150
30 60 50 55 -11 10 0 0.88 0.0 0 5.8 14 200 M M 8 18 20 190
31 79 45 62 -4 3 0 0.00 0.0 0 4.5 10 200 M M 2 12 13 190
================================================================================
SM 2202 1525 209 65 2.33 0.0 317.2 M 154
================================================================================
AV 71.0 49.2 10.2 FASTST M M 5 MAX(MPH)
MISC ----> 36 340 46 330
================================================================================
NOTES:
# LAST OF SEVERAL OCCURRENCES
COLUMN 17 PEAK WIND IN M.P.H.
PRELIMINARY LOCAL CLIMATOLOGICAL DATA (WS FORM: F-6) , PAGE 2
STATION: NORFOLK NE
MONTH: MAY
YEAR: 2021
LATITUDE: 41 58 N
LONGITUDE: 97 26 W
[TEMPERATURE DATA] [PRECIPITATION DATA] SYMBOLS USED IN COLUMN 16
AVERAGE MONTHLY: 60.1 TOTAL FOR MONTH: 2.33 1 = FOG OR MIST
DPTR FM NORMAL: 0.0 DPTR FM NORMAL: -1.67 2 = FOG REDUCING VISIBILITY
HIGHEST: 91 ON 1 GRTST 24HR 0.88 ON 30-30 TO 1/4 MILE OR LESS
LOWEST: 30 ON 12 3 = THUNDER
SNOW, ICE PELLETS, HAIL 4 = ICE PELLETS
TOTAL MONTH: 0.0 INCH 5 = HAIL
GRTST 24HR 0.0 6 = FREEZING RAIN OR DRIZZLE
GRTST DEPTH: 0 7 = DUSTSTORM OR SANDSTORM:
VSBY 1/2 MILE OR LESS
8 = SMOKE OR HAZE
[NO. OF DAYS WITH] [WEATHER - DAYS WITH] 9 = BLOWING SNOW
X = TORNADO
MAX 32 OR BELOW: 0 0.01 INCH OR MORE: 14
MAX 90 OR ABOVE: 1 0.10 INCH OR MORE: 6
MIN 32 OR BELOW: 1 0.50 INCH OR MORE: 1
MIN 0 OR BELOW: 0 1.00 INCH OR MORE: 0
[HDD (BASE 65) ]
TOTAL THIS MO. 209 CLEAR (SCALE 0-3) 11
DPTR FM NORMAL 3 PTCLDY (SCALE 4-7) 13
TOTAL FM JUL 1 6276 CLOUDY (SCALE 8-10) 7
DPTR FM NORMAL -317
[CDD (BASE 65) ]
TOTAL THIS MO. 65
DPTR FM NORMAL 11 [PRESSURE DATA]
TOTAL FM JAN 1 79 HIGHEST SLP 30.44 ON 12
DPTR FM NORMAL 17 LOWEST SLP 29.38 ON 2
[REMARKS]
#FINAL-05-21#