000
CXUS52 KCAE 011400
CF6OGB
PRELIMINARY LOCAL CLIMATOLOGICAL DATA (WS FORM: F-6)
STATION: ORANGEBURG AIRPORT SC
MONTH: MAY
YEAR: 2021
LATITUDE: 33 27 N
LONGITUDE: 80 51 W
TEMPERATURE IN F: :PCPN: SNOW: WIND :SUNSHINE: SKY :PK WND
================================================================================
1 2 3 4 5 6A 6B 7 8 9 10 11 12 13 14 15 16 17 18
12Z AVG MX 2MIN
DY MAX MIN AVG DEP HDD CDD WTR SNW DPTH SPD SPD DIR MIN PSBL S-S WX SPD DR
================================================================================
1 79 57 68 0 0 3 0.00 M M 5.7 14 70 M M 0 21 70
2 84 53 69 1 0 4 0.00 M M 7.6 17 200 M M 1 22 200
3 87 66 77 8 0 12 0.84 M M 8.5 18 200 M M 7 13 25 320
4 89 65 77 8 0 12 0.25 M M 6.7 20 300 M M 3 13 30 300
5 80 66 73 4 0 8 0.02 M M 10.5 24 250 M M 4 1 30 250
6 78 61 70 0 0 5 0.00 M M 5.0 14 20 M M 2 17 20
7 74 50 62 -8 3 0 0.00 M M 9.0 25 270 M M 1 32 270
8 79 46 63 -7 2 0 0.00 M M 6.2 21 240 M M 0 25 260
9 85 53 69 -1 0 4 0.00 M M 10.1 22 200 M M 0 27 170
10 79 66 73 2 0 8 0.06 M M 7.6 15 240 M M 2 18 20 210
11 84 63 74 3 0 9 0.00 M M 4.3 14 20 M M 5 1 17 290
12 69 49 59 -12 6 0 0.26 M M 8.6 21 40 M M 10 13 27 20
13 72 46 59 -12 6 0 0.00 M M 7.3 16 20 M M 1 21 10
14 75 47 61 -11 4 0 0.00 M M 3.9 15 20 M M 1 20 20
15 78 46 62 -10 3 0 0.00 M M 2.3 14 50 M M 1 17 50
16 82 50 66 -6 0 1 0.00 M M 2.9 12 300 M M 1 14 250
17 83 53 68 -4 0 3 0.00 M M 3.6 13 210 M M 1 15 210
18 82 62 72 -1 0 7 0.00 M M 5.3 13 60 M M 1 17 50
19 82 62 72 -1 0 7 0.00 M M 5.8 14 150 M M 3 19 140
20 84 58 71 -2 0 6 0.00 M M 4.6 14 120 M M 1 20 150
21 86 55 71 -2 0 6 0.00 M M 4.6 16 50 M M 0 22 50
22 86 56 71 -3 0 6 0.00 M M 2.0 12 130 M M 0 16 130
23 92 63 78 4 0 13 0.00 M M 4.4 12 250 M M 1 16 240
24 95 64 80 6 0 15 T M M 3.1 10 280 M M 3 15 280
25 95 66 81 7 0 16 0.00 M M 4.3 15 190 M M 0 19 180
26 95 66 81 6 0 16 0.00 M M 5.8 16 220 M M 2 19 210
27 94 67 81 6 0 16 0.00 M M 6.4 18 230 M M 1 24 230
28 95 67 81 6 0 16 0.00 M M 10.1 24 220 M M 2 32 210
29 87 69 78 3 0 13 T M M 9.7 18 200 M M 6 26 220
30 74 58 66 -10 0 1 T M M 6.1 15 30 M M 6 1 19 40
31 81 51 66 -10 0 1 0.00 M M 2.9 13 80 M M 1 17 80
================================================================================
SM 2585 1801 24 208 1.43 M 184.9 M 67
================================================================================
AV 83.4 58.1 6.0 FASTST M M 2 MAX(MPH)
MISC ----> 25 270 # 32 270
================================================================================
NOTES:
# LAST OF SEVERAL OCCURRENCES
COLUMN 17 PEAK WIND IN M.P.H.
PRELIMINARY LOCAL CLIMATOLOGICAL DATA (WS FORM: F-6) , PAGE 2
STATION: ORANGEBURG AIRPORT SC
MONTH: MAY
YEAR: 2021
LATITUDE: 33 27 N
LONGITUDE: 80 51 W
[TEMPERATURE DATA] [PRECIPITATION DATA] SYMBOLS USED IN COLUMN 16
AVERAGE MONTHLY: 70.7 TOTAL FOR MONTH: 1.43 1 = FOG OR MIST
DPTR FM NORMAL: -1.4 DPTR FM NORMAL: -1.92 2 = FOG REDUCING VISIBILITY
HIGHEST: 95 ON 28,26 GRTST 24HR 0.84 ON 3- 3 TO 1/4 MILE OR LESS
LOWEST: 46 ON 15,13 3 = THUNDER
SNOW, ICE PELLETS, HAIL 4 = ICE PELLETS
TOTAL MONTH: M 5 = HAIL
GRTST 24HR M ON M 6 = FREEZING RAIN OR DRIZZLE
GRTST DEPTH: M ON M 7 = DUSTSTORM OR SANDSTORM:
VSBY 1/2 MILE OR LESS
8 = SMOKE OR HAZE
[NO. OF DAYS WITH] [WEATHER - DAYS WITH] 9 = BLOWING SNOW
X = TORNADO
MAX 32 OR BELOW: 0 0.01 INCH OR MORE: 5
MAX 90 OR ABOVE: 6 0.10 INCH OR MORE: 3
MIN 32 OR BELOW: 0 0.50 INCH OR MORE: 1
MIN 0 OR BELOW: 0 1.00 INCH OR MORE: 0
[HDD (BASE 65) ]
TOTAL THIS MO. 24 CLEAR (SCALE 0-3) 25
DPTR FM NORMAL 10 PTCLDY (SCALE 4-7) 5
TOTAL FM JUL 1 2058 CLOUDY (SCALE 8-10) 1
DPTR FM NORMAL -133
[CDD (BASE 65) ]
TOTAL THIS MO. 208
DPTR FM NORMAL -26 [PRESSURE DATA]
TOTAL FM JAN 1 345 HIGHEST SLP 30.44 ON 21
DPTR FM NORMAL -1 LOWEST SLP 29.76 ON 29
[REMARKS]
#FINAL-05-21#