000
CXHW52 PHFO 011250
CF6OGG
PRELIMINARY LOCAL CLIMATOLOGICAL DATA (WS FORM: F-6)
STATION: KAHULUI HI
MONTH: NOVEMBER
YEAR: 2022
LATITUDE: 20 53 N
LONGITUDE: 156 26 W
TEMPERATURE IN F: :PCPN: SNOW: WIND :SUNSHINE: SKY :PK WND
================================================================================
1 2 3 4 5 6A 6B 7 8 9 10 11 12 13 14 15 16 17 18
12Z AVG MX 2MIN
DY MAX MIN AVG DEP HDD CDD WTR SNW DPTH SPD SPD DIR MIN PSBL S-S WX SPD DR
================================================================================
1 88 76 82 4 0 17 0.00 M M 12.9 25 30 M M 4 30 30
2 92 69 81 3 0 16 0.00 M M 12.6 28 70 M M 2 34 70
3 93 68 81 3 0 16 T M M 10.8 29 80 M M 2 38 70
4 93 71 82 4 0 17 0.00 M M 10.8 25 70 M M 1 34 80
5 92 75 84 6 0 19 0.00 M M 14.1 24 70 M M 2 37 60
6 91 66 79 1 0 14 0.00 M M 12.9 29 70 M M 1 38 60
7 90 76 83 5 0 18 0.00 M M 17.1 29 70 M M 2 39 80
8 89 75 82 4 0 17 T M M 16.3 29 40 M M 3 36 40
9 87 75 81 3 0 16 0.00 M M 13.9 28 40 M M 2 34 50
10 87 71 79 1 0 14 0.01 M M 10.7 24 40 M M 2 8 29 40
11 87 72 80 2 0 15 T M M 16.4 25 40 M M 4 31 30
12 85 72 79 2 0 14 0.13 M M 11.6 28 40 M M 5 8 32 40
13 86 72 79 2 0 14 0.06 M M 12.0 24 40 M M 4 8 29 30
14 86 72 79 2 0 14 0.11 M M 12.7 24 40 M M 4 29 40
15 83 71 77 0 0 12 0.32 M M 10.9 24 30 M M 6 18 27 30
16 85 71 78 1 0 13 T M M 12.3 25 40 M M 3 8 31 40
17 88 66 77 0 0 12 0.00 M M 7.7 20 30 M M 3 8 23 30
18 89 69 79 2 0 14 0.00 M M 11.8 26 40 M M 1 8 33 50
19 87 74 81 4 0 16 0.02 M M 16.3 28 40 M M 2 8 33 40
20 85 73 79 2 0 14 T M M 12.7 24 80 M M 3 32 80
21 85 73 79 2 0 14 0.03 M M 15.0 28 60 M M 4 39 60
22 85 72 79 2 0 14 T M M 15.8 28 70 M M 3 36 60
23 85 71 78 2 0 13 0.00 M M 10.9 25 30 M M 5 28 30
24 77 67 72 -4 0 7 0.27 M M 17.1 33 30 M M 6 18 38 30
25 81 67 74 -2 0 9 0.01 M M 13.7 24 40 M M 5 1 28 40
26 80 66 73 -3 0 8 0.03 M M 8.8 17 10 M M 7 18 21 10
27 79 69 74 -2 0 9 0.06 M M 6.3 13 20 M M 6 1 18 360
28 77 69 73 -3 0 8 0.12 M M 5.5 14 10 M M 8 1 16 350
29 83 69 76 0 0 11 0.00 M M 5.1 13 330 M M 3 1 17 310
30 82 67 75 -1 0 10 0.00 M M 6.8 16 40 M M 3 1 19 20
================================================================================
SM 2577 2124 0 405 1.17 M 361.5 M 106
================================================================================
AV 85.9 70.8 12.0 FASTST M M 4 MAX(MPH)
MISC ----> 33 30 # 39 80
================================================================================
NOTES:
# LAST OF SEVERAL OCCURRENCES
COLUMN 17 PEAK WIND IN M.P.H.
PRELIMINARY LOCAL CLIMATOLOGICAL DATA (WS FORM: F-6) , PAGE 2
STATION: KAHULUI HI
MONTH: NOVEMBER
YEAR: 2022
LATITUDE: 20 53 N
LONGITUDE: 156 26 W
[TEMPERATURE DATA] [PRECIPITATION DATA] SYMBOLS USED IN COLUMN 16
AVERAGE MONTHLY: 78.4 TOTAL FOR MONTH: 1.17 1 = FOG OR MIST
DPTR FM NORMAL: 1.3 DPTR FM NORMAL: -0.64 2 = FOG REDUCING VISIBILITY
HIGHEST: 93 ON 4, 3 GRTST 24HR 0.43 ON 14-15 TO 1/4 MILE OR LESS
LOWEST: 66 ON 26,17 3 = THUNDER
SNOW, ICE PELLETS, HAIL 4 = ICE PELLETS
TOTAL MONTH: M 5 = HAIL
GRTST 24HR M ON M 6 = FREEZING RAIN OR DRIZZLE
GRTST DEPTH: M ON M 7 = DUSTSTORM OR SANDSTORM:
VSBY 1/2 MILE OR LESS
8 = SMOKE OR HAZE
[NO. OF DAYS WITH] [WEATHER - DAYS WITH] 9 = BLOWING SNOW
X = TORNADO
MAX 32 OR BELOW: 0 0.01 INCH OR MORE: 12
MAX 90 OR ABOVE: 6 0.10 INCH OR MORE: 5
MIN 32 OR BELOW: 0 0.50 INCH OR MORE: 0
MIN 0 OR BELOW: 0 1.00 INCH OR MORE: 0
[HDD (BASE 65) ]
TOTAL THIS MO. 0 CLEAR (SCALE 0-3) 16
DPTR FM NORMAL 0 PTCLDY (SCALE 4-7) 14
TOTAL FM JUL 1 0 CLOUDY (SCALE 8-10) 0
DPTR FM NORMAL 0
[CDD (BASE 65) ]
TOTAL THIS MO. 405
DPTR FM NORMAL 42 [PRESSURE DATA]
TOTAL FM JAN 1 4528 HIGHEST SLP 30.19 ON 21
DPTR FM NORMAL 404 LOWEST SLP 29.91 ON 30
[REMARKS]
#FINAL-11-22#