000
CXHW52 PHFO 011250
CF6OGG
PRELIMINARY LOCAL CLIMATOLOGICAL DATA (WS FORM: F-6)
STATION: KAHULUI HI
MONTH: NOVEMBER
YEAR: 2020
LATITUDE: 20 53 N
LONGITUDE: 156 26 W
TEMPERATURE IN F: :PCPN: SNOW: WIND :SUNSHINE: SKY :PK WND
================================================================================
1 2 3 4 5 6A 6B 7 8 9 10 11 12 13 14 15 16 17 18
12Z AVG MX 2MIN
DY MAX MIN AVG DEP HDD CDD WTR SNW DPTH SPD SPD DIR MIN PSBL S-S WX SPD DR
================================================================================
1 89 69 79 2 0 14 0.00 0.0 M 6.0 15 30 M M M 20 30
2 91 74 83 6 0 18 T 0.0 M 10.9 25 40 M M M 30 40
3 93 71 82 5 0 17 T 0.0 M 10.8 24 40 M M M 30 50
4 95 74 85 8 0 20 0.00 0.0 M 7.4 18 30 M M M 24 50
5 96 70 83 6 0 18 0.00 0.0 M 6.3 23 60 M M M 28 90
6 90 75 83 6 0 18 0.00 0.0 M 9.5 22 40 M M M 29 60
7 91 73 82 5 0 17 T 0.0 M 13.5 25 60 M M M 33 60
8 92 77 85 8 0 20 T 0.0 M 17.1 28 70 M M M 36 70
9 92 69 81 4 0 16 0.00 0.0 M 13.6 28 80 M M M 36 90
10 89 69 79 2 0 14 T 0.0 M 14.7 30 50 M M M 38 50
11 85 73 79 2 0 14 0.08 0.0 M 15.5 28 50 M M M 38 70
12 85 72 79 3 0 14 0.01 0.0 M 13.7 28 50 M M M 37 80
13 86 73 80 4 0 15 0.00 0.0 M 15.4 30 40 M M M 39 30
14 87 65 76 0 0 11 0.00 0.0 M 11.7 23 60 M M M 32 50
15 85 68 77 1 0 12 0.00 0.0 M 10.0 21 30 M M M 26 40
16 86 66 76 0 0 11 T 0.0 M 10.8 23 40 M M M 28 40
17 89 68 79 3 0 14 0.00 0.0 M 13.7 26 40 M M M 32 50
18 86 73 80 4 0 15 0.02 0.0 M 11.8 23 40 M M M 18 30 40
19 86 74 80 4 0 15 0.00 0.0 M 15.6 29 40 M M M 35 60
20 86 74 80 4 0 15 T 0.0 M 18.6 30 70 M M M 1 40 70
21 87 74 81 5 0 16 T 0.0 M 20.0 35 50 M M M 1 42 40
22 83 74 79 3 0 14 T 0.0 M 21.2 30 60 M M M 42 70
23 83 73 78 3 0 13 T 0.0 M 19.7 28 60 M M M 8 36 40
24 83 73 78 3 0 13 T 0.0 M 18.5 28 50 M M M 1 38 70
25 87 69 78 3 0 13 0.00 0.0 M 14.1 25 70 M M M 34 80
26 86 74 80 5 0 15 0.00 0.0 M 14.0 25 40 M M M 32 80
27 84 70 77 2 0 12 0.08 0.0 M 12.5 24 30 M M M 1 30 30
28 83 67 75 0 0 10 0.06 0.0 M 10.0 25 40 M M M 18 32 40
29 84 69 77 2 0 12 T 0.0 M 10.3 22 40 M M M 26 40
30 84 64 74 -1 0 9 0.00 0.0 M 7.7 16 30 M M M 20 40
================================================================================
SM 2623 2134 0 435 0.25 0.0 394.6 M M
================================================================================
AV 87.4 71.1 13.2 FASTST M M 0 MAX(MPH)
MISC ----> # 35 50 # 42 40
================================================================================
NOTES:
# LAST OF SEVERAL OCCURRENCES
COLUMN 17 PEAK WIND IN M.P.H.
PRELIMINARY LOCAL CLIMATOLOGICAL DATA (WS FORM: F-6) , PAGE 2
STATION: KAHULUI HI
MONTH: NOVEMBER
YEAR: 2020
LATITUDE: 20 53 N
LONGITUDE: 156 26 W
[TEMPERATURE DATA] [PRECIPITATION DATA] SYMBOLS USED IN COLUMN 16
AVERAGE MONTHLY: 79.3 TOTAL FOR MONTH: 0.25 1 = FOG OR MIST
DPTR FM NORMAL: 3.3 DPTR FM NORMAL: -1.95 2 = FOG REDUCING VISIBILITY
HIGHEST: 96 ON 5 GRTST 24HR 0.08 ON 27-27 TO 1/4 MILE OR LESS
LOWEST: 64 ON 30 3 = THUNDER
SNOW, ICE PELLETS, HAIL 4 = ICE PELLETS
TOTAL MONTH: 0.0 INCH 5 = HAIL
GRTST 24HR 0.0 6 = FREEZING RAIN OR DRIZZLE
GRTST DEPTH: M ON M 7 = DUSTSTORM OR SANDSTORM:
VSBY 1/2 MILE OR LESS
8 = SMOKE OR HAZE
[NO. OF DAYS WITH] [WEATHER - DAYS WITH] 9 = BLOWING SNOW
X = TORNADO
MAX 32 OR BELOW: 0 0.01 INCH OR MORE: 5
MAX 90 OR ABOVE: 8 0.10 INCH OR MORE: 0
MIN 32 OR BELOW: 0 0.50 INCH OR MORE: 0
MIN 0 OR BELOW: 0 1.00 INCH OR MORE: 0
[HDD (BASE 65) ]
TOTAL THIS MO. 0 CLEAR (SCALE 0-3) 0
DPTR FM NORMAL 0 PTCLDY (SCALE 4-7) 0
TOTAL FM JUL 1 0 CLOUDY (SCALE 8-10) 0
DPTR FM NORMAL 0
[CDD (BASE 65) ]
TOTAL THIS MO. 435
DPTR FM NORMAL 104 [PRESSURE DATA]
TOTAL FM JAN 1 4622 HIGHEST SLP 30.19 ON 12
DPTR FM NORMAL 915 LOWEST SLP 29.89 ON 7
[REMARKS]
#FINAL-11-20#