000
CXUS53 KEAX 012140
CLSOJC
CLIMATE REPORT
NATIONAL WEATHER SERVICE KANSAS CITY/PLEASANT HILL MO
309 PM CST THU DEC 01 2022
...................................
...THE JOHNSON COUNTY EXECUTIVE KS CLIMATE SUMMARY FOR THE SEASON, FROM
9/1/2022 TO 11/30/2022...
CLIMATE NORMAL PERIOD: 1991 TO 2020
CLIMATE RECORD PERIOD: 9999 TO 9999
WEATHER OBSERVED NORMAL DEPART LAST YEAR`S
VALUE DATE(S) VALUE FROM VALUE DATE(S)
NORMAL
................................................................
TEMPERATURE (F)
HIGHEST 97 09/19 92 5 91 09/26
09/20
LOWEST 17 11/13 18 -1 22 11/25
11/18
11/20
11/26
AVG. MAXIMUM 69.0 65.9 3.1 70.2
AVG. MINIMUM 46.0 46.8 -0.8 50.1
MEAN 57.5 56.3 1.2 60.2
DAYS MAX >= 90 4 2.9 1.1 3
DAYS MAX <= 32 2 1.0 1.0 0
DAYS MIN <= 32 20 13.6 6.4 10
DAYS MIN <= 0 0 0.0 0.0 0
PRECIPITATION (INCHES)
TOTALS 7.16 8.58 -1.42 9.33
DAILY AVG. 0.08 0.09 -0.01 0.10
DAYS >= .01 17 23.1 -6.1 19
DAYS >= .10 9 14.0 -5.0 13
DAYS >= .50 4 5.5 -1.5 8
DAYS >= 1.00 3 2.5 0.5 4
GREATEST
24 HR. TOTAL 2.67
DEGREE DAYS
HEATING TOTAL 918 968 -50 723
COOLING TOTAL 258 180 78 303
................................................................
WIND (MPH)
AVERAGE WIND SPEED 7.9
HIGHEST WIND SPEED/DIRECTION 35/170 DATE 10/23
HIGHEST GUST SPEED/DIRECTION 49/170 DATE 10/23
SKY COVER
POSSIBLE SUNSHINE (PERCENT) MM
AVERAGE SKY COVER 0.20
NUMBER OF DAYS FAIR 68
NUMBER OF DAYS PC 18
NUMBER OF DAYS CLOUDY 5
AVERAGE RH (PERCENT) 60
WEATHER CONDITIONS. NUMBER OF DAYS WITH
THUNDERSTORM 5 MIXED PRECIP 0
HEAVY RAIN 6 RAIN 9
LIGHT RAIN 19 FREEZING RAIN 0
LT FREEZING RAIN 0 HAIL 0
HEAVY SNOW 0 SNOW 0
LIGHT SNOW 4 SLEET 0
FOG 23 FOG W/VIS <= 1/4 MILE 2
HAZE 5
- INDICATES NEGATIVE NUMBERS.
R INDICATES RECORD WAS SET OR TIED.
MM INDICATES DATA IS MISSING.
T INDICATES TRACE AMOUNT.
$$