000
CXUS55 KGGW 010810
CF6OLF
PRELIMINARY LOCAL CLIMATOLOGICAL DATA (WS FORM: F-6)
STATION: WOLF POINT MT
MONTH: SEPTEMBER
YEAR: 2022
LATITUDE: 48 5 N
LONGITUDE: 105 35 W
TEMPERATURE IN F: :PCPN: SNOW: WIND :SUNSHINE: SKY :PK WND
================================================================================
1 2 3 4 5 6A 6B 7 8 9 10 11 12 13 14 15 16 17 18
12Z AVG MX 2MIN
DY MAX MIN AVG DEP HDD CDD WTR SNW DPTH SPD SPD DIR MIN PSBL S-S WX SPD DR
================================================================================
1 100 54 77 12 0 12 T M M 9.5 29 270 M M 0 40 280
2 83 54 69 5 0 4 0.00 M M 4.6 14 20 M M 0 21 30
3 98 53 76 12 0 11 0.00 M M 8.5 15 90 M M 0 25 110
4 94 58 76 12 0 11 0.00 M M 7.0 16 280 M M 0 8 23 330
5 98 50 74 11 0 9 0.00 M M 9.4 23 290 M M 0 33 320
6 85 51 68 5 0 3 0.00 M M 6.7 16 70 M M 0 21 70
7 101 52 77 15 0 12 T M M 8.1 31 290 M M 0 43 280
8 85 54 70 8 0 5 T M M 12.1 30 360 M M 3 41 360
9 69 41 55 -7 10 0 T M M 7.8 20 290 M M 3 26 300
10 73 37 55 -6 10 0 0.00 M M 6.2 18 270 M M 0 25 250
11 88 38 63 2 2 0 0.00 M M 3.7 15 190 M M 0 20 200
12 88 40 64 4 1 0 0.00 M M 8.6 21 20 M M 0 8 29 30
13 75 50 63 3 2 0 0.00 M M 16.2 26 90 M M 0 37 90
14 65 50 58 -2 7 0 T M M 10.4 20 60 M M 3 25 60
15 65 42 54 -5 11 0 0.00 M M 7.5 16 60 M M 7 21 70
16 72 50 61 2 4 0 0.00 M M 7.5 13 90 M M 6 1 18 90
17 73 45 59 1 6 0 0.04 M M 3.8 9 230 M M 4 18 13 230
18 81 38 60 2 5 0 0.00 M M 5.1 13 80 M M 1 12 16 80
19 84 51 68 11 0 3 0.03 M M 9.4 25 350 M M 1 35 360
20 66 42 54 -3 11 0 T M M 12.2 23 300 M M 2 34 300
21 65 33 49 -7 16 0 0.00 M M 4.4 13 10 M M 0 20 70
22 58 37 48 -8 17 0 0.48 M M 10.1 18 110 M M 5 13 26 110
23 72 40 56 0 9 0 T M M 9.3 23 310 M M 3 12 35 300
24 76 47 62 7 3 0 T M M 7.4 21 300 M M 3 31 280
25 75 36 56 1 9 0 0.00 M M 4.3 15 320 M M 1 22 320
26 81 39 60 6 5 0 0.00 M M 6.9 20 350 M M 0 27 320
27 80 43 62 8 3 0 0.00 M M 7.5 16 120 M M 0 24 110
28 90 46 68 15 0 3 0.00 M M 4.2 13 70 M M 0 14 70
29 91 41 66 13 0 1 0.00 M M 6.0 16 90 M M 0 22 90
30 77 46 62 10 3 0 T M M 11.7 26 60 M M 0 36 70
================================================================================
SM 2408 1358 134 74 0.55 M 236.1 M 42
================================================================================
AV 80.3 45.3 7.9 FASTST M M 1 MAX(MPH)
MISC ----> 31 290 43 280
================================================================================
NOTES:
# LAST OF SEVERAL OCCURRENCES
COLUMN 17 PEAK WIND IN M.P.H.
PRELIMINARY LOCAL CLIMATOLOGICAL DATA (WS FORM: F-6) , PAGE 2
STATION: WOLF POINT MT
MONTH: SEPTEMBER
YEAR: 2022
LATITUDE: 48 5 N
LONGITUDE: 105 35 W
[TEMPERATURE DATA] [PRECIPITATION DATA] SYMBOLS USED IN COLUMN 16
AVERAGE MONTHLY: 62.8 TOTAL FOR MONTH: 0.55 1 = FOG OR MIST
DPTR FM NORMAL: 4.0 DPTR FM NORMAL: -0.46 2 = FOG REDUCING VISIBILITY
HIGHEST: 101 ON 7 GRTST 24HR 0.48 ON 22-22 TO 1/4 MILE OR LESS
LOWEST: 33 ON 21 3 = THUNDER
SNOW, ICE PELLETS, HAIL 4 = ICE PELLETS
TOTAL MONTH: M 5 = HAIL
GRTST 24HR M ON M 6 = FREEZING RAIN OR DRIZZLE
GRTST DEPTH: M ON M 7 = DUSTSTORM OR SANDSTORM:
VSBY 1/2 MILE OR LESS
8 = SMOKE OR HAZE
[NO. OF DAYS WITH] [WEATHER - DAYS WITH] 9 = BLOWING SNOW
X = TORNADO
MAX 32 OR BELOW: 0 0.01 INCH OR MORE: 3
MAX 90 OR ABOVE: 7 0.10 INCH OR MORE: 1
MIN 32 OR BELOW: 0 0.50 INCH OR MORE: 0
MIN 0 OR BELOW: 0 1.00 INCH OR MORE: 0
[HDD (BASE 65) ]
TOTAL THIS MO. 134 CLEAR (SCALE 0-3) 24
DPTR FM NORMAL -89 PTCLDY (SCALE 4-7) 6
TOTAL FM JUL 1 138 CLOUDY (SCALE 8-10) 0
DPTR FM NORMAL -135
[CDD (BASE 65) ]
TOTAL THIS MO. 74
DPTR FM NORMAL 38 [PRESSURE DATA]
TOTAL FM JAN 1 681 HIGHEST SLP M ON M
DPTR FM NORMAL 175 LOWEST SLP 29.65 ON 7
[REMARKS]
#FINAL-09-22#