000
CXUS55 KSEW 011030
CF6OLM
PRELIMINARY LOCAL CLIMATOLOGICAL DATA (WS FORM: F-6)
STATION: OLYMPIA WA AIRPORT
MONTH: DECEMBER
YEAR: 2022
LATITUDE: 46 58 N
LONGITUDE: 122 54 W
TEMPERATURE IN F: :PCPN: SNOW: WIND :SUNSHINE: SKY :PK WND
================================================================================
1 2 3 4 5 6A 6B 7 8 9 10 11 12 13 14 15 16 17 18
12Z AVG MX 2MIN
DY MAX MIN AVG DEP HDD CDD WTR SNW DPTH SPD SPD DIR MIN PSBL S-S WX SPD DR
================================================================================
1 36 22 29 -11 36 0 0.07 M M 1.3 12 40 M M 9 12 17 10
2 41 27 34 -6 31 0 0.43 M M 3.2 8 150 M M 9 1 13 150
3 43 32 38 -2 27 0 0.18 M M 7.2 14 20 M M 5 1 20 20
4 37 32 35 -5 30 0 0.24 M M 2.4 13 10 M M 9 1 18 10
5 39 32 36 -4 29 0 0.05 M M 1.1 5 330 M M 10 1 7 330
6 42 36 39 0 26 0 0.07 M M 4.4 10 210 M M 10 1 13 210
7 43 35 39 0 26 0 0.02 M M 6.0 15 190 M M 9 1 21 180
8 44 34 39 0 26 0 0.16 M M 7.0 23 180 M M 9 1 32 170
9 45 36 41 2 24 0 0.42 M M 7.6 14 170 M M 10 1 22 170
10 48 37 43 4 22 0 0.11 M M 10.4 26 190 M M 10 12 38 200
11 46 39 43 4 22 0 0.03 M M 1.0 7 10 M M 10 12 10 10
12 44 29 37 -2 28 0 T M M 1.5 7 80 M M 9 12 11 30
13 43 27 35 -4 30 0 0.00 M M 0.3 6 110 M M 9 12 9 90
14 45 32 39 0 26 0 T M M 3.7 14 30 M M 9 1 18 60
15 43 23 33 -6 32 0 0.00 M M 3.1 14 30 M M 1 12 21 50
16 43 24 34 -4 31 0 0.00 M M 1.3 8 10 M M 7 12 11 70
17 37 29 33 -5 32 0 0.03 M M 6.0 12 190 M M 10 12 17 210
18 41 33 37 -1 28 0 0.10 M M 7.6 14 280 M M 10 1 20 270
19 36 32 34 -4 31 0 0.03 M M 2.5 7 240 M M 10 1 11 30
20 43 31 37 -1 28 0 0.54 M M 6.9 21 190 M M 10 1 31 190
21 32 23 28 -10 37 0 0.01 M M 7.2 15 40 M M 10 18 24 50
22 27 22 25 -13 40 0 0.02 M M 8.0 15 30 M M 5 6 23 20
23 38 25 32 -6 33 0 0.45 M M 7.6 16 220 M M 10 16 22 220
24 49 36 43 5 22 0 0.88 M M 11.6 24 210 M M 10 1 43 180
25 53 45 49 11 16 0 0.67 M M 3.4 12 210 M M 10 1 16 220
26 54 45 50 12 15 0 1.60 M M 9.1 26 190 M M 10 1 47 170
27 55 42 49 11 16 0 0.61 M M 15.2 29 180 M M 10 1 48 170
28 45 36 41 3 24 0 0.07 M M 6.1 16 240 M M 9 12 24 210
29 45 37 41 2 24 0 0.68 M M 2.0 9 210 M M 10 1 13 210
30 50 43 47 8 18 0 0.20 M M 10.3 21 170 M M 9 1 29 170
31 49 33 41 2 24 0 0.06 M M 5.7 12 210 M M 7 12 15 210
================================================================================
SM 1336 1009 834 0 7.73 M 170.7 M 275
================================================================================
AV 43.1 32.5 5.5 FASTST M M 9 MAX(MPH)
MISC ----> 29 180 48 170
================================================================================
NOTES:
# LAST OF SEVERAL OCCURRENCES
COLUMN 17 PEAK WIND IN M.P.H.
PRELIMINARY LOCAL CLIMATOLOGICAL DATA (WS FORM: F-6) , PAGE 2
STATION: OLYMPIA WA AIRPORT
MONTH: DECEMBER
YEAR: 2022
LATITUDE: 46 58 N
LONGITUDE: 122 54 W
[TEMPERATURE DATA] [PRECIPITATION DATA] SYMBOLS USED IN COLUMN 16
AVERAGE MONTHLY: 37.8 TOTAL FOR MONTH: 7.73 1 = FOG OR MIST
DPTR FM NORMAL: -1.1 DPTR FM NORMAL: -0.12 2 = FOG REDUCING VISIBILITY
HIGHEST: 55 ON 27 GRTST 24HR 1.78 ON 25-26 TO 1/4 MILE OR LESS
LOWEST: 22 ON 22, 1 3 = THUNDER
SNOW, ICE PELLETS, HAIL 4 = ICE PELLETS
TOTAL MONTH: M 5 = HAIL
GRTST 24HR M ON M 6 = FREEZING RAIN OR DRIZZLE
GRTST DEPTH: M ON M 7 = DUSTSTORM OR SANDSTORM:
VSBY 1/2 MILE OR LESS
8 = SMOKE OR HAZE
[NO. OF DAYS WITH] [WEATHER - DAYS WITH] 9 = BLOWING SNOW
X = TORNADO
MAX 32 OR BELOW: 2 0.01 INCH OR MORE: 26
MAX 90 OR ABOVE: 0 0.10 INCH OR MORE: 15
MIN 32 OR BELOW: 16 0.50 INCH OR MORE: 6
MIN 0 OR BELOW: 0 1.00 INCH OR MORE: 1
[HDD (BASE 65) ]
TOTAL THIS MO. 834 CLEAR (SCALE 0-3) 1
DPTR FM NORMAL 23 PTCLDY (SCALE 4-7) 4
TOTAL FM JUL 1 2099 CLOUDY (SCALE 8-10) 26
DPTR FM NORMAL -141
[CDD (BASE 65) ]
TOTAL THIS MO. 0
DPTR FM NORMAL 0 [PRESSURE DATA]
TOTAL FM JAN 1 241 HIGHEST SLP 30.52 ON 21
DPTR FM NORMAL 128 LOWEST SLP 28.84 ON 27
[REMARKS]
#FINAL-12-22#