000
CXUS53 KARX 010900
CF6OLZ
PRELIMINARY LOCAL CLIMATOLOGICAL DATA (WS FORM: F-6)
STATION: OELWEIN IA
MONTH: APRIL
YEAR: 2023
LATITUDE: 42 40 N
LONGITUDE: 91 58 W
TEMPERATURE IN F: :PCPN: SNOW: WIND :SUNSHINE: SKY :PK WND
================================================================================
1 2 3 4 5 6A 6B 7 8 9 10 11 12 13 14 15 16 17 18
12Z AVG MX 2MIN
DY MAX MIN AVG DEP HDD CDD WTR SNW DPTH SPD SPD DIR MIN PSBL S-S WX SPD DR
================================================================================
1 45 28 37 M 28 0 M M M 16.7 31 340 M M 5 1 37 340
2 66 30 48 M 17 0 M M M 16.1 29 210 M M 2 35 170
3 52 34 43 M 22 0 M M M 4.6 10 40 M M 8 M M
4 59 41 50 M 15 0 0.49 0.0 0 18.1 31 100 M M 10 13 37 100
5 61 28 45 M 20 0 M M M 19.9 25 280 M M 8 1 35 280
6 48 23 36 M 29 0 0.00 0.0 M 12.4 18 310 M M 0 28 280
7 61 32 47 M 18 0 0.00 0.0 0 14.5 22 190 M M 1 31 210
8 66 36 51 M 14 0 0.00 0.0 0 13.4 20 180 M M 0 27 190
9 70 39 55 M 10 0 0.00 0.0 0 14.6 27 190 M M 0 31 190
10 73 43 58 M 7 0 0.00 M M 9.6 13 180 M M 2 8 17 220
11 79 45 62 M 3 0 0.00 M M 12.4 21 220 M M 0 28 220
12 84 54 69 M 0 4 0.00 0.0 M 19.8 29 210 M M 0 38 230
13 82 55 69 M 0 4 0.00 M M 17.9 27 170 M M 0 33 170
14 82 50 66 M 0 1 0.00 M M 13.5 22 180 M M 0 32 180
15 61 41 51 M 14 0 0.22 M M 12.8 21 290 M M 5 1 28 290
16 41 30 36 M 29 0 M M M 22.4 30 310 M M 8 12 35 300
17 52 32 42 M 23 0 M M M 23.0 32 310 M M 4 18 43 320
18 57 28 43 M 22 0 M M M 8.3 16 100 M M 1 22 90
19 52 43 48 M 17 0 M M M 19.2 27 100 M M 9 36 130
20 63 36 50 M 15 0 0.48 M M 14.5 27 270 M M 7 1 32 250
21 45 32 39 M 26 0 M M M 15.6 25 250 M M 5 1 32 270
22 39 30 35 M 30 0 M M M 16.3 24 310 M M 10 1 31 310
23 45 30 38 M 27 0 0.00 M M 9.7 15 300 M M 8 21 340
24 54 25 40 M 25 0 M M M 5.8 14 270 M M 5 20 260
25 52 32 42 M 23 0 M M M 8.2 16 40 M M 2 22 40
26 57 30 44 M 21 0 M M M 6.2 12 160 M M 0 16 100
27 70 37 54 M 11 0 0.00 0.0 0 12.9 18 190 M M 1 27 180
28 72 43 58 M 7 0 0.01 M M 9.0 22 330 M M 4 36 210
29 55 37 46 M 19 0 0.00 0.0 0 15.2 28 320 M M 5 1 36 340
30 48 37 43 M 22 0 0.00 0.0 0 23.6 33 320 M M 9 45 320
================================================================================
SM 1791 1081 514 9 1.20 0.0 426.2 M 119
================================================================================
AV 59.7 36.0 14.2 FASTST M M 4 MAX(MPH)
MISC ----> 33 320 45 320
================================================================================
NOTES:
# LAST OF SEVERAL OCCURRENCES
COLUMN 17 PEAK WIND IN M.P.H.
PRELIMINARY LOCAL CLIMATOLOGICAL DATA (WS FORM: F-6) , PAGE 2
STATION: OELWEIN IA
MONTH: APRIL
YEAR: 2023
LATITUDE: 42 40 N
LONGITUDE: 91 58 W
[TEMPERATURE DATA] [PRECIPITATION DATA] SYMBOLS USED IN COLUMN 16
AVERAGE MONTHLY: 47.9 TOTAL FOR MONTH: 1.20 1 = FOG OR MIST
DPTR FM NORMAL: 0.0 DPTR FM NORMAL: M 2 = FOG REDUCING VISIBILITY
HIGHEST: 84 ON 12 GRTST 24HR 0.49 ON 4- 4 TO 1/4 MILE OR LESS
LOWEST: 23 ON 6 3 = THUNDER
SNOW, ICE PELLETS, HAIL 4 = ICE PELLETS
TOTAL MONTH: 0.0 INCH 5 = HAIL
GRTST 24HR 0.0 6 = FREEZING RAIN OR DRIZZLE
GRTST DEPTH: 0 7 = DUSTSTORM OR SANDSTORM:
VSBY 1/2 MILE OR LESS
8 = SMOKE OR HAZE
[NO. OF DAYS WITH] [WEATHER - DAYS WITH] 9 = BLOWING SNOW
X = TORNADO
MAX 32 OR BELOW: 0 0.01 INCH OR MORE: 4
MAX 90 OR ABOVE: 0 0.10 INCH OR MORE: 3
MIN 32 OR BELOW: 14 0.50 INCH OR MORE: 0
MIN 0 OR BELOW: 0 1.00 INCH OR MORE: 0
[HDD (BASE 65) ]
TOTAL THIS MO. 514 CLEAR (SCALE 0-3) 14
DPTR FM NORMAL M PTCLDY (SCALE 4-7) 12
TOTAL FM JUL 1 6811 CLOUDY (SCALE 8-10) 4
DPTR FM NORMAL M
[CDD (BASE 65) ]
TOTAL THIS MO. 9
DPTR FM NORMAL M [PRESSURE DATA]
TOTAL FM JAN 1 9 HIGHEST SLP M ON M
DPTR FM NORMAL M LOWEST SLP M ON M
[REMARKS]
#FINAL-04-23#