000
CXUS53 KARX 011000
CF6OLZ
PRELIMINARY LOCAL CLIMATOLOGICAL DATA (WS FORM: F-6)
STATION: OELWEIN IA
MONTH: FEBRUARY
YEAR: 2023
LATITUDE: 42 40 N
LONGITUDE: 91 58 W
TEMPERATURE IN F: :PCPN: SNOW: WIND :SUNSHINE: SKY :PK WND
================================================================================
1 2 3 4 5 6A 6B 7 8 9 10 11 12 13 14 15 16 17 18
12Z AVG MX 2MIN
DY MAX MIN AVG DEP HDD CDD WTR SNW DPTH SPD SPD DIR MIN PSBL S-S WX SPD DR
================================================================================
1 19 -2 9 M 56 0 0.00 0.0 M 7.7 13 210 M M 0 M M
2 19 -8 6 M 59 0 0.00 0.0 M 15.2 28 340 M M 0 35 340
3 5 -13 -4 M 69 0 0.00 0.0 M 9.8 16 150 M M 5 M M
4 32 5 19 M 46 0 0.00 0.0 M 10.7 18 150 M M 1 23 150
5 30 10 20 M 45 0 0.00 0.0 M 9.2 15 330 M M 2 12 M M
6 39 10 25 M 40 0 0.01 0.0 M 17.2 35 130 M M 4 12 39 130
7 36 25 31 M 34 0 0.00 0.0 M 14.1 20 280 M M 4 27 280
8 41 23 32 M 33 0 0.00 0.0 M 6.7 9 100 M M 1 M M
9 37 27 32 M 33 0 0.00 0.0 M 15.0 22 320 M M 6 1 28 320
10 27 12 20 M 45 0 0.00 0.0 M 11.7 20 330 M M 0 25 330
11 43 21 32 M 33 0 0.00 0.0 M 11.4 18 220 M M 0 M M
12 43 27 35 M 30 0 0.00 0.0 M 7.8 10 310 M M 0 M M
13 45 27 36 M 29 0 0.00 0.0 M 9.4 13 300 M M 0 M M
14 45 34 40 M 25 0 0.56 0.0 M 16.6 27 170 M M 5 1 35 170
15 43 21 32 M 33 0 0.00 0.0 0 18.9 28 270 M M 10 1 38 270
16 25 12 19 M 46 0 0.00 0.0 0 16.1 22 330 M M 6 12 29 40
17 21 1 11 M 54 0 0.00 0.0 0 9.7 16 180 M M 0 21 190
18 37 16 27 M 38 0 0.00 0.0 M 10.0 18 150 M M 0 24 150
19 43 27 35 M 30 0 0.00 0.0 M 11.9 18 310 M M 2 24 190
20 45 21 33 M 32 0 0.00 0.0 0 11.6 21 210 M M 4 1 30 290
21 30 12 21 M 44 0 0.00 0.0 0 13.8 27 300 M M 3 39 300
22 28 25 27 M 38 0 0.08 0.0 0 21.2 35 70 M M 6 16 43 70
23 30 5 18 M 47 0 M M M 17.8 29 280 M M 8 16 39 280
24 23 0 12 M 53 0 M M M 8.2 14 310 M M 6 1 14 90
25 34 12 23 M 42 0 0.00 0.0 M 10.4 20 220 M M 2 1 27 220
26 46 19 33 M 32 0 0.00 0.0 M 10.9 18 120 M M 2 24 120
27 41 34 38 M 27 0 1.06 0.0 0 18.3 28 100 M M 9 1 35 100
28 39 27 33 M 32 0 M M M 7.8 16 310 M M 4 1 18 70
================================================================================
SM 946 430 1125 0 1.71 0.0 349.1 M 90
================================================================================
AV 33.8 15.4 12.5 FASTST M M 3 MAX(MPH)
MISC ----> # 35 130 43 70
================================================================================
NOTES:
# LAST OF SEVERAL OCCURRENCES
COLUMN 17 PEAK WIND IN M.P.H.
PRELIMINARY LOCAL CLIMATOLOGICAL DATA (WS FORM: F-6) , PAGE 2
STATION: OELWEIN IA
MONTH: FEBRUARY
YEAR: 2023
LATITUDE: 42 40 N
LONGITUDE: 91 58 W
[TEMPERATURE DATA] [PRECIPITATION DATA] SYMBOLS USED IN COLUMN 16
AVERAGE MONTHLY: 24.6 TOTAL FOR MONTH: 1.71 1 = FOG OR MIST
DPTR FM NORMAL: 0.0 DPTR FM NORMAL: 1.71 2 = FOG REDUCING VISIBILITY
HIGHEST: 46 ON 26 GRTST 24HR 1.06 ON 27-27 TO 1/4 MILE OR LESS
LOWEST: -13 ON 3 3 = THUNDER
SNOW, ICE PELLETS, HAIL 4 = ICE PELLETS
TOTAL MONTH: 0.0 INCH 5 = HAIL
GRTST 24HR 0.0 6 = FREEZING RAIN OR DRIZZLE
GRTST DEPTH: 0 7 = DUSTSTORM OR SANDSTORM:
VSBY 1/2 MILE OR LESS
8 = SMOKE OR HAZE
[NO. OF DAYS WITH] [WEATHER - DAYS WITH] 9 = BLOWING SNOW
X = TORNADO
MAX 32 OR BELOW: 12 0.01 INCH OR MORE: 4
MAX 90 OR ABOVE: 0 0.10 INCH OR MORE: 2
MIN 32 OR BELOW: 26 0.50 INCH OR MORE: 2
MIN 0 OR BELOW: 4 1.00 INCH OR MORE: 1
[HDD (BASE 65) ]
TOTAL THIS MO. 1125 CLEAR (SCALE 0-3) 14
DPTR FM NORMAL M PTCLDY (SCALE 4-7) 12
TOTAL FM JUL 1 5311 CLOUDY (SCALE 8-10) 2
DPTR FM NORMAL M
[CDD (BASE 65) ]
TOTAL THIS MO. 0
DPTR FM NORMAL M [PRESSURE DATA]
TOTAL FM JAN 1 0 HIGHEST SLP M ON M
DPTR FM NORMAL M LOWEST SLP M ON M
[REMARKS]
#FINAL-02-23#