000
CXUS53 KOAX 011030
CF6OMA
PRELIMINARY LOCAL CLIMATOLOGICAL DATA (WS FORM: F-6)
STATION: OMAHA NE
MONTH: DECEMBER
YEAR: 2020
LATITUDE: 41 17 N
LONGITUDE: 95 54 W
TEMPERATURE IN F: :PCPN: SNOW: WIND :SUNSHINE: SKY :PK WND
================================================================================
1 2 3 4 5 6A 6B 7 8 9 10 11 12 13 14 15 16 17 18
12Z AVG MX 2MIN
DY MAX MIN AVG DEP HDD CDD WTR SNW DPTH SPD SPD DIR MIN PSBL S-S WX SPD DR
================================================================================
1 49 18 34 3 31 0 0.00 0.0 0 8.1 18 160 M M 3 23 140
2 46 21 34 4 31 0 0.00 0.0 0 8.6 18 340 M M 6 23 340
3 47 20 34 4 31 0 0.00 0.0 0 4.6 17 340 M M 3 1 22 350
4 54 24 39 10 26 0 0.00 0.0 0 4.4 12 300 M M 2 18 290
5 49 22 36 7 29 0 0.00 0.0 0 6.7 21 330 M M 1 25 330
6 36 24 30 2 35 0 0.00 0.0 0 7.2 14 320 M M 7 18 18 310
7 53 24 39 11 26 0 0.00 0.0 0 4.7 12 300 M M 4 12 15 290
8 58 24 41 13 24 0 0.00 0.0 0 4.6 10 230 M M 6 13 240
9 61 31 46 19 19 0 0.00 0.0 0 5.1 17 340 M M 3 8 22 340
10 52 27 40 13 25 0 0.00 0.0 0 9.4 22 340 M M 6 8 29 360
11 38 32 35 8 30 0 0.44 1.4 0 16.3 24 20 M M 10 14 32 20
12 32 20 26 0 39 0 0.15 3.0 4 13.5 24 350 M M 7 1 32 350
13 27 16 22 -4 43 0 0.00 0.0 4 5.5 16 310 M M 8 20 310
14 21 8 15 -11 50 0 0.00 0.0 4 5.1 12 10 M M 6 14 360
15 24 14 19 -7 46 0 0.00 0.0 3 3.8 10 110 M M 10 12 100
16 28 17 23 -2 42 0 0.00 0.0 3 5.8 13 160 M M 9 18 14 160
17 35 15 25 0 40 0 0.00 0.0 3 5.0 12 150 M M 3 18 13 150
18 47 25 36 11 29 0 0.00 0.0 T 13.1 25 330 M M 7 34 310
19 33 18 26 1 39 0 0.00 0.0 T 9.2 21 340 M M 4 26 330
20 45 23 34 9 31 0 0.00 0.0 0 6.4 16 250 M M 5 24 250
21 54 28 41 17 24 0 0.00 0.0 0 12.4 26 270 M M 4 34 300
22 56 28 42 18 23 0 0.00 0.0 0 17.2 33 170 M M 4 46 170
23 52 14 33 9 32 0 0.05 1.5 0 24.5 39 320 M M 8 19 54 330
24 16 3 10 -14 55 0 0.00 0.0 1 13.8 31 330 M M 0 44 320
25 34 3 19 -5 46 0 0.00 0.0 1 6.4 15 160 M M 1 18 160
26 41 13 27 3 38 0 0.00 0.0 1 2.9 9 90 M M 8 1 12 150
27 36 26 31 7 34 0 T T T 14.0 29 320 M M 10 18 42 310
28 29 21 25 1 40 0 0.00 0.0 T 8.3 18 320 M M 7 23 320
29 34 23 29 5 36 0 0.51 6.8 T 9.3 21 130 M M 10 126 27 130
30 31 8 20 -4 45 0 0.00 0.0 6 10.7 24 310 M M 4 1 30 310
31 29 6 18 -6 47 0 0.00 0.0 6 8.9 16 160 M M 2 1 22 170
================================================================================
SM 1247 596 1086 0 1.15 12.7 275.5 M 168
================================================================================
AV 40.2 19.2 8.9 FASTST M M 5 MAX(MPH)
MISC ----> 39 320 54 330
================================================================================
NOTES:
# LAST OF SEVERAL OCCURRENCES
COLUMN 17 PEAK WIND IN M.P.H.
PRELIMINARY LOCAL CLIMATOLOGICAL DATA (WS FORM: F-6) , PAGE 2
STATION: OMAHA NE
MONTH: DECEMBER
YEAR: 2020
LATITUDE: 41 17 N
LONGITUDE: 95 54 W
[TEMPERATURE DATA] [PRECIPITATION DATA] SYMBOLS USED IN COLUMN 16
AVERAGE MONTHLY: 29.7 TOTAL FOR MONTH: 1.15 1 = FOG OR MIST
DPTR FM NORMAL: 3.7 DPTR FM NORMAL: 0.11 2 = FOG REDUCING VISIBILITY
HIGHEST: 61 ON 9 GRTST 24HR 0.59 ON 11-12 TO 1/4 MILE OR LESS
LOWEST: 3 ON 25,24 3 = THUNDER
SNOW, ICE PELLETS, HAIL 4 = ICE PELLETS
TOTAL MONTH: 12.7 INCHES 5 = HAIL
GRTST 24HR 6.8 ON 29-29 6 = FREEZING RAIN OR DRIZZLE
GRTST DEPTH: 6 ON 31,30 7 = DUSTSTORM OR SANDSTORM:
VSBY 1/2 MILE OR LESS
8 = SMOKE OR HAZE
[NO. OF DAYS WITH] [WEATHER - DAYS WITH] 9 = BLOWING SNOW
X = TORNADO
MAX 32 OR BELOW: 9 0.01 INCH OR MORE: 4
MAX 90 OR ABOVE: 0 0.10 INCH OR MORE: 3
MIN 32 OR BELOW: 31 0.50 INCH OR MORE: 1
MIN 0 OR BELOW: 0 1.00 INCH OR MORE: 0
[HDD (BASE 65) ]
TOTAL THIS MO. 1086 CLEAR (SCALE 0-3) 6
DPTR FM NORMAL -123 PTCLDY (SCALE 4-7) 19
TOTAL FM JUL 1 2288 CLOUDY (SCALE 8-10) 6
DPTR FM NORMAL -191
[CDD (BASE 65) ]
TOTAL THIS MO. 0
DPTR FM NORMAL 0 [PRESSURE DATA]
TOTAL FM JAN 1 1409 HIGHEST SLP 30.51 ON 28
DPTR FM NORMAL 296 LOWEST SLP 29.26 ON 23
[REMARKS]
#FINAL-12-20#