000
CXAK59 PAFG 051215
CLMOME
CLIMATE REPORT
NATIONAL WEATHER SERVICE FAIRBANKS AK
315 AM AKST TUE DEC 05 2023
...................................
...THE NOME AK CLIMATE SUMMARY FOR THE MONTH OF NOVEMBER 2023...
CLIMATE NORMAL PERIOD 1991 TO 2020
CLIMATE RECORD PERIOD 1906 TO 2023
WEATHER OBSERVED NORMAL DEPART LAST YEAR`S
VALUE DATE(S) VALUE FROM VALUE DATE(S)
NORMAL
................................................................
TEMPERATURE (F)
RECORD
HIGH 50 11/01/1928
LOW -39 11/30/1948
HIGHEST 40 11/24 MM MM 38 11/17
LOWEST 4 11/23 MM MM -4 11/25
11/28
AVG. MAXIMUM 29.6 24.3 5.3 28.2
AVG. MINIMUM 18.6 12.2 6.4 14.5
MEAN 24.1 18.2 5.9 21.3
DAYS MAX >= 90 0 0.0 0.0 0
DAYS MAX <= 32 20 22.9 -2.9 20
DAYS MIN <= 32 29 28.6 0.4 28
DAYS MIN <= 0 0 6.3 -6.3 3
PRECIPITATION (INCHES)
RECORD
MAXIMUM 4.39 1979
MINIMUM 0.02
TOTALS 1.12 1.27 -0.15 2.18
DAILY AVG. 0.04 0.04 -0.00 0.07
DAYS >= .01 14 11.0 3.0 14
DAYS >= .10 3 4.6 -1.6 5
DAYS >= .50 0 0.2 -0.2 2
DAYS >= 1.00 0 0.0 0.0 0
GREATEST
24 HR. TOTAL 0.40 11/11 TO 11/12 0.62
DEGREE DAYS
HEATING TOTAL 1220 1402 -182 1300
SINCE 7/1 3857 3997 -140 MM
COOLING TOTAL 0 0 0 0
SINCE 1/1 0 3 -3 MM
................................................................
WIND (MPH)
AVERAGE WIND SPEED 10.4
HIGHEST WIND SPEED/DIRECTION 44/360 DATE 11/15
HIGHEST GUST SPEED/DIRECTION 59/360 DATE 11/15
SKY COVER
AVERAGE SKY COVER 0.60
NUMBER OF DAYS FAIR 8
WEATHER CONDITIONS. NUMBER OF DAYS WITH
THUNDERSTORM 0 MIXED PRECIP 0
HEAVY RAIN 0 RAIN 0
LIGHT RAIN 3 FREEZING RAIN 0
LT FREEZING RAIN 2 HAIL 0
HEAVY SNOW 2 SNOW 5
LIGHT SNOW 15 SLEET 0
FOG 15 FOG W/VIS <= 1/4 MILE 3
HAZE 11
- INDICATES NEGATIVE NUMBERS.
R INDICATES RECORD WAS SET OR TIED.
MM INDICATES DATA IS MISSING.
T INDICATES TRACE AMOUNT.
$$