000
CXUS56 KOTX 011011
CF6OMK
PRELIMINARY LOCAL CLIMATOLOGICAL DATA (WS FORM: F-6)
STATION: OMAK WA AIRPORT
MONTH: JANUARY
YEAR: 2024
LATITUDE: 48 27 N
LONGITUDE: 119 31 W
TEMPERATURE IN F: :PCPN: SNOW: WIND :SUNSHINE: SKY :PK WND
================================================================================
1 2 3 4 5 6A 6B 7 8 9 10 11 12 13 14 15 16 17 18
12Z AVG MX 2MIN
DY MAX MIN AVG DEP HDD CDD WTR SNW DPTH SPD SPD DIR MIN PSBL S-S WX SPD DR
================================================================================
1 40 37 39 12 26 0 0.01 M M 2.8 9 300 M M 10 11 190
2 40 35 38 11 27 0 0.01 M M 0.6 5 300 M M 10 1 6 270
3 40 36 38 11 27 0 0.06 M M 2.9 7 190 M M 10 12 9 170
4 40 36 38 11 27 0 0.02 M M 5.9 13 180 M M 10 1 16 200
5 39 29 34 7 31 0 0.00 M M 6.5 15 200 M M 6 20 210
6 41 27 34 7 31 0 T M M 5.4 18 170 M M 7 24 170
7 40 25 33 6 32 0 0.00 M M 11.2 23 10 M M 1 29 20
8 29 22 26 -1 39 0 0.19 M M 2.9 12 320 M M 7 1 13 320
9 41 20 31 4 34 0 0.10 M M 9.7 18 180 M M 5 1 23 190
10 37 19 28 0 37 0 0.00 M M 11.3 26 10 M M 4 33 10
11 26 0 13 -15 52 0 T M M 21.9 39 10 M M 8 18 49 20
12 1 -8 -3 -31 68 0 0.00 M M 21.6 36 360 M M 0 43 10
13 2 -13 -5 -33 70 0 0.00 M M 9.0 18 350 M M 0 24 340
14 11 -5 3 -25 62 0 0.00 M M 8.2 17 340 M M 2 23 360
15 13 -7 3 -25 62 0 0.00 M M 1.2 6 300 M M 0 6 240
16 15 1 8 -20 57 0 0.03 M M 1.1 6 90 M M 1 1 8 140
17 20 13 17 -11 48 0 0.08 M M 6.3 21 10 M M 7 18 25 10
18 24 10 17 -11 48 0 T M M 10.3 18 330 M M 9 1 23 340
19 26 20 23 -5 42 0 0.06 M M 0.3 7 30 M M 10 1 8 20
20 30 25 28 0 37 0 0.05 M M 0.1 5 180 M M 10 18 5 180
21 35 28 32 4 33 0 0.11 M M 1.3 7 170 M M 10 1 7 170
22 36 34 35 6 30 0 0.42 M M 1.8 8 170 M M 10 12 10 160
23 37 35 36 7 29 0 0.00 M M 1.2 8 160 M M 10 12 10 160
24 36 34 35 6 30 0 0.26 M M 1.7 6 160 M M 10 12 6 140
25 37 34 36 7 29 0 0.01 M M 2.0 7 120 M M 10 12 14 210
26 37 34 36 7 29 0 0.06 M M 1.0 6 170 M M 10 12 8 170
27 38 34 36 7 29 0 0.19 M M 1.3 9 180 M M 10 12 11 180
28 41 36 39 10 26 0 0.09 M M 2.8 8 170 M M 10 12 9 150
29 42 37 40 11 25 0 0.00 M M 0.8 8 270 M M 10 12 9 280
30 44 37 41 12 24 0 0.08 M M 2.2 9 50 M M 10 12 11 280
31 42 37 40 10 25 0 0.36 M M 1.2 7 180 M M 10 12 7 180
================================================================================
SM 980 702 1166 0 2.19 M 156.5 M 227
================================================================================
AV 31.6 22.6 5.0 FASTST M M 7 MAX(MPH)
MISC ----> 39 10 49 20
================================================================================
NOTES:
# LAST OF SEVERAL OCCURRENCES
COLUMN 17 PEAK WIND IN M.P.H.
PRELIMINARY LOCAL CLIMATOLOGICAL DATA (WS FORM: F-6) , PAGE 2
STATION: OMAK WA AIRPORT
MONTH: JANUARY
YEAR: 2024
LATITUDE: 48 27 N
LONGITUDE: 119 31 W
[TEMPERATURE DATA] [PRECIPITATION DATA] SYMBOLS USED IN COLUMN 16
AVERAGE MONTHLY: 27.1 TOTAL FOR MONTH: 2.19 1 = FOG OR MIST
DPTR FM NORMAL: -0.9 DPTR FM NORMAL: 0.86 2 = FOG REDUCING VISIBILITY
HIGHEST: 44 ON 30 GRTST 24HR 0.42 ON 22-22 TO 1/4 MILE OR LESS
LOWEST: -13 ON 13 3 = THUNDER
SNOW, ICE PELLETS, HAIL 4 = ICE PELLETS
TOTAL MONTH: M 5 = HAIL
GRTST 24HR M ON M 6 = FREEZING RAIN OR DRIZZLE
GRTST DEPTH: M ON M 7 = DUSTSTORM OR SANDSTORM:
VSBY 1/2 MILE OR LESS
8 = SMOKE OR HAZE
[NO. OF DAYS WITH] [WEATHER - DAYS WITH] 9 = BLOWING SNOW
X = TORNADO
MAX 32 OR BELOW: 11 0.01 INCH OR MORE: 19
MAX 90 OR ABOVE: 0 0.10 INCH OR MORE: 7
MIN 32 OR BELOW: 17 0.50 INCH OR MORE: 0
MIN 0 OR BELOW: 5 1.00 INCH OR MORE: 0
[HDD (BASE 65) ]
TOTAL THIS MO. 1166 CLEAR (SCALE 0-3) 6
DPTR FM NORMAL 21 PTCLDY (SCALE 4-7) 6
TOTAL FM JUL 1 3409 CLOUDY (SCALE 8-10) 19
DPTR FM NORMAL -393
[CDD (BASE 65) ]
TOTAL THIS MO. 0
DPTR FM NORMAL 0 [PRESSURE DATA]
TOTAL FM JAN 1 0 HIGHEST SLP M ON M
DPTR FM NORMAL 0 LOWEST SLP 29.39 ON 9
[REMARKS]
#FINAL-01-24#