473
CXUS56 KOTX 130837
CF6OMK
PRELIMINARY LOCAL CLIMATOLOGICAL DATA (WS FORM: F-6)
STATION: OMAK WA AIRPORT
MONTH: MARCH
YEAR: 2020
LATITUDE: 48 27 N
LONGITUDE: 119 31 W
TEMPERATURE IN F: :PCPN: SNOW: WIND :SUNSHINE: SKY :PK WND
================================================================================
1 2 3 4 5 6A 6B 7 8 9 10 11 12 13 14 15 16 17 18
12Z AVG MX 2MIN
DY MAX MIN AVG DEP HDD CDD WTR SNW DPTH SPD SPD DIR MIN PSBL S-S WX SPD DR
================================================================================
1 50 25 38 2 27 0 0.00 M M 6.2 15 170 M M 2 18 190
2 54 26 40 4 25 0 0.00 M M 5.0 15 190 M M 4 20 180
3 62 32 47 11 18 0 0.00 M M 9.3 22 190 M M 0 27 150
4 53 33 43 6 22 0 0.00 M M 9.2 24 320 M M 0 8 35 270
5 55 28 42 5 23 0 0.00 M M 7.9 21 160 M M 1 25 150
6 53 34 44 6 21 0 0.00 M M 4.7 13 10 M M 4 17 10
7 48 33 41 3 24 0 0.03 M M 6.8 16 360 M M 8 1 19 360
8 49 27 38 0 27 0 0.00 M M 5.6 21 350 M M 3 24 350
9 49 26 38 -1 27 0 0.00 M M 7.7 16 360 M M 1 19 310
10 53 25 39 0 26 0 0.00 M M 10.1 23 140 M M 6 28 150
11 53 30 42 2 23 0 0.00 M M 11.3 39 10 M M 3 49 10
12 52 21 37 -3 28 0 0.00 M M 6.0 20 360 M M 2 24 10
13 38 28 33 -7 32 0 0.01 M M 17.7 28 360 M M 10 18 32 10
14 33 24 29 -12 36 0 0.00 M M 19.3 32 360 M M 5 8 40 360
15 39 21 30 -11 35 0 0.00 M M 21.5 35 360 M M 0 43 360
16 51 28 40 -2 25 0 0.00 M M 16.3 28 360 M M 0 33 10
17 55 27 41 -1 24 0 0.00 M M 11.8 18 10 M M 0 22 10
18 61 34 48 6 17 0 0.00 M M 12.1 18 20 M M 0 23 20
19 61 33 47 4 18 0 0.00 M M 9.4 18 20 M M 0 22 350
20 63 34 49 6 16 0 0.00 M M 8.9 18 350 M M 0 22 360
21 64 33 49 5 16 0 0.00 M M 12.1 23 360 M M 0 27 360
22 61 26 44 0 21 0 0.00 M M 9.2 22 150 M M 0 28 150
23 58 30 44 0 21 0 0.00 M M 7.4 18 200 M M 1 28 220
24 54 29 42 -3 23 0 0.00 M M 8.0 25 360 M M 4 33 360
25 53 26 40 -5 25 0 0.00 M M 11.9 23 20 M M 3 29 20
26 57 21 39 -6 26 0 0.00 M M 5.5 17 180 M M 3 21 200
27 57 37 47 1 18 0 0.00 M M 8.5 20 150 M M 5 24 150
28 62 44 53 7 12 0 0.00 M M 13.8 23 160 0 0 0 35 140
29 64 46 55 9 10 0 T M M 14.5 24 200 M M 4 31 170
30 57 37 47 1 18 0 T M M 13.5 28 180 M M 4 37 150
31 52 29 41 -6 24 0 0.00 M M 5.9 18 280 M M 5 23 300
================================================================================
SM 1671 927 708 0 0.04 M 317.1 0 78
================================================================================
AV 53.9 29.9 10.2 FASTST 0 0 3 MAX(MPH)
MISC ----> # 39 10 # 49 10
================================================================================
NOTES:
# LAST OF SEVERAL OCCURRENCES
COLUMN 17 PEAK WIND IN M.P.H.
PRELIMINARY LOCAL CLIMATOLOGICAL DATA (WS FORM: F-6) , PAGE 2
STATION: OMAK WA AIRPORT
MONTH: MARCH
YEAR: 2020
LATITUDE: 48 27 N
LONGITUDE: 119 31 W
[TEMPERATURE DATA] [PRECIPITATION DATA] SYMBOLS USED IN COLUMN 16
AVERAGE MONTHLY: 41.9 TOTAL FOR MONTH: 0.04 1 = FOG OR MIST
DPTR FM NORMAL: 0.4 DPTR FM NORMAL: -1.15 2 = FOG REDUCING VISIBILITY
HIGHEST: 64 ON 29,21 GRTST 24HR 0.03 ON 7- 7 TO 1/4 MILE OR LESS
LOWEST: 21 ON 26,15 3 = THUNDER
SNOW, ICE PELLETS, HAIL 4 = ICE PELLETS
TOTAL MONTH: M 5 = HAIL
GRTST 24HR M ON M 6 = FREEZING RAIN OR DRIZZLE
GRTST DEPTH: M ON M 7 = DUSTSTORM OR SANDSTORM:
VSBY 1/2 MILE OR LESS
8 = SMOKE OR HAZE
[NO. OF DAYS WITH] [WEATHER - DAYS WITH] 9 = BLOWING SNOW
X = TORNADO
MAX 32 OR BELOW: 0 0.01 INCH OR MORE: 2
MAX 90 OR ABOVE: 0 0.10 INCH OR MORE: 0
MIN 32 OR BELOW: 20 0.50 INCH OR MORE: 0
MIN 0 OR BELOW: 0 1.00 INCH OR MORE: 0
[HDD (BASE 65) ]
TOTAL THIS MO. 708 CLEAR (SCALE 0-3) 19
DPTR FM NORMAL -21 PTCLDY (SCALE 4-7) 11
TOTAL FM JUL 1 5283 CLOUDY (SCALE 8-10) 1
DPTR FM NORMAL -307
[CDD (BASE 65) ]
TOTAL THIS MO. 0
DPTR FM NORMAL 0 [PRESSURE DATA]
TOTAL FM JAN 1 0 HIGHEST SLP 0.00 ON 28
DPTR FM NORMAL 0 LOWEST SLP 0.00 ON 28
[REMARKS]
COOP SITE OMAW1 USED TO SUPPLEMENT PRECIPITATION MARCH 7TH AND 13TH
#FINAL-03-20#