000
CXUS53 KARX 240648
CF6ONA
PRELIMINARY LOCAL CLIMATOLOGICAL DATA (WS FORM: F-6)
STATION: WINONA_MUNI_(AWOS) MN
MONTH: JULY
YEAR: 2022
LATITUDE: 44 4 N
LONGITUDE: 91 42 W
TEMPERATURE IN F: :PCPN: SNOW: WIND :SUNSHINE: SKY :PK WND
================================================================================
1 2 3 4 5 6A 6B 7 8 9 10 11 12 13 14 15 16 17 18
12Z AVG MX 2MIN
DY MAX MIN AVG DEP HDD CDD WTR SNW DPTH SPD SPD DIR MIN PSBL S-S WX SPD DR
================================================================================
1 81 59 70 M 0 5 0.00 0.0 0 2.5 8 310 M M 1 M M
2 73 55 64 M 1 0 T 0.0 0 1.2 10 340 M M 2 1 16 340
3 84 59 72 M 0 7 0.00 0.0 0 2.3 7 150 M M 3 1 M M
4 82 70 76 M 0 11 0.89 0.0 0 3.4 7 120 M M 4 1 16 140
5 90 72 81 M 0 16 0.26 0.0 0 3.5 16 120 M M 7 12 22 120
6 79 70 75 M 0 10 0.00 0.0 0 2.8 8 130 M M 8 1 M M
7 86 70 78 M 0 13 0.00 0.0 0 1.5 6 140 M M 6 M M
8 73 64 69 M 0 4 0.08 0.0 0 3.8 9 110 M M 7 M M
9 81 59 70 M 0 5 0.00 0.0 0 3.0 8 110 M M 1 M M
10 82 61 72 M 0 7 0.00 0.0 0 4.0 15 150 M M 3 21 140
11 84 68 76 M 0 11 0.00 0.0 0 9.5 17 310 M M 3 30 340
12 82 61 72 M 0 7 0.73 0.0 0 6.9 16 330 M M 3 24 330
13 77 59 68 M 0 3 0.01 0.0 0 1.4 5 330 M M 4 1 M M
14 81 59 70 M 0 5 0.00 0.0 0 4.0 10 150 M M 4 1 16 160
15 79 63 71 M 0 6 1.22 0.0 0 4.4 14 90 M M 3 3 31 90
16 81 66 74 M 0 9 0.00 0.0 0 1.7 7 130 M M 4 M M
17 84 64 74 M 0 9 0.00 0.0 0 1.0 6 30 M M 3 M M
18 90 73 82 M 0 17 0.00 0.0 0 2.8 9 240 M M 1 M M
19 88 73 81 M 0 16 0.00 0.0 0 4.6 12 280 M M 3 3 28 200
20 86 64 75 M 0 10 0.00 0.0 0 8.9 17 310 M M 4 28 310
21 82 63 73 M 0 8 0.02 0.0 0 4.0 13 290 M M 1 21 310
22 90 61 76 M 0 11 0.00 0.0 0 2.4 9 240 M M 2 M M
23 82 66 74 M 0 9 1.14 0.0 0 2.5 9 140 M M 3 3 22 290
24 79 61 70 M 0 5 0.00 0.0 0 8.2 15 330 M M 4 22 340
25 73 54 64 M 1 0 T 0.0 0 1.8 9 310 M M 0 M M
26 79 61 70 M 0 5 0.06 0.0 0 1.1 7 270 M M 6 M M
27 81 63 72 M 0 7 0.01 0.0 0 5.4 12 280 M M 4 21 300
28 75 59 67 M 0 2 0.00 0.0 0 6.4 12 320 M M 4 21 340
29 77 55 66 M 0 1 0.00 0.0 0 3.8 10 320 M M 2 18 340
30 81 55 68 M 0 3 0.00 0.0 0 2.0 7 250 M M 1 M M
31 82 61 72 M 0 7 0.12 0.0 0 4.2 9 270 M M 4 17 220
================================================================================
SM 2524 1948 2 229 4.54 0.0 115.0 M 105
================================================================================
AV 81.4 62.8 3.7 FASTST M M 3 MAX(MPH)
MISC ----> # 17 310 31 90
================================================================================
NOTES:
# LAST OF SEVERAL OCCURRENCES
COLUMN 17 PEAK WIND IN M.P.H.
PRELIMINARY LOCAL CLIMATOLOGICAL DATA (WS FORM: F-6) , PAGE 2
STATION: WINONA_MUNI_(AWOS) MN
MONTH: JULY
YEAR: 2022
LATITUDE: 44 4 N
LONGITUDE: 91 42 W
[TEMPERATURE DATA] [PRECIPITATION DATA] SYMBOLS USED IN COLUMN 16
AVERAGE MONTHLY: 72.1 TOTAL FOR MONTH: 4.54 1 = FOG OR MIST
DPTR FM NORMAL: 0.0 DPTR FM NORMAL: M 2 = FOG REDUCING VISIBILITY
HIGHEST: 90 ON 22, 5 GRTST 24HR 1.22 ON 15-15 TO 1/4 MILE OR LESS
LOWEST: 54 ON 25 3 = THUNDER
SNOW, ICE PELLETS, HAIL 4 = ICE PELLETS
TOTAL MONTH: 0.0 INCH 5 = HAIL
GRTST 24HR 0.0 6 = FREEZING RAIN OR DRIZZLE
GRTST DEPTH: 0 7 = DUSTSTORM OR SANDSTORM:
VSBY 1/2 MILE OR LESS
8 = SMOKE OR HAZE
[NO. OF DAYS WITH] [WEATHER - DAYS WITH] 9 = BLOWING SNOW
X = TORNADO
MAX 32 OR BELOW: 0 0.01 INCH OR MORE: 11
MAX 90 OR ABOVE: 3 0.10 INCH OR MORE: 6
MIN 32 OR BELOW: 0 0.50 INCH OR MORE: 4
MIN 0 OR BELOW: 0 1.00 INCH OR MORE: 2
[HDD (BASE 65) ]
TOTAL THIS MO. 2 CLEAR (SCALE 0-3) 15
DPTR FM NORMAL M PTCLDY (SCALE 4-7) 16
TOTAL FM JUL 1 2 CLOUDY (SCALE 8-10) 0
DPTR FM NORMAL M
[CDD (BASE 65) ]
TOTAL THIS MO. 229
DPTR FM NORMAL M [PRESSURE DATA]
TOTAL FM JAN 1 440 HIGHEST SLP M ON M
DPTR FM NORMAL M LOWEST SLP M ON M
[REMARKS]
#FINAL-07-22#