000
CXUS53 KARX 120117
CF6ONA
PRELIMINARY LOCAL CLIMATOLOGICAL DATA (WS FORM: F-6)
STATION: WINONA_MUNI_(AWOS) MN
MONTH: OCTOBER
YEAR: 2020
LATITUDE: 44 4 N
LONGITUDE: 91 42 W
TEMPERATURE IN F: :PCPN: SNOW: WIND :SUNSHINE: SKY :PK WND
================================================================================
1 2 3 4 5 6A 6B 7 8 9 10 11 12 13 14 15 16 17 18
12Z AVG MX 2MIN
DY MAX MIN AVG DEP HDD CDD WTR SNW DPTH SPD SPD DIR MIN PSBL S-S WX SPD DR
================================================================================
1 55 36 46 M 19 0 0.04 0.0 0 7.0 14 310 M M 6 20 320
2 50 32 41 M 24 0 0.00 0.0 0 2.4 10 340 M M 5 17 340
3 50 37 44 M 21 0 0.00 0.0 0 2.4 7 290 M M 9 M M
4 54 32 43 M 22 0 0.00 0.0 0 1.2 5 310 M M 1 M M
5 68 41 55 M 10 0 0.00 0.0 0 4.8 13 210 M M 0 24 200
6 77 45 61 M 4 0 0.00 0.0 0 3.4 14 220 M M 1 22 220
7 70 43 57 M 8 0 0.00 0.0 0 3.6 16 330 M M 1 22 330
8 64 37 51 M 14 0 0.00 0.0 0 2.8 8 110 M M 0 M M
9 81 50 66 M 0 1 0.00 0.0 0 4.0 10 220 M M 0 M M
10 68 43 56 M 9 0 0.00 0.0 0 1.8 6 90 M M 0 1 M M
11 66 45 56 M 9 0 0.00 0.0 0 10.3 14 120 M M 3 21 120
12 66 48 57 M 8 0 0.35 0.0 0 10.3 17 310 M M 4 3 28 330
13 61 43 52 M 13 0 0.00 0.0 0 8.8 17 310 M M 2 25 300
14 63 45 54 M 11 0 0.00 0.0 0 9.4 23 320 M M 7 37 300
15 48 36 42 M 23 0 0.00 0.0 0 10.5 18 330 M M 4 29 330
16 48 32 40 M 25 0 0.00 0.0 0 6.4 14 290 M M 4 21 290
17 64 36 50 M 15 0 0.02 0.0 0 7.3 15 330 M M 9 21 330
18 41 30 36 M 29 0 0.00 0.0 0 7.4 13 300 M M 5 20 300
19 36 27 32 M 33 0 0.00 0.0 0 1.5 7 60 M M 9 M M
20 34 30 32 M 33 0 M M 0 3.5 12 130 M M 8 1 M M
21 37 32 35 M 30 0 0.00 0.0 0 4.2 10 290 M M 7 20 300
22 37 30 34 M 31 0 M M 0 4.9 9 30 M M 9 13 21 30
23 37 34 36 M 29 0 0.04 M 0 9.5 15 320 M M 10 1 18 320
24 34 27 31 M 34 0 0.00 0.0 0 4.5 9 320 M M 5 M M
25 32 28 30 M 35 0 0.04 M M 4.1 10 330 M M 10 M M
26 32 23 28 M 37 0 0.00 0.0 M 4.7 9 330 M M 4 M M
27 34 21 28 M 37 0 0.00 0.0 M 3.6 10 250 M M 0 17 230
28 54 30 42 M 23 0 0.00 0.0 0 3.7 10 330 M M 3 16 250
29 41 30 36 M 29 0 0.00 0.0 0 4.7 8 340 M M 9 16 350
30 45 28 37 M 28 0 0.00 0.0 0 2.4 7 140 M M 3 M M
31 59 34 47 M 18 0 0.00 0.0 0 M M M M M 2 M M
================================================================================
SM 1606 1085 661 1 0.49 0.0 155.1 M 140
================================================================================
AV 51.8 35.0 5.2 FASTST M M 5 MAX(MPH)
MISC ----> # 23 320 # 37 300
================================================================================
NOTES:
# LAST OF SEVERAL OCCURRENCES
COLUMN 17 PEAK WIND IN M.P.H.
PRELIMINARY LOCAL CLIMATOLOGICAL DATA (WS FORM: F-6) , PAGE 2
STATION: WINONA_MUNI_(AWOS) MN
MONTH: OCTOBER
YEAR: 2020
LATITUDE: 44 4 N
LONGITUDE: 91 42 W
[TEMPERATURE DATA] [PRECIPITATION DATA] SYMBOLS USED IN COLUMN 16
AVERAGE MONTHLY: 43.4 TOTAL FOR MONTH: 0.49 1 = FOG OR MIST
DPTR FM NORMAL: M DPTR FM NORMAL: M 2 = FOG REDUCING VISIBILITY
HIGHEST: 81 ON 9 GRTST 24HR 0.35 ON 12-12 TO 1/4 MILE OR LESS
LOWEST: 21 ON 27 3 = THUNDER
SNOW, ICE PELLETS, HAIL 4 = ICE PELLETS
TOTAL MONTH: 0.0 INCH 5 = HAIL
GRTST 24HR 0.0 6 = FREEZING RAIN OR DRIZZLE
GRTST DEPTH: 0 7 = DUSTSTORM OR SANDSTORM:
VSBY 1/2 MILE OR LESS
8 = SMOKE OR HAZE
[NO. OF DAYS WITH] [WEATHER - DAYS WITH] 9 = BLOWING SNOW
X = TORNADO
MAX 32 OR BELOW: 2 0.01 INCH OR MORE: 5
MAX 90 OR ABOVE: 0 0.10 INCH OR MORE: 1
MIN 32 OR BELOW: 15 0.50 INCH OR MORE: 0
MIN 0 OR BELOW: 0 1.00 INCH OR MORE: 0
[HDD (BASE 65) ]
TOTAL THIS MO. 661 CLEAR (SCALE 0-3) 13
DPTR FM NORMAL M PTCLDY (SCALE 4-7) 10
TOTAL FM JUL 1 853 CLOUDY (SCALE 8-10) 8
DPTR FM NORMAL M
[CDD (BASE 65) ]
TOTAL THIS MO. 1
DPTR FM NORMAL M [PRESSURE DATA]
TOTAL FM JAN 1 685 HIGHEST SLP M ON M
DPTR FM NORMAL M LOWEST SLP M ON M
[REMARKS]
#FINAL-10-20#